{"id":118143,"date":"2026-03-24T03:54:46","date_gmt":"2026-03-24T03:54:46","guid":{"rendered":"https:\/\/soydeaqui.ddns.net\/pachuca\/index.php\/producto\/paquete-de-licencias-synology-mailplus-5-cuentas-de-correo-electronico-activas-licencias-permanentes-compatible-con-soluciones-high-availability-migracion-a-otro-synology-nas\/"},"modified":"2026-03-24T03:54:48","modified_gmt":"2026-03-24T03:54:48","slug":"paquete-de-licencias-synology-mailplus-5-cuentas-de-correo-electronico-activas-licencias-permanentes-compatible-con-soluciones-high-availability-migracion-a-otro-synology-nas","status":"publish","type":"product","link":"https:\/\/soydeaqui.ddns.net\/pachuca\/index.php\/producto\/paquete-de-licencias-synology-mailplus-5-cuentas-de-correo-electronico-activas-licencias-permanentes-compatible-con-soluciones-high-availability-migracion-a-otro-synology-nas\/","title":{"rendered":"Paquete de Licencias Synology MailPlus | 5 Cuentas de Correo Electr\u00f3nico Activas | Licencias Permanentes | Compatible con Soluciones High-Availability | Migraci\u00f3n a Otro Synology NAS."},"content":{"rendered":"<div style=\"width: 100%; max-width: 1200px; margin: 0 auto; font-family: sans-serif; line-height: 1.6; color: inherit; background-color: transparent;\"><!-- Secci\u00f3n principal --><\/p>\n<div style=\"margin-bottom: 30px;\">\n<h1 style=\"font-size: 28px; margin-top: 0; margin-bottom: 15px; color: inherit;\"><strong>Synology MailPlus<\/strong><\/h1>\n<p style=\"font-size: 15px; color: inherit;\">El paquete MailPlus permite que su empresa configure un servidor de correo seguro&comma; confiable y privado&comma; a la vez que ofrece a sus empleados un cliente basado en la Web para administrar correos electr&oacute;nicos y aumentar la productividad.<\/p>\n<\/div>\n<p><!-- Secci\u00f3n de caracter\u00edsticas con im\u00e1genes --><\/p>\n<div style=\"display: flex; flex-wrap: wrap; gap: 30px; margin-bottom: 30px;\">\n<div style=\"flex: 1 1 300px; min-width: 280px;\"><img decoding=\"async\" style=\"width: 100%; height: auto; border: 1px solid rgba(150&comma; 150&comma; 150&comma; 0.3); border-radius: 8px;\" src=\"https:\/\/ftp3.syscom.mx\/usuarios\/nortega\/synology\/imagenes\/mailplus\/filtros.png\" alt=\"Filtros inteligentes\" class=\"fr-fic fr-dii\"><\/div>\n<div style=\"flex: 1 1 300px; min-width: 280px;\">\n<h2 style=\"font-size: 24px; margin-top: 0; color: inherit;\">Filtros inteligentes<\/h2>\n<p style=\"font-size: 15px; color: inherit;\">Clasifique y etiquete autom&aacute;ticamente los correos electr&oacute;nicos entrantes mediante reglas personalizadas.<\/p>\n<\/div>\n<\/div>\n<div style=\"display: flex; flex-wrap: wrap; gap: 30px; margin-bottom: 30px;\">\n<div style=\"flex: 1 1 300px; min-width: 280px; order: 2;\"><img decoding=\"async\" style=\"width: 100%; height: auto; border: 1px solid rgba(150&comma; 150&comma; 150&comma; 0.3); border-radius: 8px;\" src=\"https:\/\/ftp3.syscom.mx\/usuarios\/nortega\/synology\/imagenes\/mailplus\/prioridad.png\" alt=\"Bandeja de prioridad\" class=\"fr-fic fr-dii\"><\/div>\n<div style=\"flex: 1 1 300px; min-width: 280px; order: 1;\">\n<h2 style=\"font-size: 24px; margin-top: 0; color: inherit;\">Bandeja de prioridad<\/h2>\n<p style=\"font-size: 15px; color: inherit;\">Muestra correos electr&oacute;nicos de bandejas o etiquetas espec&iacute;ficas en una vista para una administraci&oacute;n centralizada.<\/p>\n<\/div>\n<\/div>\n<div style=\"display: flex; flex-wrap: wrap; gap: 30px; margin-bottom: 30px;\">\n<div style=\"flex: 1 1 300px; min-width: 280px;\"><img decoding=\"async\" style=\"width: 100%; height: auto; border: 1px solid rgba(150&comma; 150&comma; 150&comma; 0.3); border-radius: 8px;\" src=\"https:\/\/ftp3.syscom.mx\/usuarios\/nortega\/synology\/imagenes\/mailplus\/vistaindividual.png\" alt=\"Vista de mensaje individual\" class=\"fr-fic fr-dii\"><\/div>\n<div style=\"flex: 1 1 300px; min-width: 280px;\">\n<h2 style=\"font-size: 24px; margin-top: 0; color: inherit;\">Vista de mensaje individual<\/h2>\n<p style=\"font-size: 15px; color: inherit;\">Organice los mensajes de correo electr&oacute;nico en funci&oacute;n de sus preferencias: desactive la vista de conversaci&oacute;n y divida los mensajes de correo electr&oacute;nico en mensajes individuales con iconos que indiquen si ya los ha respondido.<\/p>\n<\/div>\n<\/div>\n<div style=\"display: flex; flex-wrap: wrap; gap: 30px; margin-bottom: 30px;\">\n<div style=\"flex: 1 1 300px; min-width: 280px; order: 2;\"><img decoding=\"async\" style=\"width: 100%; height: auto; border: 1px solid rgba(150&comma; 150&comma; 150&comma; 0.3); border-radius: 8px;\" src=\"https:\/\/ftp3.syscom.mx\/usuarios\/nortega\/synology\/imagenes\/mailplus\/bandejacompartida.png\" alt=\"Bandeja compartida\" class=\"fr-fic fr-dii\"><\/div>\n<div style=\"flex: 1 1 300px; min-width: 280px; order: 1;\">\n<h2 style=\"font-size: 24px; margin-top: 0; color: inherit;\">Bandeja compartida<\/h2>\n<p style=\"font-size: 15px; color: inherit;\">Comparta las bandejas con sus colegas para llevar juntos un seguimiento de los proyectos.<\/p>\n<\/div>\n<\/div>\n<div style=\"display: flex; flex-wrap: wrap; gap: 30px; margin-bottom: 30px;\">\n<div style=\"flex: 1 1 300px; min-width: 280px;\"><img decoding=\"async\" style=\"width: 100%; height: auto; border: 1px solid rgba(150&comma; 150&comma; 150&comma; 0.3); border-radius: 8px;\" src=\"https:\/\/ftp3.syscom.mx\/usuarios\/nortega\/synology\/imagenes\/mailplus\/libretacompartida.png\" alt=\"Libreta de direcciones compartida\" class=\"fr-fic fr-dii\"><\/div>\n<div style=\"flex: 1 1 300px; min-width: 280px;\">\n<h2 style=\"font-size: 24px; margin-top: 0; color: inherit;\">Libreta de direcciones compartida<\/h2>\n<p style=\"font-size: 15px; color: inherit;\">Cuando se une a un servidor LDAP o un dominio AD de Windows&comma; MailPlus puede crear una libreta de direcciones con acceso para todos los empleados.<\/p>\n<\/div>\n<\/div>\n<p><!-- Secci\u00f3n de seguridad --><\/p>\n<div style=\"margin-bottom: 30px;\">\n<h1 style=\"font-size: 28px; margin-top: 0; margin-bottom: 15px; color: inherit;\">Mecanismos robustos de seguridad<\/h1>\n<p style=\"font-size: 15px; color: inherit;\">MailPlus Server cuenta con caracter&iacute;sticas integrales de seguridad para proteger la informaci&oacute;n de ataques malintencionados.<\/p>\n<ul style=\"padding-left: 20px; font-size: 15px; color: inherit;\">\n<li style=\"margin-bottom: 5px;\"><strong>Monitor de amenazas:<\/strong> Proporciona estad&iacute;sticas de amenazas de correo entrante y saliente&comma; junto con gr&aacute;ficos claros para una r&aacute;pida visi&oacute;n general.<\/li>\n<li style=\"margin-bottom: 5px;\"><strong>Denuncias de correo no deseado y antispam:<\/strong> Detecte correos no deseados con gran precisi&oacute;n&comma; comparable con populares puertas de enlace de seguridad y aprenda de correos no deseados denunciados para detectarlos de mejor manera.<\/li>\n<li style=\"margin-bottom: 5px;\"><strong>Antimalware y acciones posteriores:<\/strong> Proporcione una fuerte protecci&oacute;n antimalware con la navegaci&oacute;n segura de Google y los motores de antivirus est&aacute;ndares de la industria para mantener en cuarentena los correos sospechosos a fin de aplicar acciones posteriores.<\/li>\n<li style=\"margin-bottom: 5px;\"><strong>Seguridad SMTP avanzada:<\/strong> Regule las conexiones de cliente SMTP para defenderse contra ataques de sobrecarga y limitar la cantidad de correos electr&oacute;nicos salientes a fin de evitar que los usuarios sean sospechosos de correos no deseados.<\/li>\n<\/ul>\n<\/div>\n<p><!-- Secci\u00f3n de beneficios --><\/p>\n<div style=\"margin-bottom: 30px;\">\n<h1 style=\"font-size: 28px; margin-top: 0; margin-bottom: 15px; color: inherit;\">MailPlus Server es intuitivo y confiable<\/h1>\n<p style=\"font-size: 15px; color: inherit;\">MailPlus Server transforma su Synology NAS en un servidor de correos intuitivo y confiable&comma; lo que permite contar con una administraci&oacute;n de servidores r&aacute;pida&comma; intuitiva y sin complicaciones.<\/p>\n<\/div>\n<p><!-- Tarjetas de caracter\u00edsticas --><\/p>\n<div style=\"display: grid; grid-template-columns: repeat(auto-fit&comma; minmax(280px&comma; 1fr)); gap: 20px; margin-bottom: 30px;\">\n<div style=\"border: 1px solid rgba(150&comma; 150&comma; 150&comma; 0.4); border-radius: 8px; overflow: hidden; display: flex; flex-direction: column;\">\n<div style=\"padding: 15px; border-bottom: 1px solid rgba(150&comma; 150&comma; 150&comma; 0.2); font-weight: bold; font-size: 18px; color: inherit;\">F&aacute;cil configuraci&oacute;n<\/div>\n<div style=\"padding: 15px; color: inherit;\">\n<p style=\"margin: 0; font-size: 14px;\">Cree un sistema de correos r&aacute;pidamente en su Synology NAS sin cargos adicionales ni consultas sobre TI.<\/p>\n<\/div>\n<\/div>\n<div style=\"border: 1px solid rgba(150&comma; 150&comma; 150&comma; 0.4); border-radius: 8px; overflow: hidden; display: flex; flex-direction: column;\">\n<div style=\"padding: 15px; border-bottom: 1px solid rgba(150&comma; 150&comma; 150&comma; 0.2); font-weight: bold; font-size: 18px; color: inherit;\">Migrar correos e importar configuraci&oacute;n<\/div>\n<div style=\"padding: 15px; color: inherit;\">\n<p style=\"margin: 0; font-size: 14px;\">Migre correos electr&oacute;nicos de G Suite\/Exchange a MailPlus sin recopilar contrase&ntilde;as&comma; y reutilice las configuraciones del sistema de Exchange para agilizar la sustituci&oacute;n de sistemas.<\/p>\n<\/div>\n<\/div>\n<div style=\"border: 1px solid rgba(150&comma; 150&comma; 150&comma; 0.4); border-radius: 8px; overflow: hidden; display: flex; flex-direction: column;\">\n<div style=\"padding: 15px; border-bottom: 1px solid rgba(150&comma; 150&comma; 150&comma; 0.2); font-weight: bold; font-size: 18px; color: inherit;\">Mail Search<\/div>\n<div style=\"padding: 15px; color: inherit;\">\n<p style=\"margin: 0; font-size: 14px;\">El personal autorizado puede realizar consultas de b&uacute;squeda sobre todas las cuentas de correo electr&oacute;nico&comma; previsualizar el contenido de los correos electr&oacute;nicos y optar por exportar o eliminar ciertos correos electr&oacute;nicos.<\/p>\n<\/div>\n<\/div>\n<div style=\"border: 1px solid rgba(150&comma; 150&comma; 150&comma; 0.4); border-radius: 8px; overflow: hidden; display: flex; flex-direction: column;\">\n<div style=\"padding: 15px; border-bottom: 1px solid rgba(150&comma; 150&comma; 150&comma; 0.2); font-weight: bold; font-size: 18px; color: inherit;\">Pol&iacute;ticas de usuario y grupo<\/div>\n<div style=\"padding: 15px; color: inherit;\">\n<p style=\"margin: 0; font-size: 14px;\">Personalice las pol&iacute;ticas de grupo y usuario en cuanto a sus m&eacute;todos de inicio de sesi&oacute;n&comma; tr&aacute;fico diario de correos electr&oacute;nicos y entrega de correos.<\/p>\n<\/div>\n<\/div>\n<div style=\"border: 1px solid rgba(150&comma; 150&comma; 150&comma; 0.4); border-radius: 8px; overflow: hidden; display: flex; flex-direction: column;\">\n<div style=\"padding: 15px; border-bottom: 1px solid rgba(150&comma; 150&comma; 150&comma; 0.2); font-weight: bold; font-size: 18px; color: inherit;\">Dise&ntilde;o high-availability<\/div>\n<div style=\"padding: 15px; color: inherit;\">\n<p style=\"margin: 0; font-size: 14px;\">Maximice el tiempo de actividad del servicio de correos durante las actualizaciones del sistema y los reemplazos de hardware mediante el cambio del sistema de correos al servidor emparejado en segundos.<\/p>\n<\/div>\n<\/div>\n<div style=\"border: 1px solid rgba(150&comma; 150&comma; 150&comma; 0.4); border-radius: 8px; overflow: hidden; display: flex; flex-direction: column;\">\n<div style=\"padding: 15px; border-bottom: 1px solid rgba(150&comma; 150&comma; 150&comma; 0.2); font-weight: bold; font-size: 18px; color: inherit;\">Direcci&oacute;n de correo electr&oacute;nico internacional<\/div>\n<div style=\"padding: 15px; color: inherit;\">\n<p style=\"margin: 0; font-size: 14px;\">Personalice los nombres de dominio en los idiomas locales y mientras sigue siendo capaz de intercambiar correos electr&oacute;nicos sin problemas con todos los dem&aacute;s servidores de correo&comma; cumpliendo con el est&aacute;ndar global para la internacionalizaci&oacute;n de direcciones de correo electr&oacute;nico (EAI).<\/p>\n<\/div>\n<\/div>\n<\/div>\n<p><!-- Secci\u00f3n de aplicaciones m\u00f3viles --><\/p>\n<div style=\"margin-bottom: 30px;\">\n<h1 style=\"font-size: 28px; margin-top: 0; margin-bottom: 15px; color: inherit;\">Descarga y visualizaci&oacute;n inmediata<\/h1>\n<p style=\"font-size: 15px; color: inherit;\">La aplicaci&oacute;n MailPlus es su plataforma de correo electr&oacute;nico m&oacute;vil para administrar el correo donde vaya. Ahora est&aacute; disponible para iOS y Android&trade;.<\/p>\n<\/div>\n<p><!-- Galer\u00eda de aplicaciones m\u00f3viles --><\/p>\n<div style=\"display: flex; flex-wrap: wrap; gap: 30px; justify-content: center; margin-bottom: 30px;\">\n<div style=\"flex: 1 1 150px; min-width: 120px; text-align: center;\"><img decoding=\"async\" style=\"width: 100px; height: 100px; border: 1px solid rgba(150&comma; 150&comma; 150&comma; 0.3); border-radius: 8px;\" src=\"https:\/\/ftp3.syscom.mx\/usuarios\/nortega\/synology\/imagenes\/mailplus\/android.png\" alt=\"Android\" class=\"fr-fic fr-dii\"><\/p>\n<p style=\"margin-top: 10px; font-weight: bold; color: inherit;\">Android<\/p>\n<\/div>\n<div style=\"flex: 1 1 150px; min-width: 120px; text-align: center;\"><img decoding=\"async\" style=\"width: 100px; height: 100px; border: 1px solid rgba(150&comma; 150&comma; 150&comma; 0.3); border-radius: 8px;\" src=\"https:\/\/ftp3.syscom.mx\/usuarios\/nortega\/synology\/imagenes\/mailplus\/ios.png\" alt=\"iOS\" class=\"fr-fic fr-dii\"><\/p>\n<p style=\"margin-top: 10px; font-weight: bold; color: inherit;\">iOS<\/p>\n<\/div>\n<\/div>\n<\/div>\n","protected":false},"excerpt":{"rendered":"<p>Paquete de Licencias Synology MailPlus | 5 Cuentas de Correo Electr\u00f3nico Activas | Licencias Permanentes | Compatible con Soluciones High-Availability | Migraci\u00f3n a Otro Synology NAS.<\/p>\n","protected":false},"featured_media":118142,"comment_status":"open","ping_status":"closed","template":"","meta":[],"product_brand":[],"product_cat":[2337],"product_tag":[2263,1976],"class_list":{"0":"post-118143","1":"product","2":"type-product","3":"status-publish","4":"has-post-thumbnail","6":"product_cat-synology","7":"product_tag-software-vms-y-analiticas","8":"product_tag-synology","10":"first","11":"outofstock","12":"sale","13":"shipping-taxable","14":"purchasable","15":"product-type-simple"},"_links":{"self":[{"href":"https:\/\/soydeaqui.ddns.net\/pachuca\/index.php\/wp-json\/wp\/v2\/product\/118143","targetHints":{"allow":["GET"]}}],"collection":[{"href":"https:\/\/soydeaqui.ddns.net\/pachuca\/index.php\/wp-json\/wp\/v2\/product"}],"about":[{"href":"https:\/\/soydeaqui.ddns.net\/pachuca\/index.php\/wp-json\/wp\/v2\/types\/product"}],"replies":[{"embeddable":true,"href":"https:\/\/soydeaqui.ddns.net\/pachuca\/index.php\/wp-json\/wp\/v2\/comments?post=118143"}],"wp:featuredmedia":[{"embeddable":true,"href":"https:\/\/soydeaqui.ddns.net\/pachuca\/index.php\/wp-json\/wp\/v2\/media\/118142"}],"wp:attachment":[{"href":"https:\/\/soydeaqui.ddns.net\/pachuca\/index.php\/wp-json\/wp\/v2\/media?parent=118143"}],"wp:term":[{"taxonomy":"product_brand","embeddable":true,"href":"https:\/\/soydeaqui.ddns.net\/pachuca\/index.php\/wp-json\/wp\/v2\/product_brand?post=118143"},{"taxonomy":"product_cat","embeddable":true,"href":"https:\/\/soydeaqui.ddns.net\/pachuca\/index.php\/wp-json\/wp\/v2\/product_cat?post=118143"},{"taxonomy":"product_tag","embeddable":true,"href":"https:\/\/soydeaqui.ddns.net\/pachuca\/index.php\/wp-json\/wp\/v2\/product_tag?post=118143"}],"curies":[{"name":"wp","href":"https:\/\/api.w.org\/{rel}","templated":true}]}}