{"id":118068,"date":"2026-03-24T03:50:44","date_gmt":"2026-03-24T03:50:44","guid":{"rendered":"https:\/\/soydeaqui.ddns.net\/pachuca\/index.php\/producto\/body-camera-para-seguridad-video-full-hd-descarga-de-video-automatica-con-estacion-pantalla-tft-con-indicador-de-bateria-y-memoria\/"},"modified":"2026-03-24T03:50:55","modified_gmt":"2026-03-24T03:50:55","slug":"body-camera-para-seguridad-video-full-hd-descarga-de-video-automatica-con-estacion-pantalla-tft-con-indicador-de-bateria-y-memoria","status":"publish","type":"product","link":"https:\/\/soydeaqui.ddns.net\/pachuca\/index.php\/producto\/body-camera-para-seguridad-video-full-hd-descarga-de-video-automatica-con-estacion-pantalla-tft-con-indicador-de-bateria-y-memoria\/","title":{"rendered":"Body Camera para Seguridad, Video Full HD, Descarga de V\u00eddeo autom\u00e1tica con estaci\u00f3n, Pantalla TFT con indicador de bater\u00eda y memoria."},"content":{"rendered":"<div style='width: 100%; max-width: 1200px; margin: 0 auto; font-family: sans-serif&comma; Arial&comma; Helvetica; line-height: 1.6; color: inherit; background-color: transparent;'> <!-- Imagen principal --> <\/p>\n<div style='width: 100%; margin-bottom: 30px;'> <img style='width: 100%; height: auto; border: 1px solid rgba(150&comma;150&comma;150&comma;0.3); border-radius: 8px;' src='https:\/\/ftp3.syscom.mx\/usuarios\/albamaria\/albamaria\/bodycams\/EPCOM-BODYCAMS.jpg' alt='EPCOM XMRT3S Body Camera'> <\/div>\n<p> <!-- Descripci\u00f3n general --> <\/p>\n<div style='margin-bottom: 30px;'>\n<div style='text-align: center; font-size: 16px; margin-bottom: 15px; color: inherit;'> El <strong>XMRT3S<\/strong> es uno de los mejores grabadores port\u00e1tiles HD (Body Camera) de la industria&comma; dise\u00f1ado para todo tipo de trabajo&comma; con gran capacidad de almacenamiento e IR listos para trabajar en ausencia de luz. <\/div>\n<\/p><\/div>\n<p> <!-- Secci\u00f3n de cards con caracter\u00edsticas --> <\/p>\n<div style='display: flex; flex-wrap: wrap; gap: 20px; margin-bottom: 30px;'> <!-- Caracter\u00edsticas Destacadas --> <\/p>\n<div style='flex: 1 1 300px; min-width: 280px; border: 1px solid rgba(150&comma;150&comma;150&comma;0.4); border-radius: 8px; overflow: hidden; display: flex; flex-direction: column;'>\n<div style='padding: 15px; border-bottom: 1px solid rgba(150&comma;150&comma;150&comma;0.2); font-weight: bold; font-size: 18px; color: inherit;'>Caracter\u00edsticas Destacadas<\/div>\n<div style='padding: 15px; color: inherit;'>\n<ul style='padding-left: 20px; margin: 0; font-size: 14px; list-style-type: disc;'>\n<li style='margin-bottom: 5px;'><span style='color: #2880b9;'><strong>Pantalla a color TFT<\/strong><\/span><\/li>\n<li style='margin-bottom: 5px;'>Grabaci\u00f3n HD &#8211; 1080P<\/li>\n<li style='margin-bottom: 5px;'>Pantalla superior TFT de 0.96&#8217;&comma; resoluci\u00f3n 80 * 160<\/li>\n<li style='margin-bottom: 5px;'><strong><span style='color: #2880b9;'>Gran angular horizontal de 120\u00b0<\/span><\/strong><\/li>\n<li style='margin-bottom: 5px;'>Visi\u00f3n Nocturna<\/li>\n<li style='margin-bottom: 5px;'><strong>Tiempo de encendido:<\/strong> 3S<\/li>\n<li style='margin-bottom: 5px;'>Bater\u00eda: Alta capacidad de 3600mAh<\/li>\n<li style='margin-bottom: 5px;'><strong><span style='color: #e74c3c;'>Presione un bot\u00f3n para iniciar la c\u00e1mara y comenzar a grabar<\/span><\/strong><\/li>\n<li style='margin-bottom: 5px;'>Video Clip Configurable 10&comma; 20&comma; 30 min<\/li>\n<li style='margin-bottom: 5px;'>Luz led: <strong><span style='color: #e74c3c;'>Rojo<\/span><\/strong> para grabaci\u00f3n&comma; <strong><span style='color: #27ae60;'>Verde<\/span><\/strong> para identificador de estado<\/li>\n<li style='margin-bottom: 5px;'><span style='color: #2880b9;'><strong style='color: #2880b9;'>Software de gesti\u00f3n de descarga con protecci\u00f3n de contrase\u00f1a&comma; es necesario ingresar la contrase\u00f1a para descargar y visualizar el video guardado<\/strong><\/span><\/li>\n<li style='margin-bottom: 5px;'>Codificaci\u00f3n de video H.264<\/li>\n<li style='margin-bottom: 5px;'>Estaci\u00f3n de descarga compatible: <strong>XMRA8<\/strong><\/li>\n<\/ul><\/div>\n<\/p><\/div>\n<p> <!-- Caracter\u00edsticas Generales --> <\/p>\n<div style='flex: 1 1 300px; min-width: 280px; border: 1px solid rgba(150&comma;150&comma;150&comma;0.4); border-radius: 8px; overflow: hidden; display: flex; flex-direction: column;'>\n<div style='padding: 15px; border-bottom: 1px solid rgba(150&comma;150&comma;150&comma;0.2); font-weight: bold; font-size: 18px; color: inherit;'>Caracter\u00edsticas Generales<\/div>\n<div style='padding: 15px; color: inherit;'>\n<ul style='padding-left: 20px; margin: 0; font-size: 14px; list-style-type: disc;'>\n<li style='margin-bottom: 5px;'><strong>Resoluci\u00f3n Soportada:<\/strong> 1080P30&comma; 720P30 y 480P30<\/li>\n<li style='margin-bottom: 5px;'><strong>Formato de video:<\/strong> MP4<\/li>\n<li style='margin-bottom: 5px;'>Pregrabaci\u00f3n: 20 &#8211; 30S<\/li>\n<li style='margin-bottom: 5px;'><strong>Modo Silencioso:<\/strong> Apaga la pantalla y LED<\/li>\n<li style='margin-bottom: 5px;'><strong>Modo Mudo:<\/strong> Apaga el micr\u00f3fono<\/li>\n<li style='margin-bottom: 5px;'><strong>Modo de Ahorro:<\/strong> Apaga la pantalla \u00fanicamente<\/li>\n<li style='margin-bottom: 5px;'>IR: Manual o autom\u00e1tico<\/li>\n<li style='margin-bottom: 5px;'>Luz IR alcance 10 metros<\/li>\n<li style='margin-bottom: 5px;'>Tiempo de operaci\u00f3n: Grabaci\u00f3n Continua HD por 15 hrs. 300 Horas en Modo Espera (Lista para Grabar&comma; Encendida)<\/li>\n<li style='margin-bottom: 5px;'><strong>Tiempo de carga:<\/strong> Menos de 5.5 horas<\/li>\n<\/ul><\/div>\n<\/p><\/div>\n<p> <!-- Caracter\u00edsticas Fisicas y Electricas --> <\/p>\n<div style='flex: 1 1 300px; min-width: 280px; border: 1px solid rgba(150&comma;150&comma;150&comma;0.4); border-radius: 8px; overflow: hidden; display: flex; flex-direction: column;'>\n<div style='padding: 15px; border-bottom: 1px solid rgba(150&comma;150&comma;150&comma;0.2); font-weight: bold; font-size: 18px; color: inherit;'>Caracter\u00edsticas F\u00edsicas y El\u00e9ctricas<\/div>\n<div style='padding: 15px; color: inherit;'>\n<ul style='padding-left: 20px; margin: 0; font-size: 14px; list-style-type: disc;'>\n<li style='margin-bottom: 5px;'><strong>Bater\u00eda<\/strong> de gran capacidad 3600mAh<\/li>\n<li style='margin-bottom: 5px;'>Grado de protecci\u00f3n IP: <strong>IP 67<\/strong><\/li>\n<li style='margin-bottom: 5px;'>Resistencia a ca\u00eddas: M\u00e1ximo 2mts<\/li>\n<li style='margin-bottom: 5px;'>Medidas: 9.1 x 6.0 x 2.8 cm<\/li>\n<li style='margin-bottom: 5px;'>Temperatura de operaci\u00f3n: -10\u00b0C a 55\u00b0C<\/li>\n<li style='margin-bottom: 5px;'>Tipo de conector: Tipo C<\/li>\n<li style='margin-bottom: 5px;'>Certificaciones: CE&comma; FCC<\/li>\n<li style='margin-bottom: 5px;'><strong><span style='color: #2880b9;'>Memoria interna de 64GB. NO EXTRA\u00cdBLE PARA ALTA SEGURIDAD<\/span><\/strong><\/li>\n<li style='margin-bottom: 5px;'>Peso: 160g<\/li>\n<\/ul><\/div>\n<\/p><\/div>\n<\/p><\/div>\n<p> <!-- Diagrama de Soluci\u00f3n Total --> <\/p>\n<div style='margin-bottom: 30px;'>\n<h3 style='font-size: 20px; border-bottom: 2px solid currentColor; padding-bottom: 5px; margin-top: 0; margin-bottom: 15px; color: inherit; opacity: 0.8;'>Diagrama de Soluci\u00f3n Total<\/h3>\n<div style='width: 100%;'> <img style='width: 100%; height: auto; border: 1px solid rgba(150&comma;150&comma;150&comma;0.3); border-radius: 8px;' src='https:\/\/ftp3.syscom.mx\/usuarios\/albamaria\/albamaria\/bodycams\/Diagrama%20de%20solucion%20%20total.png' alt='Diagrama de Soluci\u00f3n Total'> <\/div>\n<\/p><\/div>\n<p> <!-- Dimensiones de la c\u00e1mara --> <\/p>\n<div style='margin-bottom: 30px;'>\n<h3 style='font-size: 20px; border-bottom: 2px solid currentColor; padding-bottom: 5px; margin-top: 0; margin-bottom: 15px; color: inherit; opacity: 0.8;'>Dimensiones de la c\u00e1mara<\/h3>\n<div style='width: 100%;'> <img style='width: 100%; height: auto; border: 1px solid rgba(150&comma;150&comma;150&comma;0.3); border-radius: 8px;' src='https:\/\/ftp3.syscom.mx\/usuarios\/albamaria\/albamaria\/bodycams\/Dimesiones%20xmrt3s.jpg' alt='Dimensiones de la c\u00e1mara'> <\/div>\n<\/p><\/div>\n<\/p><\/div>\n","protected":false},"excerpt":{"rendered":"<p>Body Camera para Seguridad, Video Full HD, Descarga de V\u00eddeo autom\u00e1tica con estaci\u00f3n, Pantalla TFT con indicador de bater\u00eda y memoria.<\/p>\n","protected":false},"featured_media":118067,"comment_status":"open","ping_status":"closed","template":"","meta":[],"product_brand":[],"product_cat":[2266,1406],"product_tag":[2267,1409,935,1345],"class_list":{"0":"post-118068","1":"product","2":"type-product","3":"status-publish","4":"has-post-thumbnail","6":"product_cat-body-cams-portatiles","7":"product_cat-videograbadoras-moviles-videovigilancia","8":"product_tag-body-cams-portatiles","9":"product_tag-dash-cams-y-body-cams","10":"product_tag-epcom","11":"product_tag-videograbadoras-moviles","13":"first","14":"instock","15":"sale","16":"shipping-taxable","17":"purchasable","18":"product-type-simple"},"_links":{"self":[{"href":"https:\/\/soydeaqui.ddns.net\/pachuca\/index.php\/wp-json\/wp\/v2\/product\/118068","targetHints":{"allow":["GET"]}}],"collection":[{"href":"https:\/\/soydeaqui.ddns.net\/pachuca\/index.php\/wp-json\/wp\/v2\/product"}],"about":[{"href":"https:\/\/soydeaqui.ddns.net\/pachuca\/index.php\/wp-json\/wp\/v2\/types\/product"}],"replies":[{"embeddable":true,"href":"https:\/\/soydeaqui.ddns.net\/pachuca\/index.php\/wp-json\/wp\/v2\/comments?post=118068"}],"wp:featuredmedia":[{"embeddable":true,"href":"https:\/\/soydeaqui.ddns.net\/pachuca\/index.php\/wp-json\/wp\/v2\/media\/118067"}],"wp:attachment":[{"href":"https:\/\/soydeaqui.ddns.net\/pachuca\/index.php\/wp-json\/wp\/v2\/media?parent=118068"}],"wp:term":[{"taxonomy":"product_brand","embeddable":true,"href":"https:\/\/soydeaqui.ddns.net\/pachuca\/index.php\/wp-json\/wp\/v2\/product_brand?post=118068"},{"taxonomy":"product_cat","embeddable":true,"href":"https:\/\/soydeaqui.ddns.net\/pachuca\/index.php\/wp-json\/wp\/v2\/product_cat?post=118068"},{"taxonomy":"product_tag","embeddable":true,"href":"https:\/\/soydeaqui.ddns.net\/pachuca\/index.php\/wp-json\/wp\/v2\/product_tag?post=118068"}],"curies":[{"name":"wp","href":"https:\/\/api.w.org\/{rel}","templated":true}]}}