{"id":118058,"date":"2026-03-24T03:50:09","date_gmt":"2026-03-24T03:50:09","guid":{"rendered":"https:\/\/soydeaqui.ddns.net\/pachuca\/index.php\/producto\/ups-de-10000-va-10000-w-online-doble-conversion-200-240-vac-de-entrada-120-240-vac-de-salida-entrada-hardwired-onda-senoidal-pura-torre-o-rack-de-8-ur-con-6-tomas-nema-5-20r-3-nema-l6-30r\/"},"modified":"2026-03-24T03:50:21","modified_gmt":"2026-03-24T03:50:21","slug":"ups-de-10000-va-10000-w-online-doble-conversion-200-240-vac-de-entrada-120-240-vac-de-salida-entrada-hardwired-onda-senoidal-pura-torre-o-rack-de-8-ur-con-6-tomas-nema-5-20r-3-nema-l6-30r","status":"publish","type":"product","link":"https:\/\/soydeaqui.ddns.net\/pachuca\/index.php\/producto\/ups-de-10000-va-10000-w-online-doble-conversion-200-240-vac-de-entrada-120-240-vac-de-salida-entrada-hardwired-onda-senoidal-pura-torre-o-rack-de-8-ur-con-6-tomas-nema-5-20r-3-nema-l6-30r\/","title":{"rendered":"UPS de 10000 VA\/10000 W, Online Doble Conversi\u00f3n, 200 &#8211; 240 Vac de Entrada, 120 &#8211; 240 Vac de Salida, Entrada Hardwired, Onda Senoidal Pura, Torre o Rack de 8 UR, Con 6 Tomas NEMA 5-20R, 3 NEMA L6-30R y Terminal Hardwire"},"content":{"rendered":"<div style='width: 100%; max-width: 1200px; margin: 0 auto; font-family: sans-serif; line-height: 1.6; color: inherit; background-color: transparent;'> <!-- Logo de la marca --> <\/p>\n<div style='text-align: center; margin-bottom: 30px;'> <img style='width: 100%; max-width: 600px; height: auto; border: 1px solid rgba(150&comma;150&comma;150&comma;0.3); border-radius: 8px;' src='https:\/\/ftp3.syscom.mx\/usuarios\/fotos\/logotipos\/cyberpower.png' alt='Logo CyberPower'> <\/div>\n<p> <!-- Notas importantes --> <\/p>\n<div style='background-color: rgba(255&comma; 255&comma; 255&comma; 0.05); border-left: 4px solid rgba(255&comma; 87&comma; 34&comma; 0.7); margin-bottom: 30px; padding: 15px; border-radius: 4px;'>\n<p style='margin: 0 0 10px 0; font-weight: bold; color: inherit;'><strong>*Nota:<\/strong> Este equipo debe ser arrancado por un experto de CyberPower para hacer efectiva la garant\u00eda.<\/p>\n<p style='margin: 0; font-weight: bold; color: inherit;'>Para m\u00e1s informaci\u00f3n comunicarse con el departamento de Ingenier\u00eda.<\/p>\n<\/p><\/div>\n<p> <!-- Requisitos de instalaci\u00f3n --> <\/p>\n<div style='margin-bottom: 30px;'>\n<h3 style='font-size: 20px; border-bottom: 2px solid currentColor; padding-bottom: 5px; margin-top: 0; margin-bottom: 15px; color: inherit; opacity: 0.8;'>Requisitos de Instalaci\u00f3n<\/h3>\n<ul style='padding-left: 20px; font-size: 15px; color: inherit;'>\n<li>Cable 6 AWG del cableado al UPS.<\/li>\n<li>Nivel de voltaje de alimentaci\u00f3n adecuado de 200-240 VAC.<\/li>\n<li>Interruptor de entrada de 60 Ampers (2&#215;30).<\/li>\n<li>Sistema de aterrizaje aislado bien referenciado a tierra.<\/li>\n<\/ul><\/div>\n<p> <!-- Aplicaciones --> <\/p>\n<div style='margin-bottom: 30px;'>\n<h3 style='font-size: 20px; border-bottom: 2px solid currentColor; padding-bottom: 5px; margin-top: 0; margin-bottom: 15px; color: inherit; opacity: 0.8;'>Aplicaciones<\/h3>\n<p style='font-size: 15px; color: inherit;'>Garantiza protecci\u00f3n de respaldo de energ\u00eda para equipos de TI&comma; servidores&comma; estaciones de trabajo&comma; NAS \/ dispositivos de almacenamiento&comma; dispositivos de telecomunicaciones&comma; dispositivos de red&comma; sistemas de seguridad \/ emergencia y sistemas de vigilancia. El UPS adopta una topolog\u00eda de doble conversi\u00f3n para proporcionar potencia de salida de alta calidad con Modo ECO adicional para ahorrar energ\u00eda y reducir costos. Este UPS compatible con generador incluye paquetes de bater\u00edas intercambiables en caliente para mantenimiento sin interrupci\u00f3n de energ\u00eda y un interruptor de apagado de emergencia (EPO) para permitir a los usuarios apagar el UPS inmediatamente durante una emergencia.<\/p>\n<\/p><\/div>\n<p> <!-- Especificaciones t\u00e9cnicas --> <\/p>\n<div style='margin-bottom: 30px;'>\n<h3 style='font-size: 20px; border-bottom: 2px solid currentColor; padding-bottom: 5px; margin-top: 0; margin-bottom: 15px; color: inherit; opacity: 0.8;'>Especificaciones T\u00e9cnicas<\/h3>\n<div style='display: flex; flex-wrap: wrap; gap: 20px;'>\n<div style='flex: 1 1 250px; border: 1px solid rgba(150&comma; 150&comma; 150&comma; 0.4); border-radius: 8px; overflow: hidden; display: flex; flex-direction: column;'>\n<div style='padding: 15px; border-bottom: 1px solid rgba(150&comma; 150&comma; 150&comma; 0.2); font-weight: bold; font-size: 18px; color: inherit;'>Entrada<\/div>\n<div style='padding: 15px; color: inherit;'>\n<ul style='padding-left: 20px; margin: 0; font-size: 14px; list-style-type: disc;'>\n<li style='margin-bottom: 5px;'><strong>Voltaje:<\/strong> 200-240 Vac<\/li>\n<li style='margin-bottom: 5px;'><strong>Frecuencia:<\/strong> 40-70 Hz<\/li>\n<li style='margin-bottom: 5px;'><strong>Factor de Potencia:<\/strong> 1<\/li>\n<li style='margin-bottom: 5px;'><strong>Entrada:<\/strong> Hardwired (Cable de Uso Rudo)<\/li>\n<li style='margin-bottom: 5px;'><strong>Longitud del cable:<\/strong> N\/A<\/li>\n<\/ul><\/div>\n<\/p><\/div>\n<div style='flex: 1 1 250px; border: 1px solid rgba(150&comma; 150&comma; 150&comma; 0.4); border-radius: 8px; overflow: hidden; display: flex; flex-direction: column;'>\n<div style='padding: 15px; border-bottom: 1px solid rgba(150&comma; 150&comma; 150&comma; 0.2); font-weight: bold; font-size: 18px; color: inherit;'>Salida<\/div>\n<div style='padding: 15px; color: inherit;'>\n<ul style='padding-left: 20px; margin: 0; font-size: 14px; list-style-type: disc;'>\n<li style='margin-bottom: 5px;'><strong>Salida VA:<\/strong> 10&comma;000<\/li>\n<li style='margin-bottom: 5px;'><strong>Salida Watts:<\/strong> 10&comma;000<\/li>\n<li style='margin-bottom: 5px;'><strong>Tensi\u00f3n de salida:<\/strong> 120-240 Vac (Configurable \u00b12%)<\/li>\n<li style='margin-bottom: 5px;'><strong>Forma de onda:<\/strong> Onda Senoidal Pura<\/li>\n<li style='margin-bottom: 5px;'><strong>Total de tomas:<\/strong> 10<\/li>\n<li style='margin-bottom: 5px;'><strong>Tomas:<\/strong> 6 \u00d7 NEMA 5-20R&comma; 3 \u00d7 NEMA L6-30R&comma; 1 \u00d7 Terminal Hardwired<\/li>\n<\/ul><\/div>\n<\/p><\/div>\n<div style='flex: 1 1 250px; border: 1px solid rgba(150&comma; 150&comma; 150&comma; 0.4); border-radius: 8px; overflow: hidden; display: flex; flex-direction: column;'>\n<div style='padding: 15px; border-bottom: 1px solid rgba(150&comma; 150&comma; 150&comma; 0.2); font-weight: bold; font-size: 18px; color: inherit;'>Bater\u00eda<\/div>\n<div style='padding: 15px; color: inherit;'>\n<ul style='padding-left: 20px; margin: 0; font-size: 14px; list-style-type: disc;'>\n<li style='margin-bottom: 5px;'><strong>Tipo:<\/strong> 20 \u00d7 12V\/9Ah<\/li>\n<li style='margin-bottom: 5px;'><strong>Tiempo de respaldo (10&comma;000 W):<\/strong> 3.6 minutos<\/li>\n<li style='margin-bottom: 5px;'><strong>Tiempo de respaldo (5&comma;000 W):<\/strong> 10 minutos<\/li>\n<\/ul><\/div>\n<\/p><\/div>\n<div style='flex: 1 1 250px; border: 1px solid rgba(150&comma; 150&comma; 150&comma; 0.4); border-radius: 8px; overflow: hidden; display: flex; flex-direction: column;'>\n<div style='padding: 15px; border-bottom: 1px solid rgba(150&comma; 150&comma; 150&comma; 0.2); font-weight: bold; font-size: 18px; color: inherit;'>F\u00edsicas<\/div>\n<div style='padding: 15px; color: inherit;'>\n<ul style='padding-left: 20px; margin: 0; font-size: 14px; list-style-type: disc;'>\n<li style='margin-bottom: 5px;'><strong>Factor de forma:<\/strong> Torre o Rack de 8 UR<\/li>\n<li style='margin-bottom: 5px;'><strong>Dimensiones:<\/strong> 433 \u00d7 352 \u00d7 660 mm (Ancho \u00d7 Alto \u00d7 Profundidad)<\/li>\n<li style='margin-bottom: 5px;'><strong>Peso:<\/strong> 157.4 kg (incluye bater\u00eda)<\/li>\n<\/ul><\/div>\n<\/p><\/div>\n<div style='flex: 1 1 250px; border: 1px solid rgba(150&comma; 150&comma; 150&comma; 0.4); border-radius: 8px; overflow: hidden; display: flex; flex-direction: column;'>\n<div style='padding: 15px; border-bottom: 1px solid rgba(150&comma; 150&comma; 150&comma; 0.2); font-weight: bold; font-size: 18px; color: inherit;'>Caracter\u00edsticas<\/div>\n<div style='padding: 15px; color: inherit;'>\n<ul style='padding-left: 20px; margin: 0; font-size: 14px; list-style-type: disc;'>\n<li style='margin-bottom: 5px;'><strong>Topolog\u00eda:<\/strong> Online Doble Conversi\u00f3n<\/li>\n<li style='margin-bottom: 5px;'><strong>Modo ECO:<\/strong> S\u00ed<\/li>\n<li style='margin-bottom: 5px;'><strong>Protecci\u00f3n de picos:<\/strong> Grado de red<\/li>\n<li style='margin-bottom: 5px;'><strong>Administraci\u00f3n:<\/strong> SNMP \/ HTTP (RMCARD205 Opcional)<\/li>\n<li style='margin-bottom: 5px;'><strong>Indicadores:<\/strong> Pantalla LCD de lectura<\/li>\n<li style='margin-bottom: 5px;'><strong>Bater\u00edas extendidas:<\/strong> BP240VL3U01<\/li>\n<\/ul><\/div>\n<\/p><\/div>\n<\/p><\/div>\n<\/p><\/div>\n<p> <!-- Separador final --> <\/p>\n<hr style='border: 0; border-top: 1px solid rgba(150&comma; 150&comma; 150&comma; 0.3); margin: 30px 0;'> <\/div>\n","protected":false},"excerpt":{"rendered":"<p>UPS de 10000 VA\/10000 W, Online Doble Conversi\u00f3n, 200 &#8211; 240 Vac de Entrada, 120 &#8211; 240 Vac de Salida, Entrada Hardwired, Onda Senoidal Pura, Torre o Rack de 8 UR, Con 6 Tomas NEMA 5-20R, 3 NEMA L6-30R y Terminal Hardwire<\/p>\n","protected":false},"featured_media":118057,"comment_status":"open","ping_status":"closed","template":"","meta":[],"product_brand":[],"product_cat":[1231],"product_tag":[677,142,1232],"class_list":{"0":"post-118058","1":"product","2":"type-product","3":"status-publish","4":"has-post-thumbnail","6":"product_cat-ups-no-break-energia-videovigilancia","7":"product_tag-cyberpower","8":"product_tag-energia","9":"product_tag-ups-no-break-2","11":"first","12":"instock","13":"sale","14":"shipping-taxable","15":"purchasable","16":"product-type-simple"},"_links":{"self":[{"href":"https:\/\/soydeaqui.ddns.net\/pachuca\/index.php\/wp-json\/wp\/v2\/product\/118058","targetHints":{"allow":["GET"]}}],"collection":[{"href":"https:\/\/soydeaqui.ddns.net\/pachuca\/index.php\/wp-json\/wp\/v2\/product"}],"about":[{"href":"https:\/\/soydeaqui.ddns.net\/pachuca\/index.php\/wp-json\/wp\/v2\/types\/product"}],"replies":[{"embeddable":true,"href":"https:\/\/soydeaqui.ddns.net\/pachuca\/index.php\/wp-json\/wp\/v2\/comments?post=118058"}],"wp:featuredmedia":[{"embeddable":true,"href":"https:\/\/soydeaqui.ddns.net\/pachuca\/index.php\/wp-json\/wp\/v2\/media\/118057"}],"wp:attachment":[{"href":"https:\/\/soydeaqui.ddns.net\/pachuca\/index.php\/wp-json\/wp\/v2\/media?parent=118058"}],"wp:term":[{"taxonomy":"product_brand","embeddable":true,"href":"https:\/\/soydeaqui.ddns.net\/pachuca\/index.php\/wp-json\/wp\/v2\/product_brand?post=118058"},{"taxonomy":"product_cat","embeddable":true,"href":"https:\/\/soydeaqui.ddns.net\/pachuca\/index.php\/wp-json\/wp\/v2\/product_cat?post=118058"},{"taxonomy":"product_tag","embeddable":true,"href":"https:\/\/soydeaqui.ddns.net\/pachuca\/index.php\/wp-json\/wp\/v2\/product_tag?post=118058"}],"curies":[{"name":"wp","href":"https:\/\/api.w.org\/{rel}","templated":true}]}}