{"id":11804,"date":"2026-03-18T07:55:04","date_gmt":"2026-03-18T07:55:04","guid":{"rendered":"https:\/\/soydeaqui.ddns.net\/pachuca\/index.php\/producto\/conector-de-fibra-optica-sc-duplex-epoxico-fibra-recubierta-multimodo-botas-color-negro-y-beige-no-pre-pulido\/"},"modified":"2026-03-18T07:55:05","modified_gmt":"2026-03-18T07:55:05","slug":"conector-de-fibra-optica-sc-duplex-epoxico-fibra-recubierta-multimodo-botas-color-negro-y-beige-no-pre-pulido","status":"publish","type":"product","link":"https:\/\/soydeaqui.ddns.net\/pachuca\/index.php\/producto\/conector-de-fibra-optica-sc-duplex-epoxico-fibra-recubierta-multimodo-botas-color-negro-y-beige-no-pre-pulido\/","title":{"rendered":"Conector de Fibra \u00d3ptica SC Duplex, Epoxico, Fibra Recubierta, Multimodo, Botas Color Negro y Beige (No pre-pulido)"},"content":{"rendered":"<div style='width: 100%; max-width: 1200px; margin: 0 auto; font-family: sans-serif; line-height: 1.6; color: inherit; background-color: transparent;'> <!-- Secci\u00f3n de caracter\u00edsticas principales --> <\/p>\n<div style='display: flex; flex-wrap: wrap; gap: 30px; margin-bottom: 30px;'>\n<div style='flex: 1 1 300px; min-width: 280px;'>\n<h3 style='font-size: 22px; border-bottom: 2px solid currentColor; padding-bottom: 5px; margin-top: 0; color: inherit; opacity: 0.8;'>Caracter\u00edsticas Principales<\/h3>\n<ul style='padding-left: 20px; font-size: 15px; color: inherit;'>\n<li style='margin-bottom: 5px;'>Conectores SC duplex desmontables individualmente<\/li>\n<li style='margin-bottom: 5px;'>Posibilidad de invertir polaridad durante terminaci\u00f3n sin desechar conector<\/li>\n<li style='margin-bottom: 5px;'>Clip de impresi\u00f3n de doble cara para resoluci\u00f3n r\u00e1pida de problemas<\/li>\n<li style='margin-bottom: 5px;'>Retiro y re-terminaci\u00f3n sin afectar conexiones adyacentes<\/li>\n<li style='margin-bottom: 5px;'>Requiere Kit de terminaci\u00f3n FTERM-L2 para instalaci\u00f3n<\/li>\n<\/ul><\/div>\n<\/p><\/div>\n<p> <!-- Secci\u00f3n de especificaciones t\u00e9cnicas --> <\/p>\n<div style='display: flex; flex-wrap: wrap; gap: 20px; margin-bottom: 30px;'>\n<div style='flex: 1 1 250px; border: 1px solid rgba(150&comma; 150&comma; 150&comma; 0.4); border-radius: 8px; overflow: hidden; display: flex; flex-direction: column;'>\n<div style='padding: 15px; border-bottom: 1px solid rgba(150&comma; 150&comma; 150&comma; 0.2); font-weight: bold; font-size: 18px; color: inherit;'>Especificaciones T\u00e9cnicas<\/div>\n<div style='padding: 15px; color: inherit;'>\n<ul style='padding-left: 20px; margin: 0; font-size: 14px; list-style-type: disc;'>\n<li style='margin-bottom: 5px;'><strong>Tipo:<\/strong> Conector SC Duplex<\/li>\n<li style='margin-bottom: 5px;'><strong>Tecnolog\u00eda:<\/strong> Epoxi pulido<\/li>\n<li style='margin-bottom: 5px;'><strong>Tipo de Fibra:<\/strong> Recubierta (Buffered)<\/li>\n<li style='margin-bottom: 5px;'><strong>Modo de Fibra:<\/strong> Multimodo<\/li>\n<li style='margin-bottom: 5px;'><strong>Color de Botas:<\/strong> Negro y Beige<\/li>\n<li style='margin-bottom: 5px;'><strong>Terminaci\u00f3n:<\/strong> No pre-pulido<\/li>\n<li style='margin-bottom: 5px;'><strong>Est\u00e1ndares:<\/strong> ISO\/IEC 11801 Ed. 2.0&comma; TIA\/EIA-568-B.3<\/li>\n<\/ul><\/div>\n<\/p><\/div>\n<p> <!-- Secci\u00f3n de aplicaciones --> <\/p>\n<div style='flex: 1 1 250px; border: 1px solid rgba(150&comma; 150&comma; 150&comma; 0.4); border-radius: 8px; overflow: hidden; display: flex; flex-direction: column;'>\n<div style='padding: 15px; border-bottom: 1px solid rgba(150&comma; 150&comma; 150&comma; 0.2); font-weight: bold; font-size: 18px; color: inherit;'>Aplicaciones<\/div>\n<div style='padding: 15px; color: inherit;'>\n<ul style='padding-left: 20px; margin: 0; font-size: 14px; list-style-type: disc;'>\n<li style='margin-bottom: 5px;'>Sistemas de cableado estructurado<\/li>\n<li style='margin-bottom: 5px;'>Redes LAN y WAN<\/li>\n<li style='margin-bottom: 5px;'>Centros de datos<\/li>\n<li style='margin-bottom: 5px;'>Instalaciones de telecomunicaciones<\/li>\n<li style='margin-bottom: 5px;'>Redes empresariales<\/li>\n<\/ul><\/div>\n<\/p><\/div>\n<p> <!-- Secci\u00f3n de compatibilidad --> <\/p>\n<div style='flex: 1 1 250px; border: 1px solid rgba(150&comma; 150&comma; 150&comma; 0.4); border-radius: 8px; overflow: hidden; display: flex; flex-direction: column;'>\n<div style='padding: 15px; border-bottom: 1px solid rgba(150&comma; 150&comma; 150&comma; 0.2); font-weight: bold; font-size: 18px; color: inherit;'>Compatibilidad<\/div>\n<div style='padding: 15px; color: inherit;'>\n<ul style='padding-left: 20px; margin: 0; font-size: 14px; list-style-type: disc;'>\n<li style='margin-bottom: 5px;'>Compatibilidad con est\u00e1ndares industriales<\/li>\n<li style='margin-bottom: 5px;'>Compatible con sistemas MAX\u00ae&comma; CT\u00ae&comma; FOB&comma; y MX-SMTM<\/li>\n<li style='margin-bottom: 5px;'>Compatible con kit de terminaci\u00f3n FTERM-L2<\/li>\n<\/ul><\/div>\n<\/p><\/div>\n<\/p><\/div>\n<p> <!-- Secci\u00f3n de informaci\u00f3n de pedido --> <\/p>\n<div style='display: flex; flex-wrap: wrap; gap: 30px; margin-bottom: 30px;'>\n<div style='flex: 1 1 300px; min-width: 280px;'>\n<h3 style='font-size: 22px; border-bottom: 2px solid currentColor; padding-bottom: 5px; margin-top: 0; color: inherit; opacity: 0.8;'>Informaci\u00f3n de Pedido<\/h3>\n<ul style='padding-left: 20px; font-size: 15px; color: inherit;'>\n<li style='margin-bottom: 5px;'><strong>Referencia:<\/strong> FC2SCMMB80<\/li>\n<li style='margin-bottom: 5px;'><strong>Tipo de Empaque:<\/strong> Empaque est\u00e1ndar (Agregar &#8216;-B&#8217; al n\u00famero de parte para empaque a granel: 50 unidades\/empaque)<\/li>\n<li style='margin-bottom: 5px;'><strong>Accesorio requerido:<\/strong> Kit de terminaci\u00f3n FTERM-L2 (bajo pedido)<\/li>\n<\/ul><\/div>\n<\/p><\/div>\n<p> <!-- Separador --> <\/p>\n<hr style='border: 0; border-top: 1px solid rgba(150&comma; 150&comma; 150&comma; 0.3); margin: 30px 0;'> <\/div>\n","protected":false},"excerpt":{"rendered":"<p>Conector de Fibra \u00d3ptica SC Duplex, Epoxico, Fibra Recubierta, Multimodo, Botas Color Negro y Beige (No pre-pulido)<\/p>\n","protected":false},"featured_media":11803,"comment_status":"open","ping_status":"closed","template":"","meta":[],"product_brand":[],"product_cat":[615],"product_tag":[616,611,600],"class_list":{"0":"post-11804","1":"product","2":"type-product","3":"status-publish","4":"has-post-thumbnail","6":"product_cat-conectores","7":"product_tag-conectores","8":"product_tag-fibra-optica","9":"product_tag-siemon","11":"first","12":"outofstock","13":"sale","14":"shipping-taxable","15":"purchasable","16":"product-type-simple"},"_links":{"self":[{"href":"https:\/\/soydeaqui.ddns.net\/pachuca\/index.php\/wp-json\/wp\/v2\/product\/11804","targetHints":{"allow":["GET"]}}],"collection":[{"href":"https:\/\/soydeaqui.ddns.net\/pachuca\/index.php\/wp-json\/wp\/v2\/product"}],"about":[{"href":"https:\/\/soydeaqui.ddns.net\/pachuca\/index.php\/wp-json\/wp\/v2\/types\/product"}],"replies":[{"embeddable":true,"href":"https:\/\/soydeaqui.ddns.net\/pachuca\/index.php\/wp-json\/wp\/v2\/comments?post=11804"}],"wp:featuredmedia":[{"embeddable":true,"href":"https:\/\/soydeaqui.ddns.net\/pachuca\/index.php\/wp-json\/wp\/v2\/media\/11803"}],"wp:attachment":[{"href":"https:\/\/soydeaqui.ddns.net\/pachuca\/index.php\/wp-json\/wp\/v2\/media?parent=11804"}],"wp:term":[{"taxonomy":"product_brand","embeddable":true,"href":"https:\/\/soydeaqui.ddns.net\/pachuca\/index.php\/wp-json\/wp\/v2\/product_brand?post=11804"},{"taxonomy":"product_cat","embeddable":true,"href":"https:\/\/soydeaqui.ddns.net\/pachuca\/index.php\/wp-json\/wp\/v2\/product_cat?post=11804"},{"taxonomy":"product_tag","embeddable":true,"href":"https:\/\/soydeaqui.ddns.net\/pachuca\/index.php\/wp-json\/wp\/v2\/product_tag?post=11804"}],"curies":[{"name":"wp","href":"https:\/\/api.w.org\/{rel}","templated":true}]}}