{"id":118025,"date":"2026-03-24T03:48:22","date_gmt":"2026-03-24T03:48:22","guid":{"rendered":"https:\/\/soydeaqui.ddns.net\/pachuca\/index.php\/producto\/bobina-de-cable-blindado-sf-utp-categora-6a-uso-industrial-con-resistencia-al-aceite-y-rayos-uv-multifilar-24-7-flexible-color-azul-cerceta-bobina-de-305-metros-1000-pies\/"},"modified":"2026-03-24T03:48:28","modified_gmt":"2026-03-24T03:48:28","slug":"bobina-de-cable-blindado-sf-utp-categora-6a-uso-industrial-con-resistencia-al-aceite-y-rayos-uv-multifilar-24-7-flexible-color-azul-cerceta-bobina-de-305-metros-1000-pies","status":"publish","type":"product","link":"https:\/\/soydeaqui.ddns.net\/pachuca\/index.php\/producto\/bobina-de-cable-blindado-sf-utp-categora-6a-uso-industrial-con-resistencia-al-aceite-y-rayos-uv-multifilar-24-7-flexible-color-azul-cerceta-bobina-de-305-metros-1000-pies\/","title":{"rendered":"Bobina de Cable Blindado SF\/UTP Categor?a 6A, Uso Industrial con Resistencia al Aceite y Rayos UV, Multifilar 24\/7 (Flexible), Color Azul Cerceta, Bobina de 305 Metros (1000 Pies)"},"content":{"rendered":"<div style='width: 100%; max-width: 1200px; margin: 0 auto; font-family: sans-serif; line-height: 1.6; color: inherit; background-color: transparent;'> <!-- Secci\u00f3n de descripci\u00f3n principal --> <\/p>\n<div style='margin-bottom: 30px;'>\n<p style='font-size: 15px; color: inherit; margin-bottom: 15px;'>El cable de cobre blindado SF\/UTP de Categor\u00eda 6A supera las normas IEC 61156-6 y ANSI\/TIA-568-C.2 Categor\u00eda 6A hasta 80 metros. Los conductores de cobre multifilar son 24\/7 AWG con aislamiento de polietileno de alta densidad (HDPE). Los conductores de cobre se trenzar\u00e1n en cuatro pares. Todos los pares esta rodeado por una l\u00e1mina met\u00e1lica total. Los cuatro pares est\u00e1n rodeados por un blindaje trenzado general y cubiertos con un forro de termopl\u00e1stico (TPE). El forro es resistente al aceite&comma; los rayos UV&comma; las salpicaduras de soldadura y la abrasi\u00f3n para mejorar la resistencia qu\u00edmica y el rendimiento mec\u00e1nico. Es retardante de llama (CMX\/CM) para aplicaciones de industriales Ethernet. Este cable admite aplicaciones de alta flexibilidad y estar\u00e1 clasificado para aplicaciones de panel o en la m\u00e1quina donde el espacio se comparte con cables de alto voltaje de 600V.<\/p>\n<\/p><\/div>\n<p> <!-- Secci\u00f3n de especificaciones t\u00e9cnicas --> <\/p>\n<div style='display: flex; flex-wrap: wrap; gap: 30px; margin-bottom: 30px;'>\n<div style='flex: 1 1 300px; min-width: 280px;'>\n<h3 style='font-size: 22px; border-bottom: 2px solid currentColor; padding-bottom: 5px; margin-top: 0; color: inherit; opacity: 0.8;'>Especificaciones t\u00e9cnicas<\/h3>\n<ul style='padding-left: 20px; font-size: 15px; color: inherit;'>\n<li style='margin-bottom: 5px;'>Rendimiento: certificado hasta 80 metros y supera los requisitos IEC 61156-6 y ANSI \/ TIA-568-C.2 Categor\u00eda 6A en frecuencias de 500MHz<\/li>\n<li style='margin-bottom: 5px;'>Temperatura: -40\u00baC a 80\u00baC (transporte&comma; instalaci\u00f3n y operaci\u00f3n)<\/li>\n<li style='margin-bottom: 5px;'>Di\u00e1metro nominal: 8.1 mm<\/li>\n<li style='margin-bottom: 5px;'>Peso: 18kg\/305m<\/li>\n<li style='margin-bottom: 5px;'>Tensi\u00f3n m\u00e1xima de instalaci\u00f3n: 110N (25 lbf)<\/li>\n<li style='margin-bottom: 5px;'>Calibre: 24 AWG<\/li>\n<\/ul><\/div>\n<\/p><\/div>\n<p> <!-- Secci\u00f3n de cumplimiento de est\u00e1ndares --> <\/p>\n<div style='display: flex; flex-wrap: wrap; gap: 30px; margin-bottom: 30px;'>\n<div style='flex: 1 1 300px; min-width: 280px;'>\n<h3 style='font-size: 22px; border-bottom: 2px solid currentColor; padding-bottom: 5px; margin-top: 0; color: inherit; opacity: 0.8;'>Cumplimiento de est\u00e1ndares<\/h3>\n<ul style='padding-left: 20px; font-size: 15px; color: inherit;'>\n<li style='margin-bottom: 5px;'>Flexi\u00f3n IEC 61935-2<\/li>\n<li style='margin-bottom: 5px;'>UL AWM Estilo 2463 (80\u00b0C 600 V)<\/li>\n<li style='margin-bottom: 5px;'>Prueba de vida \u00fatil flexible: 1 mill\u00f3n de ciclos a 10 veces el di\u00e1metro del cable; 10 millones de ciclos a 20 veces el di\u00e1metro del cable<\/li>\n<li style='margin-bottom: 5px;'>Prueba de vida de torsi\u00f3n: 3 millones de ciclos&comma; 270\u00b0<\/li>\n<li style='margin-bottom: 5px;'>Resistencia al aceite: 6 meses a 20\u00baC<\/li>\n<\/ul><\/div>\n<\/p><\/div>\n<p> <!-- Secci\u00f3n de construcci\u00f3n --> <\/p>\n<div style='display: flex; flex-wrap: wrap; gap: 30px; margin-bottom: 30px;'>\n<div style='flex: 1 1 300px; min-width: 280px;'>\n<h3 style='font-size: 22px; border-bottom: 2px solid currentColor; padding-bottom: 5px; margin-top: 0; color: inherit; opacity: 0.8;'>Construcci\u00f3n<\/h3>\n<div style='margin-top: 15px;'> <img style='width: 100%; height: auto; border: 1px solid rgba(150&comma;150&comma;150&comma;0.3); border-radius: 8px;' src='https:\/\/ftp3.syscom.mx\/usuarios\/fotos\/ISFCH6X04ATLUG\/184037-captura_de_pantalla_2021-07-07_a_la(s)_15.39.43.png' alt=''> <\/div>\n<\/p><\/div>\n<\/p><\/div>\n<p> <!-- Separador --> <\/p>\n<hr style='border: 0; border-top: 1px solid rgba(150&comma; 150&comma; 150&comma; 0.3); margin: 30px 0;'> <\/div>\n","protected":false},"excerpt":{"rendered":"<p>Bobina de Cable Blindado SF\/UTP Categor?a 6A, Uso Industrial con Resistencia al Aceite y Rayos UV, Multifilar 24\/7 (Flexible), Color Azul Cerceta, Bobina de 305 Metros (1000 Pies)<\/p>\n","protected":false},"featured_media":118024,"comment_status":"open","ping_status":"closed","template":"","meta":[],"product_brand":[],"product_cat":[668],"product_tag":[488,669,445],"class_list":{"0":"post-118025","1":"product","2":"type-product","3":"status-publish","4":"has-post-thumbnail","6":"product_cat-categoria-6a","7":"product_tag-cables-y-conectores","8":"product_tag-categoria-6a","9":"product_tag-panduit","11":"first","12":"outofstock","13":"sale","14":"shipping-taxable","15":"purchasable","16":"product-type-simple"},"_links":{"self":[{"href":"https:\/\/soydeaqui.ddns.net\/pachuca\/index.php\/wp-json\/wp\/v2\/product\/118025","targetHints":{"allow":["GET"]}}],"collection":[{"href":"https:\/\/soydeaqui.ddns.net\/pachuca\/index.php\/wp-json\/wp\/v2\/product"}],"about":[{"href":"https:\/\/soydeaqui.ddns.net\/pachuca\/index.php\/wp-json\/wp\/v2\/types\/product"}],"replies":[{"embeddable":true,"href":"https:\/\/soydeaqui.ddns.net\/pachuca\/index.php\/wp-json\/wp\/v2\/comments?post=118025"}],"wp:featuredmedia":[{"embeddable":true,"href":"https:\/\/soydeaqui.ddns.net\/pachuca\/index.php\/wp-json\/wp\/v2\/media\/118024"}],"wp:attachment":[{"href":"https:\/\/soydeaqui.ddns.net\/pachuca\/index.php\/wp-json\/wp\/v2\/media?parent=118025"}],"wp:term":[{"taxonomy":"product_brand","embeddable":true,"href":"https:\/\/soydeaqui.ddns.net\/pachuca\/index.php\/wp-json\/wp\/v2\/product_brand?post=118025"},{"taxonomy":"product_cat","embeddable":true,"href":"https:\/\/soydeaqui.ddns.net\/pachuca\/index.php\/wp-json\/wp\/v2\/product_cat?post=118025"},{"taxonomy":"product_tag","embeddable":true,"href":"https:\/\/soydeaqui.ddns.net\/pachuca\/index.php\/wp-json\/wp\/v2\/product_tag?post=118025"}],"curies":[{"name":"wp","href":"https:\/\/api.w.org\/{rel}","templated":true}]}}