{"id":117492,"date":"2026-03-24T03:18:33","date_gmt":"2026-03-24T03:18:33","guid":{"rendered":"https:\/\/soydeaqui.ddns.net\/pachuca\/index.php\/producto\/pinzas-para-terminacin-de-conectores-rj45-rj11-rj12-para-cable-utp\/"},"modified":"2026-03-24T03:18:44","modified_gmt":"2026-03-24T03:18:44","slug":"pinzas-para-terminacin-de-conectores-rj45-rj11-rj12-para-cable-utp","status":"publish","type":"product","link":"https:\/\/soydeaqui.ddns.net\/pachuca\/index.php\/producto\/pinzas-para-terminacin-de-conectores-rj45-rj11-rj12-para-cable-utp\/","title":{"rendered":"Pinzas para Terminaci?n de Conectores RJ45\/RJ11\/RJ12 para Cable UTP"},"content":{"rendered":"<div style='width: 100%; max-width: 1200px; margin: 0 auto; font-family: sans-serif; line-height: 1.6; color: inherit; background-color: transparent;'>\n<div style='display: flex; flex-wrap: wrap; gap: 30px; margin-bottom: 30px;'>\n<div style='flex: 1 1 300px; min-width: 280px;'>\n<h3 style='font-size: 22px; border-bottom: 2px solid currentColor; padding-bottom: 5px; margin-top: 0; color: inherit; opacity: 0.8;'>Caracter\u00edsticas Principales<\/h3>\n<ul style='padding-left: 20px; font-size: 15px; color: inherit;'>\n<li style='margin-bottom: 5px;'>Ensamblaje de conectores RJ45&comma; RJ11 y RJ12<\/li>\n<li style='margin-bottom: 5px;'>Corta y desforra cable CAT5 y CAT5e<\/li>\n<li style='margin-bottom: 5px;'>Manejo de cable telef\u00f3nico plano satinado<\/li>\n<li style='margin-bottom: 5px;'>Dise\u00f1o ergon\u00f3mico para uso pr\u00e1ctico<\/li>\n<li style='margin-bottom: 5px;'>Herramienta multifuncional para instaladores profesionales<\/li>\n<\/ul><\/div>\n<div style='flex: 1 1 300px; min-width: 280px;'>\n<h3 style='font-size: 22px; border-bottom: 2px solid currentColor; padding-bottom: 5px; margin-top: 0; color: inherit; opacity: 0.8;'>Especificaciones T\u00e9cnicas<\/h3>\n<ul style='padding-left: 20px; font-size: 15px; color: inherit;'>\n<li style='margin-bottom: 5px;'><strong>Modelo:<\/strong> PA70005<\/li>\n<li style='margin-bottom: 5px;'><strong>Marca:<\/strong> TEMPO<\/li>\n<li style='margin-bottom: 5px;'><strong>Funciones:<\/strong> Terminaci\u00f3n de conectores RJ45\/RJ11\/RJ12<\/li>\n<li style='margin-bottom: 5px;'><strong>Tipos de cable:<\/strong> CAT5&comma; CAT5e y cable telef\u00f3nico plano satinado<\/li>\n<li style='margin-bottom: 5px;'><strong>Origen:<\/strong> Hecho en Taiwan<\/li>\n<\/ul><\/div>\n<\/p><\/div>\n<div style='display: flex; flex-wrap: wrap; gap: 20px; margin-bottom: 30px;'>\n<div style='flex: 1 1 250px; border: 1px solid rgba(150&comma; 150&comma; 150&comma; 0.4); border-radius: 8px; overflow: hidden; display: flex; flex-direction: column;'>\n<div style='padding: 15px; border-bottom: 1px solid rgba(150&comma; 150&comma; 150&comma; 0.2); font-weight: bold; font-size: 18px; color: inherit;'>Garant\u00eda y Fabricaci\u00f3n<\/div>\n<div style='padding: 15px; color: inherit;'>\n<ul style='padding-left: 20px; margin: 0; font-size: 14px; list-style-type: disc;'>\n<li style='margin-bottom: 5px;'><strong>Garant\u00eda:<\/strong> 1 a\u00f1o<\/strong><\/li>\n<li style='margin-bottom: 5px;'><strong>Fabricante:<\/strong> TEMPO COMMUNICATIONS<\/li>\n<li style='margin-bottom: 5px;'><strong>Importador:<\/strong> SISTEMAS Y SERVICIOS DE COMUNICACION&comma; S.A. DE C.V.<\/li>\n<\/ul><\/div>\n<\/p><\/div>\n<div style='flex: 1 1 250px; border: 1px solid rgba(150&comma; 150&comma; 150&comma; 0.4); border-radius: 8px; overflow: hidden; display: flex; flex-direction: column;'>\n<div style='padding: 15px; border-bottom: 1px solid rgba(150&comma; 150&comma; 150&comma; 0.2); font-weight: bold; font-size: 18px; color: inherit;'>Informaci\u00f3n de Instalaci\u00f3n<\/div>\n<div style='padding: 15px; color: inherit;'>\n<ul style='padding-left: 20px; margin: 0; font-size: 14px; list-style-type: disc;'>\n<li style='margin-bottom: 5px;'>Este producto debe ser instalado por un profesional<\/li>\n<li style='margin-bottom: 5px;'>Contenido: 1 pieza<\/li>\n<li style='margin-bottom: 5px;'>Mercanc\u00eda nueva<\/li>\n<\/ul><\/div>\n<\/p><\/div>\n<\/p><\/div>\n<div style='display: flex; flex-wrap: wrap; gap: 20px; margin-bottom: 30px;'>\n<div style='flex: 1 1 250px; border: 1px solid rgba(150&comma; 150&comma; 150&comma; 0.4); border-radius: 8px; overflow: hidden; display: flex; flex-direction: column;'>\n<div style='padding: 15px; border-bottom: 1px solid rgba(150&comma; 150&comma; 150&comma; 0.2); font-weight: bold; font-size: 18px; color: inherit;'>Datos de Contacto<\/div>\n<div style='padding: 15px; color: inherit;'>\n<ul style='padding-left: 20px; margin: 0; font-size: 14px; list-style-type: disc;'>\n<li style='margin-bottom: 5px;'>Av. 20 de Noviembre No. 805&comma; Col. Centro<\/li>\n<li style='margin-bottom: 5px;'>Chihuahua&comma; Chih. M\u00e9xico&comma; C.P. 31000<\/li>\n<li style='margin-bottom: 5px;'>RFC: SSC-840823-JT3<\/li>\n<li style='margin-bottom: 5px;'>Tel\u00e9fono: 614 4152525<\/li>\n<li style='margin-bottom: 5px;'>www.syscom.mx<\/li>\n<\/ul><\/div>\n<\/p><\/div>\n<\/p><\/div>\n<hr style='border: 0; border-top: 1px solid rgba(150&comma; 150&comma; 150&comma; 0.3); margin: 30px 0;'> <\/div>\n","protected":false},"excerpt":{"rendered":"<p>Pinzas para Terminaci?n de Conectores RJ45\/RJ11\/RJ12 para Cable UTP<\/p>\n","protected":false},"featured_media":117491,"comment_status":"open","ping_status":"closed","template":"","meta":[],"product_brand":[],"product_cat":[608],"product_tag":[586,25,658],"class_list":{"0":"post-117492","1":"product","2":"type-product","3":"status-publish","4":"has-post-thumbnail","6":"product_cat-herramientas-cableado-de-cobre","7":"product_tag-cableado-de-cobre","8":"product_tag-herramientas","9":"product_tag-tempo","11":"first","12":"instock","13":"sale","14":"shipping-taxable","15":"purchasable","16":"product-type-simple"},"_links":{"self":[{"href":"https:\/\/soydeaqui.ddns.net\/pachuca\/index.php\/wp-json\/wp\/v2\/product\/117492","targetHints":{"allow":["GET"]}}],"collection":[{"href":"https:\/\/soydeaqui.ddns.net\/pachuca\/index.php\/wp-json\/wp\/v2\/product"}],"about":[{"href":"https:\/\/soydeaqui.ddns.net\/pachuca\/index.php\/wp-json\/wp\/v2\/types\/product"}],"replies":[{"embeddable":true,"href":"https:\/\/soydeaqui.ddns.net\/pachuca\/index.php\/wp-json\/wp\/v2\/comments?post=117492"}],"wp:featuredmedia":[{"embeddable":true,"href":"https:\/\/soydeaqui.ddns.net\/pachuca\/index.php\/wp-json\/wp\/v2\/media\/117491"}],"wp:attachment":[{"href":"https:\/\/soydeaqui.ddns.net\/pachuca\/index.php\/wp-json\/wp\/v2\/media?parent=117492"}],"wp:term":[{"taxonomy":"product_brand","embeddable":true,"href":"https:\/\/soydeaqui.ddns.net\/pachuca\/index.php\/wp-json\/wp\/v2\/product_brand?post=117492"},{"taxonomy":"product_cat","embeddable":true,"href":"https:\/\/soydeaqui.ddns.net\/pachuca\/index.php\/wp-json\/wp\/v2\/product_cat?post=117492"},{"taxonomy":"product_tag","embeddable":true,"href":"https:\/\/soydeaqui.ddns.net\/pachuca\/index.php\/wp-json\/wp\/v2\/product_tag?post=117492"}],"curies":[{"name":"wp","href":"https:\/\/api.w.org\/{rel}","templated":true}]}}