{"id":117417,"date":"2026-03-24T03:14:23","date_gmt":"2026-03-24T03:14:23","guid":{"rendered":"https:\/\/soydeaqui.ddns.net\/pachuca\/index.php\/producto\/bobina-de-cable-planta-externa-con-gel-de-4-pares-cat6a-blindado-f-utp-color-negro-305-metros-1000-pies\/"},"modified":"2026-03-24T03:14:38","modified_gmt":"2026-03-24T03:14:38","slug":"bobina-de-cable-planta-externa-con-gel-de-4-pares-cat6a-blindado-f-utp-color-negro-305-metros-1000-pies","status":"publish","type":"product","link":"https:\/\/soydeaqui.ddns.net\/pachuca\/index.php\/producto\/bobina-de-cable-planta-externa-con-gel-de-4-pares-cat6a-blindado-f-utp-color-negro-305-metros-1000-pies\/","title":{"rendered":"Bobina de Cable Planta Externa con Gel, de 4 Pares, Cat6A, Blindado F\/UTP, Color Negro, 305 Metros (1000 Pies)"},"content":{"rendered":"<div style='width: 100%; max-width: 1200px; margin: 0 auto; font-family: sans-serif; line-height: 1.6; color: inherit; background-color: transparent;'>\n<div style='display: flex; flex-wrap: wrap; gap: 30px; margin-bottom: 30px;'>\n<div style='flex: 1 1 300px; min-width: 280px;'>\n<h3 style='font-size: 22px; border-bottom: 2px solid currentColor; padding-bottom: 5px; margin-top: 0; color: inherit; opacity: 0.8;'>Descripci\u00f3n General<\/h3>\n<p style='font-size: 15px; color: inherit; margin-bottom: 15px;'>El cable OSP de Categor\u00eda 6A cumple con las normas de componentes de Categor\u00eda 6A IEC 61156-5 y ANSI\/TIA568-2.D. Los conductores son de 23 AWG con aislamiento de polietileno espumado. El cable tiene una construcci\u00f3n rellena de gel para evitar la migraci\u00f3n de humedad en aplicaciones subterr\u00e1neas y h\u00famedas y un amplio rango de temperatura para entornos clim\u00e1ticos extremos. Los conductores de cobre est\u00e1n trenzados en pares&comma; separados por una cruceta central&comma; cubiertos con un blindaje de aluminio y un forro de polietileno (PE) resistente a los rayos UV y a la abrasi\u00f3n.<\/p>\n<p style='font-size: 15px; color: inherit; margin-bottom: 15px;'><strong>El cable debe usarse en instalaciones de ductos y tuber\u00edas \u00fanicamente. No debe utilizarse en instalaciones a\u00e9reas o de enterrado directo.<\/strong><\/p>\n<\/p><\/div>\n<\/p><\/div>\n<div style='display: flex; flex-wrap: wrap; gap: 20px; margin-bottom: 30px;'>\n<div style='flex: 1 1 250px; border: 1px solid rgba(150&comma; 150&comma; 150&comma; 0.4); border-radius: 8px; overflow: hidden; display: flex; flex-direction: column;'>\n<div style='padding: 15px; border-bottom: 1px solid rgba(150&comma; 150&comma; 150&comma; 0.2); font-weight: bold; font-size: 18px; color: inherit;'>Especificaciones T\u00e9cnicas<\/div>\n<div style='padding: 15px; color: inherit;'>\n<ul style='padding-left: 20px; margin: 0; font-size: 14px; list-style-type: disc;'>\n<li style='margin-bottom: 5px;'>Rendimiento: Canal certificado en una configuraci\u00f3n de 4 conectores hasta 100 metros y supera los est\u00e1ndares ISO 11801 Clase Ea y ANSI \/ TIA568-2.D Categor\u00eda 6A para admitir la transmisi\u00f3n 10GBASE-T a trav\u00e9s de sistemas de cableado de par trenzado como parte del Sistema de cableado de cobre Panduit\u00ae TX6A\u2122.<\/li>\n<li style='margin-bottom: 5px;'>Conductores y Aislantes: cobre s\u00f3lido de 23 AWG aislado con polietileno espumado.<\/li>\n<li style='margin-bottom: 5px;'>Clasificaci\u00f3n de flamabilidad: EN50575 Euroclase Fca<\/li>\n<li style='margin-bottom: 5px;'>Cumplimiento de PoE: cumple con IEEE 802.3af&comma; IEEE 802.3at e IEEE 802.3bt para aplicaciones PoE.<\/li>\n<li style='margin-bottom: 5px;'>Tensi\u00f3n M\u00e1xima de Instalaci\u00f3n: 25 lbf (110N).<\/li>\n<li style='margin-bottom: 5px;'>Clasificaci\u00f3n de temperatura: -40\u00baC a 80\u00baC (-40\u00baF a 176\u00baF) durante la operaci\u00f3n y 0\u00baC a 50\u00baC (32\u00baF a 122\u00baF) durante la instalaci\u00f3n.<\/li>\n<li style='margin-bottom: 5px;'>Forro del cable: Polietileno (PE) negro resistente a los rayos UV y a la abrasi\u00f3n.<\/li>\n<li style='margin-bottom: 5px;'>Di\u00e1metro Nominal: 8.2 mm (0&comma;323 pulgadas)<\/li>\n<li style='margin-bottom: 5px;'>Peso del Cable: 32 kg \/ 305 m (71 libras \/ 1000 pies)<\/li>\n<\/ul><\/div>\n<\/p><\/div>\n<\/p><\/div>\n<div style='display: flex; flex-wrap: wrap; gap: 30px; margin-bottom: 30px;'>\n<div style='flex: 1 1 300px; min-width: 280px;'>\n<h3 style='font-size: 22px; border-bottom: 2px solid currentColor; padding-bottom: 5px; margin-top: 0; color: inherit; opacity: 0.8;'>Imagen del Producto<\/h3>\n<div style='width: 100%;'> <img style='width: 100%; height: auto; border: 1px solid rgba(150&comma;150&comma;150&comma;0.3); border-radius: 8px;' src='https:\/\/ftp3.syscom.mx\/usuarios\/fotos\/PFO6X04BLCEG\/186849-sin_ti\u00cc\u0081tulo_2.jpeg' alt=''> <\/div>\n<\/p><\/div>\n<\/p><\/div>\n<hr style='border: 0; border-top: 1px solid rgba(150&comma; 150&comma; 150&comma; 0.3); margin: 30px 0;'> <\/div>\n","protected":false},"excerpt":{"rendered":"<p>Bobina de Cable Planta Externa con Gel, de 4 Pares, Cat6A, Blindado F\/UTP, Color Negro, 305 Metros (1000 Pies)<\/p>\n","protected":false},"featured_media":117416,"comment_status":"open","ping_status":"closed","template":"","meta":[],"product_brand":[],"product_cat":[668],"product_tag":[488,669,445],"class_list":{"0":"post-117417","1":"product","2":"type-product","3":"status-publish","4":"has-post-thumbnail","6":"product_cat-categoria-6a","7":"product_tag-cables-y-conectores","8":"product_tag-categoria-6a","9":"product_tag-panduit","11":"first","12":"instock","13":"sale","14":"shipping-taxable","15":"purchasable","16":"product-type-simple"},"_links":{"self":[{"href":"https:\/\/soydeaqui.ddns.net\/pachuca\/index.php\/wp-json\/wp\/v2\/product\/117417","targetHints":{"allow":["GET"]}}],"collection":[{"href":"https:\/\/soydeaqui.ddns.net\/pachuca\/index.php\/wp-json\/wp\/v2\/product"}],"about":[{"href":"https:\/\/soydeaqui.ddns.net\/pachuca\/index.php\/wp-json\/wp\/v2\/types\/product"}],"replies":[{"embeddable":true,"href":"https:\/\/soydeaqui.ddns.net\/pachuca\/index.php\/wp-json\/wp\/v2\/comments?post=117417"}],"wp:featuredmedia":[{"embeddable":true,"href":"https:\/\/soydeaqui.ddns.net\/pachuca\/index.php\/wp-json\/wp\/v2\/media\/117416"}],"wp:attachment":[{"href":"https:\/\/soydeaqui.ddns.net\/pachuca\/index.php\/wp-json\/wp\/v2\/media?parent=117417"}],"wp:term":[{"taxonomy":"product_brand","embeddable":true,"href":"https:\/\/soydeaqui.ddns.net\/pachuca\/index.php\/wp-json\/wp\/v2\/product_brand?post=117417"},{"taxonomy":"product_cat","embeddable":true,"href":"https:\/\/soydeaqui.ddns.net\/pachuca\/index.php\/wp-json\/wp\/v2\/product_cat?post=117417"},{"taxonomy":"product_tag","embeddable":true,"href":"https:\/\/soydeaqui.ddns.net\/pachuca\/index.php\/wp-json\/wp\/v2\/product_tag?post=117417"}],"curies":[{"name":"wp","href":"https:\/\/api.w.org\/{rel}","templated":true}]}}