{"id":117163,"date":"2026-03-24T03:00:38","date_gmt":"2026-03-24T03:00:38","guid":{"rendered":"https:\/\/soydeaqui.ddns.net\/pachuca\/index.php\/producto\/kit-de-estacion-ap-1tb-y-microfono-tlm-w-con-montaje-de-pared-incluye-alimentacion-en-12vcc-y-cables-rca\/"},"modified":"2026-03-24T03:00:41","modified_gmt":"2026-03-24T03:00:41","slug":"kit-de-estacion-ap-1tb-y-microfono-tlm-w-con-montaje-de-pared-incluye-alimentacion-en-12vcc-y-cables-rca","status":"publish","type":"product","link":"https:\/\/soydeaqui.ddns.net\/pachuca\/index.php\/producto\/kit-de-estacion-ap-1tb-y-microfono-tlm-w-con-montaje-de-pared-incluye-alimentacion-en-12vcc-y-cables-rca\/","title":{"rendered":"Kit de Estaci\u00f3n AP-1TB y Micr\u00f3fono TLM-W con montaje de pared, incluye alimentaci\u00f3n en 12Vcc y cables RCA"},"content":{"rendered":"<div style='width: 100%; max-width: 1200px; margin: 0 auto; font-family: sans-serif; line-height: 1.6; color: inherit; background-color: transparent;'>\n<div style='display: flex; flex-wrap: wrap; gap: 30px; margin-bottom: 30px;'>\n<div style='flex: 1 1 300px; min-width: 280px;'>\n<h3 style='font-size: 22px; border-bottom: 2px solid currentColor; padding-bottom: 5px; margin-top: 0; color: inherit; opacity: 0.8;'>Descripci\u00f3n<\/h3>\n<p style='font-size: 15px; color: inherit; margin-bottom: 15px;'> El <strong>ASK-4\u00ae \/ 501<\/strong> es un sistema de monitoreo de audio bidireccional de una zona la cual permite escuchar y hablar con la estaci\u00f3n <strong>TLM-W<\/strong> la cual contiene un micr\u00f3fono electret omnidireccional y una bocina de 2.5&#8242;. La estaci\u00f3n base <strong>AP-1 TB<\/strong> tiene un altavoz incorporado para escuchar desde la estaci\u00f3n remota&comma; y adem\u00e1s cuenta con salida y entrada de audio para grabaci\u00f3n y reproducci\u00f3n a una Grabadora Digital de audio. La base cuenta con un bot\u00f3n que presion\u00e1ndolo permite comunicarse con el <strong>TLM-W<\/strong>&comma; la persona en la estaci\u00f3n remota puede escuchar y hablar con manos libres. <\/p>\n<h3 style='font-size: 22px; border-bottom: 2px solid currentColor; padding-bottom: 5px; margin-top: 20px; margin-bottom: 15px; color: inherit; opacity: 0.8;'>El Kit Contiene<\/h3>\n<ul style='padding-left: 20px; font-size: 15px; color: inherit; margin-bottom: 15px;'>\n<li style='margin-bottom: 5px;'>Una bocina con micr\u00f3fono <strong>TLM-W<\/strong><\/li>\n<li style='margin-bottom: 5px;'>Una base <strong>AP-1TB<\/strong><\/li>\n<li style='margin-bottom: 5px;'>Un Adaptador de alimentaci\u00f3n de 24 Vcc <strong>AD-3<\/strong><\/li>\n<li style='margin-bottom: 5px;'>Cables RCA para conexi\u00f3n a DVR<\/li>\n<\/ul>\n<h3 style='font-size: 22px; border-bottom: 2px solid currentColor; padding-bottom: 5px; margin-top: 20px; margin-bottom: 15px; color: inherit; opacity: 0.8;'>Aplicaciones<\/h3>\n<ul style='padding-left: 20px; font-size: 15px; color: inherit; margin-bottom: 15px;'>\n<li style='margin-bottom: 5px;'>Centros de trastorno del sue\u00f1o<\/li>\n<li style='margin-bottom: 5px;'>Laboratorios de terapias<\/li>\n<li style='margin-bottom: 5px;'>Aulas<\/li>\n<li style='margin-bottom: 5px;'>Cuartos de observaci\u00f3n<\/li>\n<li style='margin-bottom: 5px;'>Bodegas<\/li>\n<li style='margin-bottom: 5px;'>Restaurantes de comida r\u00e1pida<\/li>\n<li style='margin-bottom: 5px;'>Centros m\u00e9dicos<\/li>\n<li style='margin-bottom: 5px;'>Sesiones de entrenamientos<\/li>\n<\/ul><\/div>\n<div style='flex: 1 1 300px; min-width: 280px;'>\n<h3 style='font-size: 22px; border-bottom: 2px solid currentColor; padding-bottom: 5px; margin-top: 0; color: inherit; opacity: 0.8;'>Caracter\u00edsticas<\/h3>\n<ul style='padding-left: 20px; font-size: 15px; color: inherit; margin-bottom: 15px;'>\n<li style='margin-bottom: 5px;'>Audio en 2 v\u00edas<\/li>\n<li style='margin-bottom: 5px;'>Manos libres en unidad remota TLM-W<\/li>\n<li style='margin-bottom: 5px;'>Estaci\u00f3n base AP-1TB para escritorio con micr\u00f3fono incorporado y bocina<\/li>\n<li style='margin-bottom: 5px;'>Entrada \/ salida para conexi\u00f3n a DVR para grabar y reproducir<\/li>\n<li style='margin-bottom: 5px;'>Control de volumen tanto para escuchar en tiempo real y en reproducci\u00f3n<\/li>\n<li style='margin-bottom: 5px;'>El TLM-W puede cablearse hasta 300 mts. con cable calibre 18&comma; de la base AP-1TB<\/li>\n<\/ul>\n<h3 style='font-size: 22px; border-bottom: 2px solid currentColor; padding-bottom: 5px; margin-top: 20px; margin-bottom: 15px; color: inherit; opacity: 0.8;'>Especificaciones TLM-W<\/h3>\n<ul style='padding-left: 20px; font-size: 14px; color: inherit; margin-bottom: 15px;'>\n<li style='margin-bottom: 5px;'><strong>Salida de micr\u00f3fono:<\/strong> Line Level (0 dB @ 1 K)<\/li>\n<li style='margin-bottom: 5px;'><strong>Respuesta a la frecuencia:<\/strong> 40 Hz a 15 kHz \u00b1 1 dB<\/li>\n<li style='margin-bottom: 5px;'><strong>Corriente:<\/strong> 4 mA<\/li>\n<li style='margin-bottom: 5px;'><strong>Bocina:<\/strong> 2.5&#8217;&comma; 4 W<\/li>\n<li style='margin-bottom: 5px;'><strong>Dimensiones:<\/strong> 17 cm Alto x 12 cm de Ancho x 1.2 cm de Profundidad<\/li>\n<li style='margin-bottom: 5px;'><strong>Dimensiones en caja para el TLM-W:<\/strong> 17.5 cm Alto x 13 cm de Ancho x 4 cm de Profundidad<\/li>\n<li style='margin-bottom: 5px;'><strong>Peso:<\/strong> 589 grs.<\/li>\n<\/ul>\n<h3 style='font-size: 22px; border-bottom: 2px solid currentColor; padding-bottom: 5px; margin-top: 20px; margin-bottom: 15px; color: inherit; opacity: 0.8;'>Especificaciones AP-1TB<\/h3>\n<ul style='padding-left: 20px; font-size: 14px; color: inherit; margin-bottom: 15px;'>\n<li style='margin-bottom: 5px;'><strong>Sensibilidad de entrada de el micr\u00f3fono:<\/strong> 0.78 Vrms @ 1 K<\/li>\n<li style='margin-bottom: 5px;'><strong>Sensibilidad de entrada de reproducci\u00f3n:<\/strong> -45dB<\/li>\n<li style='margin-bottom: 5px;'><strong>Potencia:<\/strong> 1 W @ 8<\/li>\n<li style='margin-bottom: 5px;'><strong>Salida de reproducci\u00f3n:<\/strong> 1 W a 70 V de l\u00ednea<\/li>\n<li style='margin-bottom: 5px;'><strong>Impedancia de salida:<\/strong> 600<\/li>\n<li style='margin-bottom: 5px;'><strong>Impedancia de entrada:<\/strong> 10 K<\/li>\n<li style='margin-bottom: 5px;'><strong>Respuesta a la frecuencia:<\/strong> 100 Hz a 10 kHz<\/li>\n<li style='margin-bottom: 5px;'><strong>Impedancia en aud\u00edfonos:<\/strong> 8 a 600<\/li>\n<li style='margin-bottom: 5px;'><strong>Voltaje de entrada:<\/strong> 12 Vcc&comma; 500 mA<\/li>\n<li style='margin-bottom: 5px;'><strong>Dimensiones:<\/strong> 20 cm de Largo x 16.7 cm de Ancho x 6 cm de Profundidad<\/li>\n<li style='margin-bottom: 5px;'><strong>Peso:<\/strong> 1 Kg.<\/li>\n<\/ul><\/div>\n<\/p><\/div>\n<div style='display: flex; flex-wrap: wrap; gap: 20px; margin-bottom: 30px;'>\n<div style='flex: 1 1 300px; border: 1px solid rgba(150&comma; 150&comma; 150&comma; 0.4); border-radius: 8px; overflow: hidden; display: flex; flex-direction: column;'>\n<div style='padding: 15px; border-bottom: 1px solid rgba(150&comma; 150&comma; 150&comma; 0.2); font-weight: bold; font-size: 18px; color: inherit;'>Case Study: Audio Enhances Safety in Ebola Hospital Ward<\/div>\n<div style='padding: 15px; color: inherit;'>\n<p style='font-size: 14px; margin-bottom: 15px;'> 2014 marc\u00f3 el a\u00f1o del mayor brote de \u00e9bola&comma; una de las enfermedades m\u00e1s mortales que la humanidad ha enfrentado. Cuando la Organizaci\u00f3n Mundial de la Salud categoriz\u00f3 la epidemia como una Emergencia de Salud P\u00fablica de Importancia Internacional en agosto pasado&comma; los hospitales de Estados Unidos actuaron r\u00e1pidamente para aumentar las medidas de seguridad. Un hospital en Nueva York aceler\u00f3 la creaci\u00f3n de una unidad temporal de \u00e9bola&comma; en caso de que un paciente con \u00e9bola llegara al aeropuerto JFK. Necesitaban configurar un sistema que permitiera a las enfermeras comunicarse con seguridad con dicho paciente&comma; as\u00ed como con cualquier persona prepar\u00e1ndose para entrar a la habitaci\u00f3n del paciente. <\/p>\n<p style='font-size: 14px; margin-bottom: 15px;'> Para enfrentar este reto&comma; el hospital emple\u00f3 una soluci\u00f3n de audio avanzada de Louroe Electronics. <a href='http:\/\/www.louroe.com\/case-studies\/healthcare\/' style='color: #6DC6DD; text-decoration: underline;' target='_blank'>Leer m\u00e1s aqu\u00ed<\/a> <\/p>\n<\/p><\/div>\n<\/p><\/div>\n<div style='flex: 1 1 300px; border: 1px solid rgba(150&comma; 150&comma; 150&comma; 0.4); border-radius: 8px; overflow: hidden; display: flex; flex-direction: column;'>\n<div style='padding: 15px; border-bottom: 1px solid rgba(150&comma; 150&comma; 150&comma; 0.2); font-weight: bold; font-size: 18px; color: inherit;'>CEO Richard Brent Nombrado 2014 SIA Committee Chair of the Year<\/div>\n<div style='padding: 15px; color: inherit;'>\n<p style='font-size: 14px; margin-bottom: 15px;'> Louroe Electronics est\u00e1 orgulloso de anunciar que su CEO&comma; <a href='http:\/\/www.louroe.com\/2014-sia-committee-chair-of-the-year\/' style='color: #6DC6DD; text-decoration: underline;' target='_blank'>Richard Brent&comma; ha sido nombrado 2014 Security Industry Association (SIA) Committee Chair of the Year<\/a>. SIA est\u00e1 honrando a Brent por su extraordinario trabajo como presidente del Comit\u00e9 de Planificaci\u00f3n del Summit Gubernamental de SIA. <\/p>\n<p style='font-size: 14px; margin-bottom: 15px;'> &#8216;Estar nominado como SIA 2014 Committee Chairman of the Year es un honor genuino. El compromiso de los miembros y personal de SIA para marcar la diferencia en nuestra asociaci\u00f3n industrial es excelente&#8217;&comma; dijo Richard Brent&comma; CEO de Louroe Electronics y galardonado por SIA. &#8216;Estar seleccionado para este premio es incre\u00edble porque reconoce mi compromiso con la relaci\u00f3n continua con SIA y nuestra misi\u00f3n combinada de fortalecer la industria de seguridad. Gracias.&#8217; <\/p>\n<p style='font-size: 14px; margin-bottom: 0;'> John Stroia&comma; presidente del consejo directivo de SIA&comma; presentar\u00e1 a Brent con el Premio SIA Committee Chair of the Year en <a href='http:\/\/www.securityindustry.org\/Pages\/MemberServices\/The-Advance.aspx' style='color: #6DC6DD; text-decoration: underline;' target='_blank'>The Advance &#8211; Reuni\u00f3n anual de SIA en ISC West<\/a>. Todos los miembros de SIA y otros galardonados pueden asistir al programa&comma; que tendr\u00e1 lugar en Sands Expo and Convention Center en Las Vegas&comma; Nevada&comma; el martes 14 de abril de 10:30 a 11:30 a.m. <\/p>\n<\/p><\/div>\n<\/p><\/div>\n<\/p><\/div>\n<div style='display: flex; flex-wrap: wrap; gap: 20px; margin-bottom: 30px;'>\n<div style='flex: 1 1 300px; min-width: 280px;'> <a href='http:\/\/www.louroe.com\/products-systems\/Audio-Monitoring-Kits\/LE-025' style='display: block; text-align: center; background-color: #0079C2; color: #FFFFFF; padding: 16px; font-size: 16px; font-weight: bold; text-decoration: none; border-radius: 2px; margin-bottom: 15px;' target='_blank'>Ver m\u00e1s informaci\u00f3n del producto<\/a> <img style='width: 100%; height: auto; border: 1px solid rgba(150&comma;150&comma;150&comma;0.3); border-radius: 8px;' src='https:\/\/gallery.mailchimp.com\/4ae73e887a03df3145af850c9\/images\/fe803667-65e3-4ef8-88ba-490864932ee8.jpg' alt=''> <\/div>\n<div style='flex: 1 1 300px; min-width: 280px;'> <img style='width: 100%; height: auto; border: 1px solid rgba(150&comma;150&comma;150&comma;0.3); border-radius: 8px;' src='https:\/\/gallery.mailchimp.com\/4ae73e887a03df3145af850c9\/images\/5622466e-8d04-4f18-bf1b-98128a5e2dd1.jpg' alt=''> <\/div>\n<\/p><\/div>\n<div style='display: flex; flex-wrap: wrap; gap: 20px; margin-bottom: 30px;'>\n<div style='flex: 1 1 200px;'> <img style='width: 100%; height: auto; border: 1px solid rgba(150&comma;150&comma;150&comma;0.3); border-radius: 8px;' src='http:\/\/ftp3.syscom.mx\/usuarios\/fotos\/ASK-4501\/ASK-4501.JPG' alt=''> <\/div>\n<\/p><\/div>\n<div style='display: flex; flex-wrap: wrap; gap: 20px; margin-bottom: 30px;'>\n<div style='flex: 1 1 200px;'> <img style='width: 100%; height: auto; border: 1px solid rgba(150&comma;150&comma;150&comma;0.3); border-radius: 8px;' src='https:\/\/gallery.mailchimp.com\/4ae73e887a03df3145af850c9\/images\/9262d8c9-6afa-4c01-856e-452bbcd13de9.jpg' alt=''> <\/div>\n<div style='flex: 1 1 200px;'>\n<div style='padding: 15px; background-color: #F2F2F2; border: 1px solid rgba(150&comma;150&comma;150&comma;0.3); border-radius: 8px;'>\n<p style='margin-bottom: 15px; font-size: 14px; color: #606060;'> <strong>Copyright \u00a9 2015 Louroe Electronics \u00ae&comma; Todos los derechos reservados.<\/strong><\/p>\n<p> <strong>Nuestra direcci\u00f3n:<\/strong><br \/> 6955 Valjean Ave.&comma; Van Nuys&comma; CA 91406<br \/> Tel: (800) 927-6498 \/ Fax: (818) 994-6458 <\/p>\n<div style='display: flex; gap: 10px; flex-wrap: wrap;'> <a href='http:\/\/us3.forward-to-friend.com\/forward?u=4ae73e887a03df3145af850c9&#038;id=0d269937c3&#038;e=32690500d1' style='text-decoration: none; color: #505050; font-size: 12px; display: inline-flex; align-items: center; margin-bottom: 8px;' target='_blank'> <img src='http:\/\/cdn-images.mailchimp.com\/icons\/social-block-v2\/color-forwardtofriend-48.png' style='width: 24px; height: 24px; border: none; margin-right: 5px;' alt='Forward'> Forward <\/a> <a href='http:\/\/www.linkedin.com\/shareArticle?url=http%3A%2F%2Feepurl.com%2FbeiR4L&#038;mini=true&#038;title=A+Sound+Solution+in+Healthcare+Security' style='text-decoration: none; color: #505050; font-size: 12px; display: inline-flex; align-items: center; margin-bottom: 8px;' target='_blank'> <img src='http:\/\/cdn-images.mailchimp.com\/icons\/social-block-v2\/color-linkedin-48.png' style='width: 24px; height: 24px; border: none; margin-right: 5px;' alt='LinkedIn'> Compartir <\/a> <a href='http:\/\/twitter.com\/intent\/tweet?text=A+Sound+Solution+in+Healthcare+Security: http%3A%2F%2Feepurl.com%2FbeiR4L' style='text-decoration: none; color: #505050; font-size: 12px; display: inline-flex; align-items: center; margin-bottom: 8px;' target='_blank'> <img src='http:\/\/cdn-images.mailchimp.com\/icons\/social-block-v2\/color-twitter-48.png' style='width: 24px; height: 24px; border: none; margin-right: 5px;' alt='Twitter'> Tweet <\/a> <a href='http:\/\/louroe.us3.list-manage1.com\/unsubscribe?u=4ae73e887a03df3145af850c9&#038;id=0edfb89077&#038;e=32690500d1&#038;c=0d269937c3' style='text-decoration: none; color: #505050; font-size: 12px; margin-bottom: 8px;' target='_blank'>Desuscribirse<\/a> <a href='http:\/\/louroe.us3.list-manage2.com\/profile?u=4ae73e887a03df3145af850c9&#038;id=0edfb89077&#038;e=32690500d1' style='text-decoration: none; color: #505050; font-size: 12px; margin-bottom: 8px;' target='_blank'>Actualizar preferencias<\/a> <\/div>\n<\/p><\/div>\n<\/p><\/div>\n<\/p><\/div>\n<hr style='border: 0; border-top: 1px solid rgba(150&comma; 150&comma; 150&comma; 0.3); margin: 30px 0;'> <\/div>\n","protected":false},"excerpt":{"rendered":"<p>Kit de Estaci\u00f3n AP-1TB y Micr\u00f3fono TLM-W con montaje de pared, incluye alimentaci\u00f3n en 12Vcc y cables RCA<\/p>\n","protected":false},"featured_media":117162,"comment_status":"open","ping_status":"closed","template":"","meta":[],"product_brand":[],"product_cat":[2301],"product_tag":[417,975,2302],"class_list":{"0":"post-117163","1":"product","2":"type-product","3":"status-publish","4":"has-post-thumbnail","6":"product_cat-microfonos","7":"product_tag-accesorios-generales","8":"product_tag-louroe-electronics","9":"product_tag-microfonos","11":"first","12":"outofstock","13":"sale","14":"shipping-taxable","15":"purchasable","16":"product-type-simple"},"_links":{"self":[{"href":"https:\/\/soydeaqui.ddns.net\/pachuca\/index.php\/wp-json\/wp\/v2\/product\/117163","targetHints":{"allow":["GET"]}}],"collection":[{"href":"https:\/\/soydeaqui.ddns.net\/pachuca\/index.php\/wp-json\/wp\/v2\/product"}],"about":[{"href":"https:\/\/soydeaqui.ddns.net\/pachuca\/index.php\/wp-json\/wp\/v2\/types\/product"}],"replies":[{"embeddable":true,"href":"https:\/\/soydeaqui.ddns.net\/pachuca\/index.php\/wp-json\/wp\/v2\/comments?post=117163"}],"wp:featuredmedia":[{"embeddable":true,"href":"https:\/\/soydeaqui.ddns.net\/pachuca\/index.php\/wp-json\/wp\/v2\/media\/117162"}],"wp:attachment":[{"href":"https:\/\/soydeaqui.ddns.net\/pachuca\/index.php\/wp-json\/wp\/v2\/media?parent=117163"}],"wp:term":[{"taxonomy":"product_brand","embeddable":true,"href":"https:\/\/soydeaqui.ddns.net\/pachuca\/index.php\/wp-json\/wp\/v2\/product_brand?post=117163"},{"taxonomy":"product_cat","embeddable":true,"href":"https:\/\/soydeaqui.ddns.net\/pachuca\/index.php\/wp-json\/wp\/v2\/product_cat?post=117163"},{"taxonomy":"product_tag","embeddable":true,"href":"https:\/\/soydeaqui.ddns.net\/pachuca\/index.php\/wp-json\/wp\/v2\/product_tag?post=117163"}],"curies":[{"name":"wp","href":"https:\/\/api.w.org\/{rel}","templated":true}]}}