{"id":116200,"date":"2026-03-24T02:01:51","date_gmt":"2026-03-24T02:01:51","guid":{"rendered":"https:\/\/soydeaqui.ddns.net\/pachuca\/index.php\/producto\/microfono-discreto-con-gran-sensibilidad-de-captacion-de-sonido-con-preamplificador-integrado-con-la-capacidad-de-escuchar-audio-con-la-estacion-base\/"},"modified":"2026-03-24T02:01:54","modified_gmt":"2026-03-24T02:01:54","slug":"microfono-discreto-con-gran-sensibilidad-de-captacion-de-sonido-con-preamplificador-integrado-con-la-capacidad-de-escuchar-audio-con-la-estacion-base","status":"publish","type":"product","link":"https:\/\/soydeaqui.ddns.net\/pachuca\/index.php\/producto\/microfono-discreto-con-gran-sensibilidad-de-captacion-de-sonido-con-preamplificador-integrado-con-la-capacidad-de-escuchar-audio-con-la-estacion-base\/","title":{"rendered":"Micr\u00f3fono discreto con gran sensibilidad de captaci\u00f3n de sonido con preamplificador integrado con la capacidad de escuchar audio con la estaci\u00f3n base"},"content":{"rendered":"<div style='width: 100%; max-width: 1200px; margin: 0 auto; font-family: sans-serif; line-height: 1.6; color: inherit; background-color: transparent;'> <!-- Contenido principal --> <\/p>\n<div style='margin-bottom: 30px;'>\n<p style='margin: 15px 0;'> Verifact\u00ae DV es un micr\u00f3fono omnidireccional para montaje en techos o pared. El modelo DV est\u00e1 dise\u00f1ado para \u00e1reas propensas al vandalismo. La superficie antivandalismo cuenta con celos\u00eda para proteger el micr\u00f3fono. Adem\u00e1s el elemento est\u00e1 montado en una caja r\u00edgida empotrada para evitar da\u00f1os por objetos extra\u00f1os. El micr\u00f3fono puede captar sonidos normales dentro de un radio de 4.5 metros&comma; es alimentado por 12 Vdc y genera se\u00f1al nivel de l\u00ednea. <\/p>\n<h3 style='font-size: 20px; margin: 20px 0 10px; color: inherit; opacity: 0.8;'>Aplicaciones:<\/h3>\n<ul style='padding-left: 20px; margin: 0 0 20px 20px; font-size: 15px; color: inherit;'>\n<li style='margin-bottom: 5px;'>En aplicaciones de CCTV.<\/li>\n<li style='margin-bottom: 5px;'>Tiendas de comida r\u00e1pida.<\/li>\n<li style='margin-bottom: 5px;'>Centros de desorden del sue\u00f1o.<\/li>\n<li style='margin-bottom: 5px;'>Laboratorios de terapia.<\/li>\n<li style='margin-bottom: 5px;'>Cuartos de interrogaci\u00f3n.<\/li>\n<li style='margin-bottom: 5px;'>Escuelas&comma; negocios&comma; cajeros.<\/li>\n<li style='margin-bottom: 5px;'>Tiendas departamentales.<\/li>\n<\/ul>\n<h3 style='font-size: 20px; margin: 20px 0 10px; color: inherit; opacity: 0.8;'>Caracter\u00edsticas:<\/h3>\n<ul style='padding-left: 20px; margin: 0 0 20px 20px; font-size: 15px; color: inherit;'>\n<li style='margin-bottom: 5px;'>Captaci\u00f3n de sonidos normales de 4.5 metros de separaci\u00f3n.<\/li>\n<li style='margin-bottom: 5px;'>Compatible con bases e interfaces LOUROE.<\/li>\n<li style='margin-bottom: 5px;'>Cableados hasta de 300 metros respecto a la base e interface.<\/li>\n<li style='margin-bottom: 5px;'>Montajes para cielo \u00f3 superficies planas.<\/li>\n<li style='margin-bottom: 5px;'>Alimentaci\u00f3n a trav\u00e9s de la base o interface.<\/li>\n<li style='margin-bottom: 5px;'>Micr\u00f3fono con switch de sensibilidad.<\/li>\n<\/ul>\n<h3 style='font-size: 20px; margin: 20px 0 10px; color: inherit; opacity: 0.8;'>Especificaciones:<\/h3>\n<ul style='padding-left: 20px; margin: 0 0 20px 20px; font-size: 15px; color: inherit;'>\n<li style='margin-bottom: 5px;'><strong>Tipo:<\/strong> Electro-condensador<\/li>\n<li style='margin-bottom: 5px;'><strong>Salida:<\/strong> Line Level (0dB @ 1k ohm)&comma; sin balanceo.<\/li>\n<li style='margin-bottom: 5px;'><strong>Impedancia de salida:<\/strong> 600 ohm.<\/li>\n<li style='margin-bottom: 5px;'><strong>Frecuencia de respuesta:<\/strong> 40 kHz +\/- 1 dB<\/li>\n<li style='margin-bottom: 5px;'><strong>Corriente de operaci\u00f3n:<\/strong> 4 mA<\/li>\n<li style='margin-bottom: 5px;'><strong>Voltaje de operaci\u00f3n:<\/strong> 12 Vcc&comma; 500 mA.<\/li>\n<li style='margin-bottom: 5px;'><strong>Dimensiones:<\/strong> Ancho 2 \u00be\u201d x 4 \u00bd Altura. Ancho 6.9 cm x 11.4 cm Altura.<\/li>\n<li style='margin-bottom: 5px;'><strong>Peso:<\/strong> 0.13 kg.<\/li>\n<li style='margin-bottom: 5px;'><strong>Cableado:<\/strong> Requiere cable blindado para audio \u00f3 equivalente&comma; requiere blindado ya que es el m\u00e1s adecuado para las aplicaciones de audio. Modelos sugeridos 9261&comma; TI21<\/li>\n<\/ul><\/div>\n<p> <!-- Im\u00e1genes --> <\/p>\n<div style='display: flex; flex-wrap: wrap; gap: 20px; margin-bottom: 30px; justify-content: center;'> <img style='width: 100%; max-width: 560px; height: auto; border: 1px solid rgba(150&comma;150&comma;150&comma;0.3); border-radius: 8px;' src='http:\/\/ftp3.syscom.mx\/usuarios\/mfragoso\/verifactdv.png' alt='DIAGRAMA VERIFACT DV'> <img style='width: 100%; max-width: 560px; height: auto; border: 1px solid rgba(150&comma;150&comma;150&comma;0.3); border-radius: 8px;' src='http:\/\/ftp3.syscom.mx\/usuarios\/fotos\/VERIFACTDVima\/VERIFACTDV1.jpg' alt=''> <img style='width: 100%; max-width: 560px; height: auto; border: 1px solid rgba(150&comma;150&comma;150&comma;0.3); border-radius: 8px;' src='http:\/\/ftp3.syscom.mx\/usuarios\/fotos\/VERIFACTDVima\/VERIFACTDV.jpg' alt=''> <\/div>\n<p> <!-- Videos --> <\/p>\n<div style='display: flex; flex-wrap: wrap; gap: 20px; margin-bottom: 30px; justify-content: center;'>\n<div style='width: 100%; max-width: 560px; margin: 10px 0;'>\n<div style='position: relative; padding-bottom: 56.25%; height: 0; overflow: hidden;'>   <\/div>\n<\/p><\/div>\n<div style='width: 100%; max-width: 560px; margin: 10px 0;'>\n<div style='position: relative; padding-bottom: 56.25%; height: 0; overflow: hidden;'>   <\/div>\n<\/p><\/div>\n<div style='width: 100%; max-width: 560px; margin: 10px 0;'>\n<div style='position: relative; padding-bottom: 56.25%; height: 0; overflow: hidden;'>   <\/div>\n<\/p><\/div>\n<div style='width: 100%; max-width: 560px; margin: 10px 0;'>\n<div style='position: relative; padding-bottom: 56.25%; height: 0; overflow: hidden;'>   <\/div>\n<\/p><\/div>\n<\/p><\/div>\n<p> <!-- Separador final --> <\/p>\n<hr style='border: 0; border-top: 1px solid rgba(150&comma; 150&comma; 150&comma; 0.3); margin: 30px 0;'> <\/div>\n","protected":false},"excerpt":{"rendered":"<p>Micr\u00f3fono discreto con gran sensibilidad de captaci\u00f3n de sonido con preamplificador integrado con la capacidad de escuchar audio con la estaci\u00f3n base<\/p>\n","protected":false},"featured_media":116199,"comment_status":"open","ping_status":"closed","template":"","meta":[],"product_brand":[],"product_cat":[2301],"product_tag":[417,975,2302],"class_list":{"0":"post-116200","1":"product","2":"type-product","3":"status-publish","4":"has-post-thumbnail","6":"product_cat-microfonos","7":"product_tag-accesorios-generales","8":"product_tag-louroe-electronics","9":"product_tag-microfonos","11":"first","12":"outofstock","13":"sale","14":"shipping-taxable","15":"purchasable","16":"product-type-simple"},"_links":{"self":[{"href":"https:\/\/soydeaqui.ddns.net\/pachuca\/index.php\/wp-json\/wp\/v2\/product\/116200","targetHints":{"allow":["GET"]}}],"collection":[{"href":"https:\/\/soydeaqui.ddns.net\/pachuca\/index.php\/wp-json\/wp\/v2\/product"}],"about":[{"href":"https:\/\/soydeaqui.ddns.net\/pachuca\/index.php\/wp-json\/wp\/v2\/types\/product"}],"replies":[{"embeddable":true,"href":"https:\/\/soydeaqui.ddns.net\/pachuca\/index.php\/wp-json\/wp\/v2\/comments?post=116200"}],"wp:featuredmedia":[{"embeddable":true,"href":"https:\/\/soydeaqui.ddns.net\/pachuca\/index.php\/wp-json\/wp\/v2\/media\/116199"}],"wp:attachment":[{"href":"https:\/\/soydeaqui.ddns.net\/pachuca\/index.php\/wp-json\/wp\/v2\/media?parent=116200"}],"wp:term":[{"taxonomy":"product_brand","embeddable":true,"href":"https:\/\/soydeaqui.ddns.net\/pachuca\/index.php\/wp-json\/wp\/v2\/product_brand?post=116200"},{"taxonomy":"product_cat","embeddable":true,"href":"https:\/\/soydeaqui.ddns.net\/pachuca\/index.php\/wp-json\/wp\/v2\/product_cat?post=116200"},{"taxonomy":"product_tag","embeddable":true,"href":"https:\/\/soydeaqui.ddns.net\/pachuca\/index.php\/wp-json\/wp\/v2\/product_tag?post=116200"}],"curies":[{"name":"wp","href":"https:\/\/api.w.org\/{rel}","templated":true}]}}