{"id":116003,"date":"2026-03-24T01:50:58","date_gmt":"2026-03-24T01:50:58","guid":{"rendered":"https:\/\/soydeaqui.ddns.net\/pachuca\/index.php\/producto\/software-ivms-4200-gratuito-monitoreo-local-4-pantallas-256-camaras-simultaneas-ddns-compatible-con-epcom-hikvision-hilook\/"},"modified":"2026-03-24T01:51:00","modified_gmt":"2026-03-24T01:51:00","slug":"software-ivms-4200-gratuito-monitoreo-local-4-pantallas-256-camaras-simultaneas-ddns-compatible-con-epcom-hikvision-hilook","status":"publish","type":"product","link":"https:\/\/soydeaqui.ddns.net\/pachuca\/index.php\/producto\/software-ivms-4200-gratuito-monitoreo-local-4-pantallas-256-camaras-simultaneas-ddns-compatible-con-epcom-hikvision-hilook\/","title":{"rendered":"Software iVMS-4200 \/ GRATUITO \/ Monitoreo Local \/ 4 Pantallas \/ 256 C\u00e1maras Simultaneas \/ DDNS \/ Compatible con epcom \/ Hikvision \/ HiLook"},"content":{"rendered":"<div style='width: 100%; max-width: 1200px; margin: 0 auto; font-family: sans-serif; line-height: 1.6; color: inherit;'>\n<div style='display: flex; flex-direction: column; gap: 20px;'>\n<div style='flex: 1 1 100%;'>\n<p>iVMS-4200 es un software de gesti\u00f3n de video que utiliza una estructura distribuida para ofrecer gesti\u00f3n centralizada a todos los dispositivos conectables. Permite gestionar el NVR&comma; DVR&comma; c\u00e1maras IP y decodificadores. Con distintos m\u00f3dulos de gesti\u00f3n y configuraci\u00f3n y una combinaci\u00f3n razonable&comma; ofrece m\u00faltiples soluciones para distintos casos de vigilancia a peque\u00f1a o media escala estando en la misma red LAN<\/p>\n<p style='text-align: center;'><a href='https:\/\/ftp3.syscom.mx\/usuarios\/fespinoza\/HIKVISION\/Software\/IVMS-4200%20V3.6.1.3\/IVMS4200%20V3.6.1.3%20%28all%20languages%29.rar' style='color: #0066cc; text-decoration: underline;'>Clic aqu\u00ed para descargar<\/a><\/p>\n<\/p><\/div>\n<div style='flex: 1 1 100%; border: 1px solid rgba(150&comma;150&comma;150&comma;0.3); border-radius: 8px; padding: 20px;'>\n<h3 style='font-size: 20px; margin-top: 0; color: inherit; opacity: 0.8;'>Requerimientos de Sistema (recomendados):<\/h3>\n<ul style='padding-left: 20px; margin: 15px 0; color: inherit;'>\n<li style='margin-bottom: 8px;'>Intel i5 6ta Generaci\u00f3n recomendado i7 6ta Generaci\u00f3n en adelante.<\/li>\n<li style='margin-bottom: 8px;'>16 GB de memoria RAM.<\/li>\n<li style='margin-bottom: 8px;'>Tarjeta Aceleradora de Video 2 GB o superior.<\/li>\n<li style='margin-bottom: 8px;'>DirecX 11.0 o Superior.<\/li>\n<li style='margin-bottom: 8px;'>500 MB de espacio libre en disco duro.<\/li>\n<li style='margin-bottom: 8px;'>Paquete de Intercambio de red WinCap y librerias dll<\/li>\n<\/ul><\/div>\n<div style='flex: 1 1 100%; border: 1px solid rgba(150&comma;150&comma;150&comma;0.3); border-radius: 8px; padding: 20px;'>\n<h3 style='font-size: 20px; margin-top: 0; color: inherit; opacity: 0.8;'>Funciones Especiales:<\/h3>\n<ul style='padding-left: 20px; margin: 15px 0; color: inherit;'>\n<li style='margin-bottom: 8px;'>Incluye interfaz de mapas (MAP).<\/li>\n<li style='margin-bottom: 8px;'>Configuraci\u00f3n local de equipos DVR\u00b4s&comma; NVR\u00b4s y c\u00e1maras IP.<\/li>\n<li style='margin-bottom: 8px;'>Compatibilidad con equipos Hikvision\/epcom y HiLook.<\/li>\n<li style='margin-bottom: 8px;'>Protecci\u00f3n por usuario y contrase\u00f1a.<\/li>\n<li style='margin-bottom: 8px;'>Control PTZ con el mouse.<\/li>\n<li style='margin-bottom: 8px;'>Audio de 2 v\u00edas.<\/li>\n<li style='margin-bottom: 8px;'>Compatible DDNS HIKVISION y SYSCOM.<\/li>\n<\/ul><\/div>\n<div style='flex: 1 1 100%; border: 1px solid rgba(150&comma;150&comma;150&comma;0.3); border-radius: 8px; padding: 20px;'>\n<h3 style='font-size: 20px; margin-top: 0; color: inherit; opacity: 0.8;'>Caracter\u00edsticas del Software:<\/h3>\n<ul style='padding-left: 20px; margin: 15px 0; color: inherit;'>\n<li style='margin-bottom: 8px;'>Puede administrar hasta 256 dispositivos o c\u00e1maras (ejemplo 256 c\u00e1maras IP&comma; o 1 NVR de 256 canales como m\u00e1ximo.<\/li>\n<li style='margin-bottom: 8px;'>Soporta hasta 4 monitores (64 c\u00e1maras simultaneas por monitor).<\/li>\n<li style='margin-bottom: 8px;'>Soporta equipos locales<\/li>\n<li style='margin-bottom: 8px;'>Soporta audio de 2 vias<\/li>\n<li style='margin-bottom: 8px;'>Soporta configuraci\u00f3n local en dispositivos Hikvision\/epcom y HiLook.<\/li>\n<li style='margin-bottom: 8px;'>Constantes actualizaciones GRATUITAS.<\/li>\n<\/ul><\/div>\n<div style='flex: 1 1 100%;'>\n<p>Antes el software permitia conexi\u00f3nes P2P para visualizar dispositivos&comma; si usted desea visualizar equipos por P2P le recomendamos utilizar la plataforma de <a href='https:\/\/www.syscom.mx\/products\/226154' style='color: #0066cc; text-decoration: underline;'>HikConnect Teams<\/a>&comma; el cual le ofrece 32ch gratuitos. Para mas informaci\u00f3n puede consultar con el departamento de ingenieria syscom<\/p>\n<\/p><\/div>\n<div style='flex: 1 1 100%;'>\n<p>Consulte al departamento de ingenier\u00eda cualquier duda.<\/p>\n<\/p><\/div>\n<div style='flex: 1 1 100%; border: 1px solid rgba(150&comma;150&comma;150&comma;0.3); border-radius: 8px; padding: 20px; background-color: rgba(238&comma;238&comma;238&comma;0.3);'>\n<h3 style='font-size: 18px; text-align: center; margin-top: 0; color: inherit;'>AI Dashboard<\/h3>\n<p style='text-align: justify; margin: 20px 0; font-size: 14px;'>El software incorpora el m\u00f3dulo AI Dashboard a trav\u00e9s del cual puede experimentar caracter\u00edsticas avanzadas de los dispositivos con funciones de IA (Inteligencia Artificial).<\/p>\n<\/p><\/div>\n<div style='display: flex; flex-wrap: wrap; gap: 20px; margin-top: 30px;'>\n<div style='flex: 1 1 45%; min-width: 300px;'>\n<div style='width: 100%;'>\n<div style='position: relative; padding-bottom: 56.25%; height: 0; overflow: hidden;'>   <\/div>\n<div style='border-top: 5px solid #DF001D; padding: 15px; background-color: #fff;'>\n<h3 style='margin-top: 0; color: inherit;'>Reconocimiento de Placas y Conteo de Vehiculos<\/h3>\n<p>El software nos permite interactuar y realizar b\u00fasquedas inteligentes con la informaci\u00f3n generada por c\u00e1maras con funcion ANPR. <a href='https:\/\/bit.ly\/37HNM8A' target='_blank' rel='noopener' style='color: #0066cc; text-decoration: underline;'>Ver Modelos<\/a><\/p>\n<\/p><\/div>\n<\/p><\/div>\n<\/p><\/div>\n<div style='flex: 1 1 45%; min-width: 300px;'>\n<div style='width: 100%;'>\n<div style='position: relative; padding-bottom: 56.25%; height: 0; overflow: hidden;'>   <\/div>\n<div style='border-top: 5px solid #DF001D; padding: 15px; background-color: #fff;'>\n<h3 style='margin-top: 0; color: inherit;'>B\u00fasqueda por Atributos<\/h3>\n<p>El software permite b\u00fasquedas por atributos de personas usando la inteligencia artificial de c\u00e1maras DeepinView. <a href='https:\/\/bit.ly\/3se3oKi' target='_blank' rel='noopener' style='color: #0066cc; text-decoration: underline;'>Ver Modelos<\/a><\/p>\n<\/p><\/div>\n<\/p><\/div>\n<\/p><\/div>\n<\/p><\/div>\n<div style='flex: 1 1 100%; margin-top: 30px;'>\n<p style='color: inherit;'>&#8211;<\/p>\n<\/p><\/div>\n<\/p><\/div>\n<\/p><\/div>\n","protected":false},"excerpt":{"rendered":"<p>Software iVMS-4200 \/ GRATUITO \/ Monitoreo Local \/ 4 Pantallas \/ 256 C\u00e1maras Simultaneas \/ DDNS \/ Compatible con epcom \/ Hikvision \/ HiLook<\/p>\n","protected":false},"featured_media":116002,"comment_status":"open","ping_status":"closed","template":"","meta":[],"product_brand":[],"product_cat":[2234],"product_tag":[122,54,2235],"class_list":{"0":"post-116003","1":"product","2":"type-product","3":"status-publish","4":"has-post-thumbnail","6":"product_cat-nvrs-network-video-recorders","7":"product_tag-camaras-ip-y-nvrs","8":"product_tag-hikvision","9":"product_tag-nvrs-network-video-recorders","11":"first","12":"outofstock","13":"sale","14":"shipping-taxable","15":"purchasable","16":"product-type-simple"},"_links":{"self":[{"href":"https:\/\/soydeaqui.ddns.net\/pachuca\/index.php\/wp-json\/wp\/v2\/product\/116003","targetHints":{"allow":["GET"]}}],"collection":[{"href":"https:\/\/soydeaqui.ddns.net\/pachuca\/index.php\/wp-json\/wp\/v2\/product"}],"about":[{"href":"https:\/\/soydeaqui.ddns.net\/pachuca\/index.php\/wp-json\/wp\/v2\/types\/product"}],"replies":[{"embeddable":true,"href":"https:\/\/soydeaqui.ddns.net\/pachuca\/index.php\/wp-json\/wp\/v2\/comments?post=116003"}],"wp:featuredmedia":[{"embeddable":true,"href":"https:\/\/soydeaqui.ddns.net\/pachuca\/index.php\/wp-json\/wp\/v2\/media\/116002"}],"wp:attachment":[{"href":"https:\/\/soydeaqui.ddns.net\/pachuca\/index.php\/wp-json\/wp\/v2\/media?parent=116003"}],"wp:term":[{"taxonomy":"product_brand","embeddable":true,"href":"https:\/\/soydeaqui.ddns.net\/pachuca\/index.php\/wp-json\/wp\/v2\/product_brand?post=116003"},{"taxonomy":"product_cat","embeddable":true,"href":"https:\/\/soydeaqui.ddns.net\/pachuca\/index.php\/wp-json\/wp\/v2\/product_cat?post=116003"},{"taxonomy":"product_tag","embeddable":true,"href":"https:\/\/soydeaqui.ddns.net\/pachuca\/index.php\/wp-json\/wp\/v2\/product_tag?post=116003"}],"curies":[{"name":"wp","href":"https:\/\/api.w.org\/{rel}","templated":true}]}}