{"id":115717,"date":"2026-03-24T01:36:15","date_gmt":"2026-03-24T01:36:15","guid":{"rendered":"https:\/\/soydeaqui.ddns.net\/pachuca\/index.php\/producto\/microfono-louroe-en-caja-para-aplicaciones-en-areas-con-alto-nivel-de-ruido\/"},"modified":"2026-03-24T01:36:17","modified_gmt":"2026-03-24T01:36:17","slug":"microfono-louroe-en-caja-para-aplicaciones-en-areas-con-alto-nivel-de-ruido","status":"publish","type":"product","link":"https:\/\/soydeaqui.ddns.net\/pachuca\/index.php\/producto\/microfono-louroe-en-caja-para-aplicaciones-en-areas-con-alto-nivel-de-ruido\/","title":{"rendered":"Micr\u00f3fono Louroe en caja para aplicaciones en \u00e1reas con alto nivel de ruido"},"content":{"rendered":"<div style='width: 100%; max-width: 1200px; margin: 0 auto; font-family: sans-serif; line-height: 1.6; color: inherit; background-color: transparent;'> <!-- Secci\u00f3n de descripci\u00f3n principal --> <\/p>\n<div style='margin-bottom: 30px; font-size: 15px;'>\n<p style='margin: 0 0 15px 0; color: inherit;'>Verifact\u00ae K es un micr\u00f3fono din\u00e1mico con un patr\u00f3n omnidireccional modificado y est\u00e1 especialmente dise\u00f1ado para las zonas con <span style='font-weight: bold; color: inherit;'>exceso<\/span> de ruido o cuando el nivel de sonido ambiente es <span style='font-weight: bold; color: inherit;'>alto<\/span>. El Verifact\u00ae K est\u00e1 modificado para escuchar m\u00e1s del frente del micr\u00f3fono que de los lados o atr\u00e1s. El micr\u00f3fono captura hasta <span style='font-weight: bold; color: inherit;'>4 metros<\/span>&comma; es alimentado por 12 Vdc y produce se\u00f1al nivel de l\u00ednea.<\/p>\n<\/p><\/div>\n<p> <!-- Secci\u00f3n de aplicaciones --> <\/p>\n<div style='display: flex; flex-wrap: wrap; gap: 30px; margin-bottom: 30px;'>\n<div style='flex: 1 1 300px; min-width: 280px;'>\n<h3 style='font-size: 22px; border-bottom: 2px solid currentColor; padding-bottom: 5px; margin-top: 0; color: inherit; opacity: 0.8;'>Aplicaciones<\/h3>\n<ul style='padding-left: 20px; font-size: 15px; color: inherit;'>\n<li style='margin-bottom: 5px;'>En aplicaciones de CCTV.<\/li>\n<li style='margin-bottom: 5px;'>Tiendas de comida r\u00e1pida.<\/li>\n<li style='margin-bottom: 5px;'>Centros de desorden del sue\u00f1o.<\/li>\n<li style='margin-bottom: 5px;'>Laboratorios de terapia.<\/li>\n<li style='margin-bottom: 5px;'>Cuartos de interrogaci\u00f3n.<\/li>\n<li style='margin-bottom: 5px;'>Escuelas&comma; negocios&comma; cajeros.<\/li>\n<li style='margin-bottom: 5px;'>Tiendas departamentales.<\/li>\n<\/ul><\/div>\n<p> <!-- Secci\u00f3n de caracter\u00edsticas --> <\/p>\n<div style='flex: 1 1 300px; min-width: 280px;'>\n<h3 style='font-size: 22px; border-bottom: 2px solid currentColor; padding-bottom: 5px; margin-top: 0; color: inherit; opacity: 0.8;'>Caracter\u00edsticas<\/h3>\n<ul style='padding-left: 20px; font-size: 15px; color: inherit;'>\n<li style='margin-bottom: 5px;'>Captaci\u00f3n de sonidos normales de 3.5 metros de separaci\u00f3n.<\/li>\n<li style='margin-bottom: 5px;'>Compatible con bases e interfaces LOUROE.<\/li>\n<li style='margin-bottom: 5px;'>Cableados hasta de 300 metros respecto a la base e interface.<\/li>\n<li style='margin-bottom: 5px;'>Montajes para cielo \u00f3 superficies planas.<\/li>\n<li style='margin-bottom: 5px;'>Alimentaci\u00f3n a trav\u00e9s de la base o interface.<\/li>\n<\/ul><\/div>\n<\/p><\/div>\n<p> <!-- Secci\u00f3n de especificaciones --> <\/p>\n<div style='display: flex; flex-wrap: wrap; gap: 30px; margin-bottom: 30px;'>\n<div style='flex: 1 1 300px; min-width: 280px;'>\n<h3 style='font-size: 22px; border-bottom: 2px solid currentColor; padding-bottom: 5px; margin-top: 0; color: inherit; opacity: 0.8;'>Especificaciones<\/h3>\n<ul style='padding-left: 20px; font-size: 15px; color: inherit;'>\n<li style='margin-bottom: 5px;'><strong style='color: inherit;'>Tipo:<\/strong> Dinamico<\/li>\n<li style='margin-bottom: 5px;'><strong style='color: inherit;'>Patr\u00f3n Polar:<\/strong> Omnidireccional modificado.<\/li>\n<li style='margin-bottom: 5px;'><strong style='color: inherit;'>Salida:<\/strong> Line Level (0dB @ 1k ohm)&comma; sin balaceo.<\/li>\n<li style='margin-bottom: 5px;'><strong style='color: inherit;'>Impedancia de salida:<\/strong> 600 ohm.<\/li>\n<li style='margin-bottom: 5px;'><strong style='color: inherit;'>Frecuencia de respuesta:<\/strong> 40 kHz +\/- 1 dB<\/li>\n<li style='margin-bottom: 5px;'><strong style='color: inherit;'>Corriente de operaci\u00f3n:<\/strong> 1 mA<\/li>\n<li style='margin-bottom: 5px;'><strong style='color: inherit;'>Voltaje de operaci\u00f3n:<\/strong> 12 Vcc&comma; 500 mA.<\/li>\n<li style='margin-bottom: 5px;'><strong style='color: inherit;'>Dimensiones:<\/strong> Ancho 7 7\/8 &#8216; L x 3 5\/8&#8217; W x 5\/8 &#8216; H ; 20 cm largo x 9.2 cm Ancho x 1.5 cm Altura.<\/li>\n<li style='margin-bottom: 5px;'><strong style='color: inherit;'>Peso:<\/strong> 0.14 kg.<\/li>\n<li style='margin-bottom: 5px;'><strong style='color: inherit;'>Requiere:<\/strong> Cable blindado para audio \u00f3 equivalente&comma; requiere blindado ya que es el m\u00e1s adecuado para las aplicaciones de audio. Modelos sugeridos 9261&comma; TI21<\/li>\n<\/ul><\/div>\n<\/p><\/div>\n<p> <!-- Secci\u00f3n de videos --> <\/p>\n<div style='display: flex; flex-wrap: wrap; gap: 20px; margin-bottom: 30px;'>\n<div style='flex: 1 1 100%; min-width: 300px;'>\n<div style='position: relative; padding-bottom: 56.25%; height: 0; overflow: hidden; margin-bottom: 30px;'>   <\/div>\n<\/p><\/div>\n<div style='flex: 1 1 100%; min-width: 300px;'>\n<div style='position: relative; padding-bottom: 56.25%; height: 0; overflow: hidden; margin-bottom: 30px;'>   <\/div>\n<\/p><\/div>\n<div style='flex: 1 1 100%; min-width: 300px;'>\n<div style='position: relative; padding-bottom: 56.25%; height: 0; overflow: hidden; margin-bottom: 30px;'>   <\/div>\n<\/p><\/div>\n<div style='flex: 1 1 100%; min-width: 300px;'>\n<div style='position: relative; padding-bottom: 56.25%; height: 0; overflow: hidden; margin-bottom: 30px;'>   <\/div>\n<\/p><\/div>\n<\/p><\/div>\n<p> <!-- Separador final --> <\/p>\n<hr style='border: 0; border-top: 1px solid rgba(150&comma; 150&comma; 150&comma; 0.3); margin: 30px 0;'> <\/div>\n","protected":false},"excerpt":{"rendered":"<p>Micr\u00f3fono Louroe en caja para aplicaciones en \u00e1reas con alto nivel de ruido<\/p>\n","protected":false},"featured_media":115716,"comment_status":"open","ping_status":"closed","template":"","meta":[],"product_brand":[],"product_cat":[2301],"product_tag":[417,975,2302],"class_list":{"0":"post-115717","1":"product","2":"type-product","3":"status-publish","4":"has-post-thumbnail","6":"product_cat-microfonos","7":"product_tag-accesorios-generales","8":"product_tag-louroe-electronics","9":"product_tag-microfonos","11":"first","12":"outofstock","13":"sale","14":"shipping-taxable","15":"purchasable","16":"product-type-simple"},"_links":{"self":[{"href":"https:\/\/soydeaqui.ddns.net\/pachuca\/index.php\/wp-json\/wp\/v2\/product\/115717","targetHints":{"allow":["GET"]}}],"collection":[{"href":"https:\/\/soydeaqui.ddns.net\/pachuca\/index.php\/wp-json\/wp\/v2\/product"}],"about":[{"href":"https:\/\/soydeaqui.ddns.net\/pachuca\/index.php\/wp-json\/wp\/v2\/types\/product"}],"replies":[{"embeddable":true,"href":"https:\/\/soydeaqui.ddns.net\/pachuca\/index.php\/wp-json\/wp\/v2\/comments?post=115717"}],"wp:featuredmedia":[{"embeddable":true,"href":"https:\/\/soydeaqui.ddns.net\/pachuca\/index.php\/wp-json\/wp\/v2\/media\/115716"}],"wp:attachment":[{"href":"https:\/\/soydeaqui.ddns.net\/pachuca\/index.php\/wp-json\/wp\/v2\/media?parent=115717"}],"wp:term":[{"taxonomy":"product_brand","embeddable":true,"href":"https:\/\/soydeaqui.ddns.net\/pachuca\/index.php\/wp-json\/wp\/v2\/product_brand?post=115717"},{"taxonomy":"product_cat","embeddable":true,"href":"https:\/\/soydeaqui.ddns.net\/pachuca\/index.php\/wp-json\/wp\/v2\/product_cat?post=115717"},{"taxonomy":"product_tag","embeddable":true,"href":"https:\/\/soydeaqui.ddns.net\/pachuca\/index.php\/wp-json\/wp\/v2\/product_tag?post=115717"}],"curies":[{"name":"wp","href":"https:\/\/api.w.org\/{rel}","templated":true}]}}