{"id":115548,"date":"2026-03-24T01:27:13","date_gmt":"2026-03-24T01:27:13","guid":{"rendered":"https:\/\/soydeaqui.ddns.net\/pachuca\/index.php\/producto\/cable-cat5e-de-alto-rendimiento-con-certificaciones-etl-ul-color-gris-de-100-metros-328-pies-para-aplicaciones-en-cctv-redes-de-datos-uso-interior\/"},"modified":"2026-03-24T01:27:21","modified_gmt":"2026-03-24T01:27:21","slug":"cable-cat5e-de-alto-rendimiento-con-certificaciones-etl-ul-color-gris-de-100-metros-328-pies-para-aplicaciones-en-cctv-redes-de-datos-uso-interior","status":"publish","type":"product","link":"https:\/\/soydeaqui.ddns.net\/pachuca\/index.php\/producto\/cable-cat5e-de-alto-rendimiento-con-certificaciones-etl-ul-color-gris-de-100-metros-328-pies-para-aplicaciones-en-cctv-redes-de-datos-uso-interior\/","title":{"rendered":"Cable Cat5e de Alto Rendimiento, con Certificaciones ETL, UL, Color Gris, de 100 Metros (328 Pies) para Aplicaciones en CCTV, Redes de Datos. Uso Interior."},"content":{"rendered":"<div style='width: 100%; max-width: 1200px; margin: 0 auto; font-family: sans-serif; line-height: 1.6; color: inherit; background-color: transparent;'>\n<p style='text-align: center; margin: 0; padding: 0;'> <img style='width: 100%; max-width: 535px; height: auto; border: 1px solid rgba(150&comma;150&comma;150&comma;0.3); border-radius: 8px;' src='https:\/\/ftp3.syscom.mx\/usuarios\/jmolinar\/Jmolinar\/Camaras\/Ocultas\/LINKEDPROUL.jpg' alt=''> <\/p>\n<div style='display: flex; flex-wrap: wrap; gap: 30px; margin-top: 30px;'>\n<div style='flex: 1 1 300px; min-width: 280px;'>\n<h3 style='font-size: 20px; border-bottom: 2px solid currentColor; padding-bottom: 5px; margin-top: 0; color: inherit; opacity: 0.8;'>Caracter\u00edsticas<\/h3>\n<ul style='padding-left: 20px; font-size: 15px; color: inherit; list-style-type: disc;'>\n<li style='margin-bottom: 5px;'>CCTV IP Megapixel \/ Instalaciones de video an\u00e1logo \/ Redes locales de alta velocidad.<\/li>\n<li style='margin-bottom: 5px;'>Redes inal\u00e1mbricas.<\/li>\n<li style='margin-bottom: 5px;'>Instalaciones Gigabit de voz\/datos.<\/li>\n<li style='margin-bottom: 5px;'>Envio de PoE en largas distancias.<\/li>\n<li style='margin-bottom: 5px;'>Para aplicaciones de alta velocidad de datos&comma; Fast Ethernet y Gigabit Ethernet.<\/li>\n<li style='margin-bottom: 5px;'>Dise\u00f1ado en instalaciones de interior.<\/li>\n<\/ul><\/div>\n<div style='flex: 1 1 300px; min-width: 280px;'>\n<h3 style='font-size: 20px; border-bottom: 2px solid currentColor; padding-bottom: 5px; margin-top: 0; color: inherit; opacity: 0.8;'>Caracter\u00edsticas f\u00edsicas y el\u00e9ctricas<\/h3>\n<ul style='padding-left: 20px; font-size: 15px; color: inherit; list-style-type: disc;'>\n<li style='margin-bottom: 5px;'><strong>Color Exterior:<\/strong> Gris<\/li>\n<li style='margin-bottom: 5px;'><strong>Dise\u00f1ado en instalaciones de interior.<\/strong><\/li>\n<li style='margin-bottom: 5px;'><strong>Tipo:<\/strong> UTP5 (4 pares)<\/li>\n<li style='margin-bottom: 5px;'><strong>Calibre:<\/strong> 24<\/li>\n<li style='margin-bottom: 5px;'><strong>Aislamiento:<\/strong> PVC<\/li>\n<li style='margin-bottom: 5px;'><strong>Conductor:<\/strong> 100% Cobre<\/li>\n<li style='margin-bottom: 5px;'><strong>Sin blindaje.<\/strong><\/li>\n<li style='margin-bottom: 5px;'><strong>Di\u00e1metro nominal:<\/strong> 5.1 \u00b1 0.2 mm<\/li>\n<li style='margin-bottom: 5px;'><strong>Aplicaci\u00f3n:<\/strong> Interior<\/li>\n<li style='margin-bottom: 5px;'><strong>Frecuencia:<\/strong> 100 MHz<\/li>\n<\/ul><\/div>\n<div style='flex: 1 1 300px; min-width: 280px;'>\n<h3 style='font-size: 20px; border-bottom: 2px solid currentColor; padding-bottom: 5px; margin-top: 0; color: inherit; opacity: 0.8;'>Est\u00e1ndares y certificaciones<\/h3>\n<ul style='padding-left: 20px; font-size: 15px; color: inherit; list-style-type: disc;'>\n<li style='margin-bottom: 5px;'>CM<\/li>\n<li style='margin-bottom: 5px;'>ANSI\/TIA 568 C.2<\/li>\n<li style='margin-bottom: 5px;'>ISO\/IEC 11801 2nd Ed; IEC 61156-5<\/li>\n<li style='margin-bottom: 5px;'>CENELEC EN<\/li>\n<li style='margin-bottom: 5px;'>Cumple con las Pruebas de Rendimiento para Enlace Permanente a 90 metros<\/li>\n<\/ul><\/div>\n<\/p><\/div>\n<div style='margin-top: 30px; text-align: center;'>\n<p style='font-weight: bold; font-size: 16px; color: inherit; margin: 0;'>* Precio por carrete de 100 mts.<\/p>\n<\/p><\/div>\n<div style='margin-top: 30px; display: flex; flex-direction: column; gap: 30px;'>\n<div style='position: relative; padding-bottom: 56.25%; height: 0; overflow: hidden;'>   <\/div>\n<div style='position: relative; padding-bottom: 56.25%; height: 0; overflow: hidden;'>   <\/div>\n<\/p><\/div>\n<\/p><\/div>\n","protected":false},"excerpt":{"rendered":"<p>Cable Cat5e de Alto Rendimiento, con Certificaciones ETL, UL, Color Gris, de 100 Metros (328 Pies) para Aplicaciones en CCTV, Redes de Datos. Uso Interior.<\/p>\n","protected":false},"featured_media":115547,"comment_status":"open","ping_status":"closed","template":"","meta":[],"product_brand":[],"product_cat":[619],"product_tag":[488,620,435],"class_list":{"0":"post-115548","1":"product","2":"type-product","3":"status-publish","4":"has-post-thumbnail","6":"product_cat-categoria-5e","7":"product_tag-cables-y-conectores","8":"product_tag-categoria-5e","9":"product_tag-linkedpro-by-epcom","11":"first","12":"instock","13":"sale","14":"shipping-taxable","15":"purchasable","16":"product-type-simple"},"yoast_head":"<!-- This site is optimized with the Yoast SEO plugin v27.4 - https:\/\/yoast.com\/product\/yoast-seo-wordpress\/ -->\r\n<title>Cable Cat5e de Alto Rendimiento, con Certificaciones ETL, UL, Color Gris, de 100 Metros (328 Pies) para Aplicaciones en CCTV, Redes de Datos. Uso Interior. - Instalaci\u00f3n de C\u00e1maras de Seguridad en Pachuca<\/title>\r\n<meta name=\"robots\" content=\"index, follow, max-snippet:-1, max-image-preview:large, max-video-preview:-1\" \/>\r\n<link rel=\"canonical\" href=\"https:\/\/soydeaqui.ddns.net\/pachuca\/index.php\/producto\/cable-cat5e-de-alto-rendimiento-con-certificaciones-etl-ul-color-gris-de-100-metros-328-pies-para-aplicaciones-en-cctv-redes-de-datos-uso-interior\/\" \/>\r\n<meta property=\"og:locale\" content=\"es_MX\" \/>\r\n<meta property=\"og:type\" content=\"article\" \/>\r\n<meta property=\"og:title\" content=\"Cable Cat5e de Alto Rendimiento, con Certificaciones ETL, UL, Color Gris, de 100 Metros (328 Pies) para Aplicaciones en CCTV, Redes de Datos. Uso Interior. - Instalaci\u00f3n de C\u00e1maras de Seguridad en Pachuca\" \/>\r\n<meta property=\"og:description\" content=\"Cable Cat5e de Alto Rendimiento, con Certificaciones ETL, UL, Color Gris, de 100 Metros (328 Pies) para Aplicaciones en CCTV, Redes de Datos. Uso Interior.\" \/>\r\n<meta property=\"og:url\" content=\"https:\/\/soydeaqui.ddns.net\/pachuca\/index.php\/producto\/cable-cat5e-de-alto-rendimiento-con-certificaciones-etl-ul-color-gris-de-100-metros-328-pies-para-aplicaciones-en-cctv-redes-de-datos-uso-interior\/\" \/>\r\n<meta property=\"og:site_name\" content=\"Instalaci\u00f3n de C\u00e1maras de Seguridad en Pachuca\" \/>\r\n<meta property=\"article:modified_time\" content=\"2026-03-24T01:27:21+00:00\" \/>\r\n<meta property=\"og:image\" content=\"https:\/\/soydeaqui.ddns.net\/pachuca\/wp-content\/uploads\/2026\/03\/PROCAT5E_100M-l.png\" \/>\r\n\t<meta property=\"og:image:width\" content=\"1000\" \/>\r\n\t<meta property=\"og:image:height\" content=\"1000\" \/>\r\n\t<meta property=\"og:image:type\" content=\"image\/png\" \/>\r\n<meta name=\"twitter:card\" content=\"summary_large_image\" \/>\r\n<meta name=\"twitter:label1\" content=\"Tiempo de lectura\" \/>\n\t<meta name=\"twitter:data1\" content=\"1 minuto\" \/>\r\n<script type=\"application\/ld+json\" class=\"yoast-schema-graph\">{\"@context\":\"https:\\\/\\\/schema.org\",\"@graph\":[{\"@type\":\"WebPage\",\"@id\":\"https:\\\/\\\/soydeaqui.ddns.net\\\/pachuca\\\/index.php\\\/producto\\\/cable-cat5e-de-alto-rendimiento-con-certificaciones-etl-ul-color-gris-de-100-metros-328-pies-para-aplicaciones-en-cctv-redes-de-datos-uso-interior\\\/\",\"url\":\"https:\\\/\\\/soydeaqui.ddns.net\\\/pachuca\\\/index.php\\\/producto\\\/cable-cat5e-de-alto-rendimiento-con-certificaciones-etl-ul-color-gris-de-100-metros-328-pies-para-aplicaciones-en-cctv-redes-de-datos-uso-interior\\\/\",\"name\":\"Cable Cat5e de Alto Rendimiento, con Certificaciones ETL, UL, Color Gris, de 100 Metros (328 Pies) para Aplicaciones en CCTV, Redes de Datos. Uso Interior. - Instalaci\u00f3n de C\u00e1maras de Seguridad en Pachuca\",\"isPartOf\":{\"@id\":\"https:\\\/\\\/soydeaqui.ddns.net\\\/pachuca\\\/#website\"},\"primaryImageOfPage\":{\"@id\":\"https:\\\/\\\/soydeaqui.ddns.net\\\/pachuca\\\/index.php\\\/producto\\\/cable-cat5e-de-alto-rendimiento-con-certificaciones-etl-ul-color-gris-de-100-metros-328-pies-para-aplicaciones-en-cctv-redes-de-datos-uso-interior\\\/#primaryimage\"},\"image\":{\"@id\":\"https:\\\/\\\/soydeaqui.ddns.net\\\/pachuca\\\/index.php\\\/producto\\\/cable-cat5e-de-alto-rendimiento-con-certificaciones-etl-ul-color-gris-de-100-metros-328-pies-para-aplicaciones-en-cctv-redes-de-datos-uso-interior\\\/#primaryimage\"},\"thumbnailUrl\":\"https:\\\/\\\/soydeaqui.ddns.net\\\/pachuca\\\/wp-content\\\/uploads\\\/2026\\\/03\\\/PROCAT5E_100M-l.png\",\"datePublished\":\"2026-03-24T01:27:13+00:00\",\"dateModified\":\"2026-03-24T01:27:21+00:00\",\"breadcrumb\":{\"@id\":\"https:\\\/\\\/soydeaqui.ddns.net\\\/pachuca\\\/index.php\\\/producto\\\/cable-cat5e-de-alto-rendimiento-con-certificaciones-etl-ul-color-gris-de-100-metros-328-pies-para-aplicaciones-en-cctv-redes-de-datos-uso-interior\\\/#breadcrumb\"},\"inLanguage\":\"es\",\"potentialAction\":[{\"@type\":\"ReadAction\",\"target\":[\"https:\\\/\\\/soydeaqui.ddns.net\\\/pachuca\\\/index.php\\\/producto\\\/cable-cat5e-de-alto-rendimiento-con-certificaciones-etl-ul-color-gris-de-100-metros-328-pies-para-aplicaciones-en-cctv-redes-de-datos-uso-interior\\\/\"]}]},{\"@type\":\"ImageObject\",\"inLanguage\":\"es\",\"@id\":\"https:\\\/\\\/soydeaqui.ddns.net\\\/pachuca\\\/index.php\\\/producto\\\/cable-cat5e-de-alto-rendimiento-con-certificaciones-etl-ul-color-gris-de-100-metros-328-pies-para-aplicaciones-en-cctv-redes-de-datos-uso-interior\\\/#primaryimage\",\"url\":\"https:\\\/\\\/soydeaqui.ddns.net\\\/pachuca\\\/wp-content\\\/uploads\\\/2026\\\/03\\\/PROCAT5E_100M-l.png\",\"contentUrl\":\"https:\\\/\\\/soydeaqui.ddns.net\\\/pachuca\\\/wp-content\\\/uploads\\\/2026\\\/03\\\/PROCAT5E_100M-l.png\",\"width\":1000,\"height\":1000},{\"@type\":\"BreadcrumbList\",\"@id\":\"https:\\\/\\\/soydeaqui.ddns.net\\\/pachuca\\\/index.php\\\/producto\\\/cable-cat5e-de-alto-rendimiento-con-certificaciones-etl-ul-color-gris-de-100-metros-328-pies-para-aplicaciones-en-cctv-redes-de-datos-uso-interior\\\/#breadcrumb\",\"itemListElement\":[{\"@type\":\"ListItem\",\"position\":1,\"name\":\"Inicio\",\"item\":\"https:\\\/\\\/soydeaqui.ddns.net\\\/pachuca\\\/\"},{\"@type\":\"ListItem\",\"position\":2,\"name\":\"Shop\",\"item\":\"https:\\\/\\\/soydeaqui.ddns.net\\\/pachuca\\\/index.php\\\/shop\\\/\"},{\"@type\":\"ListItem\",\"position\":3,\"name\":\"Cable Cat5e de Alto Rendimiento, con Certificaciones ETL, UL, Color Gris, de 100 Metros (328 Pies) para Aplicaciones en CCTV, Redes de Datos. Uso Interior.\"}]},{\"@type\":\"WebSite\",\"@id\":\"https:\\\/\\\/soydeaqui.ddns.net\\\/pachuca\\\/#website\",\"url\":\"https:\\\/\\\/soydeaqui.ddns.net\\\/pachuca\\\/\",\"name\":\"Instalaci\u00f3n de C\u00e1maras de Seguridad en Pachuca\",\"description\":\"Instalaci\u00f3n de CCTV en Pachuca\",\"potentialAction\":[{\"@type\":\"SearchAction\",\"target\":{\"@type\":\"EntryPoint\",\"urlTemplate\":\"https:\\\/\\\/soydeaqui.ddns.net\\\/pachuca\\\/?s={search_term_string}\"},\"query-input\":{\"@type\":\"PropertyValueSpecification\",\"valueRequired\":true,\"valueName\":\"search_term_string\"}}],\"inLanguage\":\"es\"}]}<\/script>\r\n<!-- \/ Yoast SEO plugin. -->","yoast_head_json":{"title":"Cable Cat5e de Alto Rendimiento, con Certificaciones ETL, UL, Color Gris, de 100 Metros (328 Pies) para Aplicaciones en CCTV, Redes de Datos. Uso Interior. - Instalaci\u00f3n de C\u00e1maras de Seguridad en Pachuca","robots":{"index":"index","follow":"follow","max-snippet":"max-snippet:-1","max-image-preview":"max-image-preview:large","max-video-preview":"max-video-preview:-1"},"canonical":"https:\/\/soydeaqui.ddns.net\/pachuca\/index.php\/producto\/cable-cat5e-de-alto-rendimiento-con-certificaciones-etl-ul-color-gris-de-100-metros-328-pies-para-aplicaciones-en-cctv-redes-de-datos-uso-interior\/","og_locale":"es_MX","og_type":"article","og_title":"Cable Cat5e de Alto Rendimiento, con Certificaciones ETL, UL, Color Gris, de 100 Metros (328 Pies) para Aplicaciones en CCTV, Redes de Datos. Uso Interior. - Instalaci\u00f3n de C\u00e1maras de Seguridad en Pachuca","og_description":"Cable Cat5e de Alto Rendimiento, con Certificaciones ETL, UL, Color Gris, de 100 Metros (328 Pies) para Aplicaciones en CCTV, Redes de Datos. Uso Interior.","og_url":"https:\/\/soydeaqui.ddns.net\/pachuca\/index.php\/producto\/cable-cat5e-de-alto-rendimiento-con-certificaciones-etl-ul-color-gris-de-100-metros-328-pies-para-aplicaciones-en-cctv-redes-de-datos-uso-interior\/","og_site_name":"Instalaci\u00f3n de C\u00e1maras de Seguridad en Pachuca","article_modified_time":"2026-03-24T01:27:21+00:00","og_image":[{"width":1000,"height":1000,"url":"https:\/\/soydeaqui.ddns.net\/pachuca\/wp-content\/uploads\/2026\/03\/PROCAT5E_100M-l.png","type":"image\/png"}],"twitter_card":"summary_large_image","twitter_misc":{"Tiempo de lectura":"1 minuto"},"schema":{"@context":"https:\/\/schema.org","@graph":[{"@type":"WebPage","@id":"https:\/\/soydeaqui.ddns.net\/pachuca\/index.php\/producto\/cable-cat5e-de-alto-rendimiento-con-certificaciones-etl-ul-color-gris-de-100-metros-328-pies-para-aplicaciones-en-cctv-redes-de-datos-uso-interior\/","url":"https:\/\/soydeaqui.ddns.net\/pachuca\/index.php\/producto\/cable-cat5e-de-alto-rendimiento-con-certificaciones-etl-ul-color-gris-de-100-metros-328-pies-para-aplicaciones-en-cctv-redes-de-datos-uso-interior\/","name":"Cable Cat5e de Alto Rendimiento, con Certificaciones ETL, UL, Color Gris, de 100 Metros (328 Pies) para Aplicaciones en CCTV, Redes de Datos. Uso Interior. - Instalaci\u00f3n de C\u00e1maras de Seguridad en Pachuca","isPartOf":{"@id":"https:\/\/soydeaqui.ddns.net\/pachuca\/#website"},"primaryImageOfPage":{"@id":"https:\/\/soydeaqui.ddns.net\/pachuca\/index.php\/producto\/cable-cat5e-de-alto-rendimiento-con-certificaciones-etl-ul-color-gris-de-100-metros-328-pies-para-aplicaciones-en-cctv-redes-de-datos-uso-interior\/#primaryimage"},"image":{"@id":"https:\/\/soydeaqui.ddns.net\/pachuca\/index.php\/producto\/cable-cat5e-de-alto-rendimiento-con-certificaciones-etl-ul-color-gris-de-100-metros-328-pies-para-aplicaciones-en-cctv-redes-de-datos-uso-interior\/#primaryimage"},"thumbnailUrl":"https:\/\/soydeaqui.ddns.net\/pachuca\/wp-content\/uploads\/2026\/03\/PROCAT5E_100M-l.png","datePublished":"2026-03-24T01:27:13+00:00","dateModified":"2026-03-24T01:27:21+00:00","breadcrumb":{"@id":"https:\/\/soydeaqui.ddns.net\/pachuca\/index.php\/producto\/cable-cat5e-de-alto-rendimiento-con-certificaciones-etl-ul-color-gris-de-100-metros-328-pies-para-aplicaciones-en-cctv-redes-de-datos-uso-interior\/#breadcrumb"},"inLanguage":"es","potentialAction":[{"@type":"ReadAction","target":["https:\/\/soydeaqui.ddns.net\/pachuca\/index.php\/producto\/cable-cat5e-de-alto-rendimiento-con-certificaciones-etl-ul-color-gris-de-100-metros-328-pies-para-aplicaciones-en-cctv-redes-de-datos-uso-interior\/"]}]},{"@type":"ImageObject","inLanguage":"es","@id":"https:\/\/soydeaqui.ddns.net\/pachuca\/index.php\/producto\/cable-cat5e-de-alto-rendimiento-con-certificaciones-etl-ul-color-gris-de-100-metros-328-pies-para-aplicaciones-en-cctv-redes-de-datos-uso-interior\/#primaryimage","url":"https:\/\/soydeaqui.ddns.net\/pachuca\/wp-content\/uploads\/2026\/03\/PROCAT5E_100M-l.png","contentUrl":"https:\/\/soydeaqui.ddns.net\/pachuca\/wp-content\/uploads\/2026\/03\/PROCAT5E_100M-l.png","width":1000,"height":1000},{"@type":"BreadcrumbList","@id":"https:\/\/soydeaqui.ddns.net\/pachuca\/index.php\/producto\/cable-cat5e-de-alto-rendimiento-con-certificaciones-etl-ul-color-gris-de-100-metros-328-pies-para-aplicaciones-en-cctv-redes-de-datos-uso-interior\/#breadcrumb","itemListElement":[{"@type":"ListItem","position":1,"name":"Inicio","item":"https:\/\/soydeaqui.ddns.net\/pachuca\/"},{"@type":"ListItem","position":2,"name":"Shop","item":"https:\/\/soydeaqui.ddns.net\/pachuca\/index.php\/shop\/"},{"@type":"ListItem","position":3,"name":"Cable Cat5e de Alto Rendimiento, con Certificaciones ETL, UL, Color Gris, de 100 Metros (328 Pies) para Aplicaciones en CCTV, Redes de Datos. Uso Interior."}]},{"@type":"WebSite","@id":"https:\/\/soydeaqui.ddns.net\/pachuca\/#website","url":"https:\/\/soydeaqui.ddns.net\/pachuca\/","name":"Instalaci\u00f3n de C\u00e1maras de Seguridad en Pachuca","description":"Instalaci\u00f3n de CCTV en Pachuca","potentialAction":[{"@type":"SearchAction","target":{"@type":"EntryPoint","urlTemplate":"https:\/\/soydeaqui.ddns.net\/pachuca\/?s={search_term_string}"},"query-input":{"@type":"PropertyValueSpecification","valueRequired":true,"valueName":"search_term_string"}}],"inLanguage":"es"}]}},"_links":{"self":[{"href":"https:\/\/soydeaqui.ddns.net\/pachuca\/index.php\/wp-json\/wp\/v2\/product\/115548","targetHints":{"allow":["GET"]}}],"collection":[{"href":"https:\/\/soydeaqui.ddns.net\/pachuca\/index.php\/wp-json\/wp\/v2\/product"}],"about":[{"href":"https:\/\/soydeaqui.ddns.net\/pachuca\/index.php\/wp-json\/wp\/v2\/types\/product"}],"replies":[{"embeddable":true,"href":"https:\/\/soydeaqui.ddns.net\/pachuca\/index.php\/wp-json\/wp\/v2\/comments?post=115548"}],"wp:featuredmedia":[{"embeddable":true,"href":"https:\/\/soydeaqui.ddns.net\/pachuca\/index.php\/wp-json\/wp\/v2\/media\/115547"}],"wp:attachment":[{"href":"https:\/\/soydeaqui.ddns.net\/pachuca\/index.php\/wp-json\/wp\/v2\/media?parent=115548"}],"wp:term":[{"taxonomy":"product_brand","embeddable":true,"href":"https:\/\/soydeaqui.ddns.net\/pachuca\/index.php\/wp-json\/wp\/v2\/product_brand?post=115548"},{"taxonomy":"product_cat","embeddable":true,"href":"https:\/\/soydeaqui.ddns.net\/pachuca\/index.php\/wp-json\/wp\/v2\/product_cat?post=115548"},{"taxonomy":"product_tag","embeddable":true,"href":"https:\/\/soydeaqui.ddns.net\/pachuca\/index.php\/wp-json\/wp\/v2\/product_tag?post=115548"}],"curies":[{"name":"wp","href":"https:\/\/api.w.org\/{rel}","templated":true}]}}