{"id":115306,"date":"2026-03-24T01:13:30","date_gmt":"2026-03-24T01:13:30","guid":{"rendered":"https:\/\/soydeaqui.ddns.net\/pachuca\/index.php\/producto\/grapa-de-suspension-con-acabado-electrozincado-para-fijar-a-techo-charolas-con-anchos-de-50-a-300-mm\/"},"modified":"2026-03-24T01:13:48","modified_gmt":"2026-03-24T01:13:48","slug":"grapa-de-suspension-con-acabado-electrozincado-para-fijar-a-techo-charolas-con-anchos-de-50-a-300-mm","status":"publish","type":"product","link":"https:\/\/soydeaqui.ddns.net\/pachuca\/index.php\/producto\/grapa-de-suspension-con-acabado-electrozincado-para-fijar-a-techo-charolas-con-anchos-de-50-a-300-mm\/","title":{"rendered":"Grapa de Suspensi\u00f3n Con Acabado Electrozincado Para Fijar a Techo Charolas con Anchos de 50 a 300 mm."},"content":{"rendered":"<div style='width: 100%; max-width: 1200px; margin: 0 auto; font-family: sans-serif; line-height: 1.6; color: inherit; background-color: transparent;'> <!-- Caracter\u00edsticas Generales --> <\/p>\n<div style='display: flex; flex-wrap: wrap; gap: 30px; margin-bottom: 30px;'>\n<div style='flex: 1 1 300px; min-width: 280px;'>\n<h3 style='font-size: 22px; border-bottom: 2px solid currentColor; padding-bottom: 5px; margin-top: 0; color: inherit; opacity: 0.8;'>Caracter\u00edsticas Generales<\/h3>\n<ul style='padding-left: 20px; font-size: 15px; color: inherit;'>\n<li style='margin-bottom: 5px;'>Sujeci\u00f3n a techo<\/li>\n<li style='margin-bottom: 5px;'>Fabricada en l\u00e1mina de acero al carb\u00f3n rolada en fr\u00edo<\/li>\n<li style='margin-bottom: 5px;'>Calibre de l\u00e1mina 12 (2.7 mm)<\/li>\n<li style='margin-bottom: 5px;'>Uso con varillas roscadas de 1\/4 (CHVR63000) &#8211; 5\/16 (CHVR73000) para anchos de 50 mm &#8211; 300 mm<\/li>\n<li style='margin-bottom: 5px;'>2 piezas cada 1.5 mts<\/li>\n<\/ul><\/div>\n<\/p><\/div>\n<p> <!-- Caracter\u00edsticas T\u00e9cnicas --> <\/p>\n<div style='display: flex; flex-wrap: wrap; gap: 20px; margin-bottom: 30px;'>\n<div style='flex: 1 1 250px; border: 1px solid rgba(150&comma; 150&comma; 150&comma; 0.4); border-radius: 8px; overflow: hidden; display: flex; flex-direction: column;'>\n<div style='padding: 15px; border-bottom: 1px solid rgba(150&comma; 150&comma; 150&comma; 0.2); font-weight: bold; font-size: 18px; color: inherit;'>Caracter\u00edsticas T\u00e9cnicas<\/div>\n<div style='padding: 15px; color: inherit;'>\n<ul style='padding-left: 20px; margin: 0; font-size: 14px; list-style-type: disc;'>\n<li style='margin-bottom: 5px;'><strong>Tipo de acabado:<\/strong> Electrozincado EZ (Interiores) &#8211; 15 a 20 micr\u00f3metros<\/li>\n<li style='margin-bottom: 5px;'><strong>Compatibilidad:<\/strong> Varillas roscadas 1\/4 y 5\/16<\/li>\n<li style='margin-bottom: 5px;'><strong>Rango de anchos:<\/strong> 50 mm a 300 mm<\/li>\n<li style='margin-bottom: 5px;'><strong>Calibre:<\/strong> 12 (2.7 mm)<\/li>\n<\/ul><\/div>\n<\/p><\/div>\n<p> <!-- Normas de Referencia --> <\/p>\n<div style='flex: 1 1 250px; border: 1px solid rgba(150&comma; 150&comma; 150&comma; 0.4); border-radius: 8px; overflow: hidden; display: flex; flex-direction: column;'>\n<div style='padding: 15px; border-bottom: 1px solid rgba(150&comma; 150&comma; 150&comma; 0.2); font-weight: bold; font-size: 18px; color: inherit;'>Normas de Referencia<\/div>\n<div style='padding: 15px; color: inherit;'>\n<ul style='padding-left: 20px; margin: 0; font-size: 14px; list-style-type: disc;'>\n<li style='margin-bottom: 5px;'><strong>Nacionales:<\/strong><\/li>\n<ul style='margin: 5px 0 5px 20px; padding: 0; list-style-type: circle;'>\n<li style='margin-bottom: 3px;'>NMX-J-511-2011<\/li>\n<li style='margin-bottom: 3px;'>NMX-D-122<\/li>\n<li style='margin-bottom: 3px;'>NMX-H-074<\/li>\n<li style='margin-bottom: 3px;'>NMX-004<\/li>\n<li style='margin-bottom: 3px;'>NMX-013<\/li>\n<\/ul>\n<li style='margin-bottom: 5px;'><strong>Internacionales:<\/strong><\/li>\n<ul style='margin: 5px 0 5px 20px; padding: 0; list-style-type: circle;'>\n<li style='margin-bottom: 3px;'>ASTM635A<\/li>\n<li style='margin-bottom: 3px;'>NFA91-102<\/li>\n<li style='margin-bottom: 3px;'>NFA91-121<\/li>\n<li style='margin-bottom: 3px;'>NFA91-122<\/li>\n<li style='margin-bottom: 3px;'>NFX41002<\/li>\n<li style='margin-bottom: 3px;'>NFEN12330<\/li>\n<li style='margin-bottom: 3px;'>IMQ&#038;NFIEC-61537<\/li>\n<\/ul>\n<\/ul><\/div>\n<\/p><\/div>\n<\/p><\/div>\n<p> <!-- Im\u00e1genes --> <\/p>\n<div style='display: grid; grid-template-columns: repeat(auto-fit&comma; minmax(280px&comma; 1fr)); gap: 20px; margin-bottom: 30px;'>\n<div style='border: 1px solid rgba(150&comma;150&comma;150&comma;0.3); border-radius: 8px; overflow: hidden;'> <img style='width: 100%; height: auto; border: none;' src='http:\/\/ftp3.syscom.mx\/usuarios\/fotos\/MG51105EZ\/77282-foto2.jpg' alt='Grapa de Suspensi\u00f3n'> <\/div>\n<div style='border: 1px solid rgba(150&comma;150&comma;150&comma;0.3); border-radius: 8px; overflow: hidden;'> <img style='width: 100%; height: auto; border: none;' src='http:\/\/ftp3.syscom.mx\/usuarios\/fotos\/MG51105EZ\/77282-grapa_de_suspensi\u00f3n_1.jpg' alt='Ejemplo de instalaci\u00f3n'> <\/div>\n<\/p><\/div>\n<p> <!-- Aplicaciones --> <\/p>\n<div style='margin-bottom: 30px;'>\n<h3 style='font-size: 22px; border-bottom: 2px solid currentColor; padding-bottom: 5px; margin-top: 0; color: inherit; opacity: 0.8;'>Aplicaciones<\/h3>\n<ul style='padding-left: 20px; font-size: 15px; color: inherit;'>\n<li style='margin-bottom: 5px;'>Instalaciones el\u00e9ctricas<\/li>\n<ul style='margin: 5px 0 5px 20px; padding: 0; list-style-type: circle;'>\n<li style='margin-bottom: 3px;'>NOM-001-SEDE-2012 Instalaciones el\u00e9ctricas<\/li>\n<\/ul>\n<\/ul><\/div>\n<p> <!-- Separador --> <\/p>\n<hr style='border: 0; border-top: 1px solid rgba(150&comma; 150&comma; 150&comma; 0.3); margin: 30px 0;'> <\/div>\n","protected":false},"excerpt":{"rendered":"<p>Grapa de Suspensi\u00f3n Con Acabado Electrozincado Para Fijar a Techo Charolas con Anchos de 50 a 300 mm.<\/p>\n","protected":false},"featured_media":115305,"comment_status":"open","ping_status":"closed","template":"","meta":[],"product_brand":[],"product_cat":[592],"product_tag":[580,593,594],"class_list":{"0":"post-115306","1":"product","2":"type-product","3":"status-publish","4":"has-post-thumbnail","6":"product_cat-montajes","7":"product_tag-charofil","8":"product_tag-charola","9":"product_tag-montajes","11":"first","12":"instock","13":"sale","14":"shipping-taxable","15":"purchasable","16":"product-type-simple"},"_links":{"self":[{"href":"https:\/\/soydeaqui.ddns.net\/pachuca\/index.php\/wp-json\/wp\/v2\/product\/115306","targetHints":{"allow":["GET"]}}],"collection":[{"href":"https:\/\/soydeaqui.ddns.net\/pachuca\/index.php\/wp-json\/wp\/v2\/product"}],"about":[{"href":"https:\/\/soydeaqui.ddns.net\/pachuca\/index.php\/wp-json\/wp\/v2\/types\/product"}],"replies":[{"embeddable":true,"href":"https:\/\/soydeaqui.ddns.net\/pachuca\/index.php\/wp-json\/wp\/v2\/comments?post=115306"}],"wp:featuredmedia":[{"embeddable":true,"href":"https:\/\/soydeaqui.ddns.net\/pachuca\/index.php\/wp-json\/wp\/v2\/media\/115305"}],"wp:attachment":[{"href":"https:\/\/soydeaqui.ddns.net\/pachuca\/index.php\/wp-json\/wp\/v2\/media?parent=115306"}],"wp:term":[{"taxonomy":"product_brand","embeddable":true,"href":"https:\/\/soydeaqui.ddns.net\/pachuca\/index.php\/wp-json\/wp\/v2\/product_brand?post=115306"},{"taxonomy":"product_cat","embeddable":true,"href":"https:\/\/soydeaqui.ddns.net\/pachuca\/index.php\/wp-json\/wp\/v2\/product_cat?post=115306"},{"taxonomy":"product_tag","embeddable":true,"href":"https:\/\/soydeaqui.ddns.net\/pachuca\/index.php\/wp-json\/wp\/v2\/product_tag?post=115306"}],"curies":[{"name":"wp","href":"https:\/\/api.w.org\/{rel}","templated":true}]}}