{"id":115273,"date":"2026-03-24T01:11:51","date_gmt":"2026-03-24T01:11:51","guid":{"rendered":"https:\/\/soydeaqui.ddns.net\/pachuca\/index.php\/producto\/cople-de-nylon-para-prevenir-inducciones-aisla-el-ruido-generado-con-el-montaje-de-pared-compatible-con-ptz-epcom-hilook-hikvision\/"},"modified":"2026-03-24T01:11:52","modified_gmt":"2026-03-24T01:11:52","slug":"cople-de-nylon-para-prevenir-inducciones-aisla-el-ruido-generado-con-el-montaje-de-pared-compatible-con-ptz-epcom-hilook-hikvision","status":"publish","type":"product","link":"https:\/\/soydeaqui.ddns.net\/pachuca\/index.php\/producto\/cople-de-nylon-para-prevenir-inducciones-aisla-el-ruido-generado-con-el-montaje-de-pared-compatible-con-ptz-epcom-hilook-hikvision\/","title":{"rendered":"Cople de Nylon para Prevenir Inducciones \/ A\u00edsla el Ruido Generado con el Montaje de Pared \/ Compatible con PTZ epcom \/ HiLook \/ HIKVISION"},"content":{"rendered":"<div style='width: 100%; max-width: 1200px; margin: 0 auto; font-family: sans-serif; line-height: 1.6; color: inherit; background-color: transparent;'> <!-- Imagen de marca --> <\/p>\n<div style='text-align: center; margin-bottom: 30px;'> <img style='width: 45%; height: auto; border: 1px solid rgba(150&comma;150&comma;150&comma;0.3); border-radius: 8px;' src='http:\/\/ftp3.syscom.mx\/usuarios\/jdelafuente\/HIKVISION\/hikvision%20logo%20complete.png' alt='Logo Hikvision'> <\/div>\n<p> <!-- Secci\u00f3n de caracter\u00edsticas principales --> <\/p>\n<div style='margin-bottom: 30px;'>\n<div style='border-left: 5px solid #ff0000; border-radius: 5px; padding: 15px; box-shadow: 2px 2px 10px rgba(216&comma;216&comma;216&comma;0.5);'> <strong style='font-size: 18px; color: inherit;'>Caracter\u00edsticas principales:<\/strong> <\/p>\n<p style='margin-top: 15px; font-size: 15px; color: inherit;'>Cople de nylon de alta resistencia para prevenir inducciones compatible con los montajes DS-1602ZJ(AX) y DS-1618ZJ(AX)&comma; ayuda a no generar ruido en la imagen ya que a\u00edsla la inducci\u00f3n generada en el lugar de instalaci\u00f3n.<\/p>\n<p style='font-size: 15px; color: inherit;'>El cople va entre el montaje de pared y el PTZ para no absorber la inducci\u00f3n que se pudiera generar al estar expuesto en una pared o alg\u00fan poste.<\/p>\n<p style='font-size: 15px; color: inherit;'><strong>Nota:<\/strong> Verificar la compatibilidad de la cabeza de ajuste con el domo y montaje.<\/p>\n<\/p><\/div>\n<\/p><\/div>\n<p> <!-- Galer\u00eda de im\u00e1genes --> <\/p>\n<div style='display: flex; flex-wrap: wrap; gap: 30px; margin-bottom: 30px;'>\n<div style='flex: 1 1 45%; min-width: 280px;'> <img style='width: 100%; height: auto; border: 1px solid rgba(150&comma;150&comma;150&comma;0.3); border-radius: 8px;' src='http:\/\/ftp3.syscom.mx\/usuarios\/fotos\/DS1601ZJCP\/DS1601ZJCP_2.png' alt=''> <\/div>\n<div style='flex: 1 1 45%; min-width: 280px;'> <img style='width: 100%; height: auto; border: 1px solid rgba(150&comma;150&comma;150&comma;0.3); border-radius: 8px;' src='http:\/\/ftp3.syscom.mx\/usuarios\/fotos\/DS1601ZJCP\/DS1601ZJCP_3.png' alt=''> <\/div>\n<\/p><\/div>\n<\/p><\/div>\n","protected":false},"excerpt":{"rendered":"<p>Cople de Nylon para Prevenir Inducciones \/ A\u00edsla el Ruido Generado con el Montaje de Pared \/ Compatible con PTZ epcom \/ HiLook \/ HIKVISION<\/p>\n","protected":false},"featured_media":115272,"comment_status":"open","ping_status":"closed","template":"","meta":[],"product_brand":[],"product_cat":[416],"product_tag":[417,418,63],"class_list":{"0":"post-115273","1":"product","2":"type-product","3":"status-publish","4":"has-post-thumbnail","6":"product_cat-montajes-y-brackets-para-camaras","7":"product_tag-accesorios-generales","8":"product_tag-montajes-y-brackets-para-camaras","9":"product_tag-syscom","11":"first","12":"instock","13":"sale","14":"shipping-taxable","15":"purchasable","16":"product-type-simple"},"_links":{"self":[{"href":"https:\/\/soydeaqui.ddns.net\/pachuca\/index.php\/wp-json\/wp\/v2\/product\/115273","targetHints":{"allow":["GET"]}}],"collection":[{"href":"https:\/\/soydeaqui.ddns.net\/pachuca\/index.php\/wp-json\/wp\/v2\/product"}],"about":[{"href":"https:\/\/soydeaqui.ddns.net\/pachuca\/index.php\/wp-json\/wp\/v2\/types\/product"}],"replies":[{"embeddable":true,"href":"https:\/\/soydeaqui.ddns.net\/pachuca\/index.php\/wp-json\/wp\/v2\/comments?post=115273"}],"wp:featuredmedia":[{"embeddable":true,"href":"https:\/\/soydeaqui.ddns.net\/pachuca\/index.php\/wp-json\/wp\/v2\/media\/115272"}],"wp:attachment":[{"href":"https:\/\/soydeaqui.ddns.net\/pachuca\/index.php\/wp-json\/wp\/v2\/media?parent=115273"}],"wp:term":[{"taxonomy":"product_brand","embeddable":true,"href":"https:\/\/soydeaqui.ddns.net\/pachuca\/index.php\/wp-json\/wp\/v2\/product_brand?post=115273"},{"taxonomy":"product_cat","embeddable":true,"href":"https:\/\/soydeaqui.ddns.net\/pachuca\/index.php\/wp-json\/wp\/v2\/product_cat?post=115273"},{"taxonomy":"product_tag","embeddable":true,"href":"https:\/\/soydeaqui.ddns.net\/pachuca\/index.php\/wp-json\/wp\/v2\/product_tag?post=115273"}],"curies":[{"name":"wp","href":"https:\/\/api.w.org\/{rel}","templated":true}]}}