{"id":115259,"date":"2026-03-24T01:11:05","date_gmt":"2026-03-24T01:11:05","guid":{"rendered":"https:\/\/soydeaqui.ddns.net\/pachuca\/index.php\/producto\/kit-de-16-canales-para-transmision-de-alimentacion-no-soporta-coaxitron-de-36-vcc-a-12-vcc-y-video-hd-tvi-a-distancias-de-hasta-250-m\/"},"modified":"2026-03-24T01:11:14","modified_gmt":"2026-03-24T01:11:14","slug":"kit-de-16-canales-para-transmision-de-alimentacion-no-soporta-coaxitron-de-36-vcc-a-12-vcc-y-video-hd-tvi-a-distancias-de-hasta-250-m","status":"publish","type":"product","link":"https:\/\/soydeaqui.ddns.net\/pachuca\/index.php\/producto\/kit-de-16-canales-para-transmision-de-alimentacion-no-soporta-coaxitron-de-36-vcc-a-12-vcc-y-video-hd-tvi-a-distancias-de-hasta-250-m\/","title":{"rendered":"Kit de 16 canales para transmisi\u00f3n de ALIMENTACION (NO SOPORTA COAXITRON)( de 36 Vcc a 12 Vcc) y video (HD-TVI) a distancias de hasta 250 m."},"content":{"rendered":"<div style='width: 100%; max-width: 1200px; margin: 0 auto; font-family: sans-serif; line-height: 1.6; color: inherit; background-color: transparent;'> <!-- T\u00edtulo (sin marcas\/modelos seg\u00fan instrucciones) --> <\/p>\n<div style='text-align: center; margin-bottom: 30px;'>\n<h1 style='font-size: 28px; color: inherit; margin-bottom: 10px;'>Kit de 16 canales para transmisi\u00f3n de ALIMENTACION<\/h1>\n<p style='font-size: 14px; color: inherit; margin: 0 70px; opacity: 0.8;'>No se pueden controlar PTZs ni lentes motorizados a trav\u00e9s de se\u00f1al de video (Para uso en tecnolog\u00eda coaxitr\u00f3n).<\/p>\n<\/p><\/div>\n<p> <!-- Descripci\u00f3n t\u00e9cnica --> <\/p>\n<div style='margin-bottom: 30px;'>\n<p style='font-size: 14px; color: inherit; line-height: 1.5; opacity: 0.9; text-align: justify;'> <strong>TURBOHD \u00f3 HD-TVI<\/strong> es un protocolo de video en alta definici\u00f3n para videovigilancia. SYSCOM lo nombra TURBOHD&comma; usamos el chip HD-TVI de Techpoint en California&comma; USA. La l\u00ednea TURBOHD es un h\u00edbrido entre anal\u00f3gico e IP&comma; tiene calidad de IP pero a precios e instalaci\u00f3n de un sistema anal\u00f3gico. <\/p>\n<\/p><\/div>\n<p> <!-- Secci\u00f3n de contenido con grid --> <\/p>\n<div style='display: flex; flex-wrap: wrap; gap: 30px; margin-bottom: 30px;'> <!-- Caracter\u00edsticas --> <\/p>\n<div style='flex: 1 1 300px; min-width: 280px;'>\n<div style='background-color: transparent; border: 1px solid rgba(150&comma;150&comma;150&comma;0.3); border-radius: 8px; overflow: hidden;'>\n<div style='background-color: rgba(150&comma;150&comma;150&comma;0.1); padding: 15px; border-bottom: 1px solid rgba(150&comma;150&comma;150&comma;0.3); font-weight: bold; color: inherit; font-size: 18px;'>Caracter\u00edsticas<\/div>\n<div style='padding: 15px; color: inherit;'> <img style='width: 100%; height: auto; border: 1px solid rgba(150&comma;150&comma;150&comma;0.3); border-radius: 8px; margin-bottom: 15px;' src='https:\/\/ftp3.syscom.mx\/usuarios\/ahernandez\/Transceptores\/TT16PVTURBO\/1.png' alt=''> <\/p>\n<ul style='padding-left: 20px; margin: 0; font-size: 14px; list-style-type: disc; color: inherit;'>\n<li style='margin-bottom: 8px;'>Distancia m\u00e1xima de conexi\u00f3n: 250 metros<\/li>\n<li style='margin-bottom: 8px;'>Instalaci\u00f3n f\u00e1cil y sencilla<\/li>\n<li style='margin-bottom: 8px;'>Transmisi\u00f3n en tiempo real<\/li>\n<li style='margin-bottom: 8px;'><span style='color: inherit;'><strong>NO recomendado para PTZ.<\/strong><\/span><\/li>\n<\/ul><\/div>\n<\/p><\/div>\n<\/p><\/div>\n<p> <!-- Caracter\u00edsticas F\u00edsicas y El\u00e9ctricas --> <\/p>\n<div style='flex: 1 1 300px; min-width: 280px;'>\n<div style='background-color: transparent; border: 1px solid rgba(150&comma;150&comma;150&comma;0.3); border-radius: 8px; overflow: hidden;'>\n<div style='background-color: rgba(150&comma;150&comma;150&comma;0.1); padding: 15px; border-bottom: 1px solid rgba(150&comma;150&comma;150&comma;0.3); font-weight: bold; color: inherit; font-size: 18px;'>Caracter\u00edsticas F\u00edsicas y El\u00e9ctricas<\/div>\n<div style='padding: 15px; color: inherit;'> <img style='width: 100%; height: auto; border: 1px solid rgba(150&comma;150&comma;150&comma;0.3); border-radius: 8px; margin-bottom: 15px;' src='https:\/\/ftp3.syscom.mx\/usuarios\/ahernandez\/Transceptores\/TT16PVTURBO\/2.png' alt=''> <\/p>\n<ul style='padding-left: 20px; margin: 0; font-size: 14px; list-style-type: disc; color: inherit;'>\n<li style='margin-bottom: 8px;'>Voltaje de entrada en el receptor: 110-220 Vca; 50\/60 Hz<\/li>\n<li style='margin-bottom: 8px;'>Consumo de potencia: 150 W<\/li>\n<li style='margin-bottom: 8px;'>Salida de voltaje del receptor: 36Vcc<\/li>\n<li style='margin-bottom: 8px;'>Salida de voltaje del tranceptor: 12Vcc<\/li>\n<li style='margin-bottom: 8px;'>Consumo total de energ\u00eda final: 270 W<\/li>\n<li style='margin-bottom: 8px;'>Consumo de corriente por canal: 1.0 A<\/li>\n<li style='margin-bottom: 8px;'>Conectores BNC y RJ45<\/li>\n<li style='margin-bottom: 8px;'>Dimensiones: 557 x 245 x 66.5 mm (Sin incluir montaje)<\/li>\n<li style='margin-bottom: 8px;'>Peso: 3.890 Kgs<\/li>\n<\/ul><\/div>\n<\/p><\/div>\n<\/p><\/div>\n<p> <!-- Aplicaciones --> <\/p>\n<div style='flex: 1 1 300px; min-width: 280px;'>\n<div style='background-color: transparent; border: 1px solid rgba(150&comma;150&comma;150&comma;0.3); border-radius: 8px; overflow: hidden;'>\n<div style='background-color: rgba(150&comma;150&comma;150&comma;0.1); padding: 15px; border-bottom: 1px solid rgba(150&comma;150&comma;150&comma;0.3); font-weight: bold; color: inherit; font-size: 18px;'>Aplicaciones<\/div>\n<div style='padding: 15px; color: inherit;'> <img style='width: 100%; height: auto; border: 1px solid rgba(150&comma;150&comma;150&comma;0.3); border-radius: 8px; margin-bottom: 15px;' src='https:\/\/ftp3.syscom.mx\/usuarios\/ahernandez\/Transceptores\/TT16PVTURBO\/3.png' alt=''> <\/p>\n<ul style='padding-left: 20px; margin: 0 0 15px 0; font-size: 14px; list-style-type: disc; color: inherit;'>\n<li style='margin-bottom: 8px;'>El receptor env\u00eda 36Vcc de esta forma se garantiza que el voltaje llegue a 250 m utilizando cable 100% COBRE<\/li>\n<li style='margin-bottom: 8px;'>Si requiere de transmisores compatibles para este KIT&comma; recomendar el kit modelo TT4816PVTURBO<\/li>\n<li style='margin-bottom: 8px;'>No compatible con c\u00e1maras motorizadas y\/o PTZ<\/li>\n<\/ul>\n<h3 style='font-size: 18px; margin-top: 0; margin-bottom: 10px; color: inherit; opacity: 0.8; border-bottom: 2px solid currentColor; padding-bottom: 5px;'>El KIT incluye:<\/h3>\n<ul style='padding-left: 20px; margin: 0; font-size: 14px; list-style-type: disc; color: inherit;'>\n<li style='margin-bottom: 8px;'>1 Receptor activo de 16 canales<\/li>\n<li style='margin-bottom: 8px;'>16 tranceptores de video \/ voltaje<\/li>\n<li style='margin-bottom: 8px;'>16 cables BNC para LOOP<\/li>\n<\/ul><\/div>\n<\/p><\/div>\n<\/p><\/div>\n<\/p><\/div>\n<p> <!-- Tabla de precios --> <\/p>\n<div style='margin-bottom: 30px;'>\n<h3 style='font-size: 18px; margin-bottom: 15px; color: inherit; opacity: 0.8; border-bottom: 2px solid currentColor; padding-bottom: 5px;'>Precio por kit<\/h3>\n<p> <img style='width: 100%; height: auto; border: 1px solid rgba(150&comma;150&comma;150&comma;0.3); border-radius: 8px; margin-bottom: 15px;' src='https:\/\/ftp3.syscom.mx\/usuarios\/ccasares\/CCTV\/Tabla%20new%20distancia%20de%20transceptores%20%28%2010-09-18%20%29\/Tabla%20distancias%20transceptores%20%28%20Espanol%20%29.png' alt=''> <img style='width: 100%; height: auto; border: 1px solid rgba(150&comma;150&comma;150&comma;0.3); border-radius: 8px; margin: 30px 0;' src='http:\/\/ftp3.syscom.mx\/usuarios\/fotos\/KITTT4PVTURBO\/KITTT4PVTURBO.jpg' alt=''> <img style='width: 100%; height: auto; border: 1px solid rgba(150&comma;150&comma;150&comma;0.3); border-radius: 8px; margin-top: 30px;' src='https:\/\/ftp3.syscom.mx\/usuarios\/ccasares\/CCTVS\/DISTANCIA%20DE%20TRANSCEPTORES-3.jpg' alt=''> <\/div>\n<p> <!-- Separador final --> <\/p>\n<hr style='border: 0; border-top: 1px solid rgba(150&comma; 150&comma; 150&comma; 0.3); margin: 30px 0;'> <\/div>\n","protected":false},"excerpt":{"rendered":"<p>Kit de 16 canales para transmisi\u00f3n de ALIMENTACION (NO SOPORTA COAXITRON)( de 36 Vcc a 12 Vcc) y video (HD-TVI) a distancias de hasta 250 m.<\/p>\n","protected":false},"featured_media":115258,"comment_status":"open","ping_status":"closed","template":"","meta":[],"product_brand":[],"product_cat":[2327],"product_tag":[417,507,2328],"class_list":{"0":"post-115259","1":"product","2":"type-product","3":"status-publish","4":"has-post-thumbnail","6":"product_cat-transceptores-de-video","7":"product_tag-accesorios-generales","8":"product_tag-epcom-titanium","9":"product_tag-transceptores-de-video","11":"first","12":"outofstock","13":"sale","14":"shipping-taxable","15":"purchasable","16":"product-type-simple"},"_links":{"self":[{"href":"https:\/\/soydeaqui.ddns.net\/pachuca\/index.php\/wp-json\/wp\/v2\/product\/115259","targetHints":{"allow":["GET"]}}],"collection":[{"href":"https:\/\/soydeaqui.ddns.net\/pachuca\/index.php\/wp-json\/wp\/v2\/product"}],"about":[{"href":"https:\/\/soydeaqui.ddns.net\/pachuca\/index.php\/wp-json\/wp\/v2\/types\/product"}],"replies":[{"embeddable":true,"href":"https:\/\/soydeaqui.ddns.net\/pachuca\/index.php\/wp-json\/wp\/v2\/comments?post=115259"}],"wp:featuredmedia":[{"embeddable":true,"href":"https:\/\/soydeaqui.ddns.net\/pachuca\/index.php\/wp-json\/wp\/v2\/media\/115258"}],"wp:attachment":[{"href":"https:\/\/soydeaqui.ddns.net\/pachuca\/index.php\/wp-json\/wp\/v2\/media?parent=115259"}],"wp:term":[{"taxonomy":"product_brand","embeddable":true,"href":"https:\/\/soydeaqui.ddns.net\/pachuca\/index.php\/wp-json\/wp\/v2\/product_brand?post=115259"},{"taxonomy":"product_cat","embeddable":true,"href":"https:\/\/soydeaqui.ddns.net\/pachuca\/index.php\/wp-json\/wp\/v2\/product_cat?post=115259"},{"taxonomy":"product_tag","embeddable":true,"href":"https:\/\/soydeaqui.ddns.net\/pachuca\/index.php\/wp-json\/wp\/v2\/product_tag?post=115259"}],"curies":[{"name":"wp","href":"https:\/\/api.w.org\/{rel}","templated":true}]}}