{"id":114937,"date":"2026-03-24T00:52:22","date_gmt":"2026-03-24T00:52:22","guid":{"rendered":"https:\/\/soydeaqui.ddns.net\/pachuca\/index.php\/producto\/switch-no-administrable-4-puertos-10-100-1000t-802-3at-poe-2-puertos-10-100-1000t-de-uplink-para-escritorio\/"},"modified":"2026-03-24T00:52:26","modified_gmt":"2026-03-24T00:52:26","slug":"switch-no-administrable-4-puertos-10-100-1000t-802-3at-poe-2-puertos-10-100-1000t-de-uplink-para-escritorio","status":"publish","type":"product","link":"https:\/\/soydeaqui.ddns.net\/pachuca\/index.php\/producto\/switch-no-administrable-4-puertos-10-100-1000t-802-3at-poe-2-puertos-10-100-1000t-de-uplink-para-escritorio\/","title":{"rendered":"Switch No Administrable 4 Puertos 10\/100\/1000T 802.3at PoE + 2 Puertos 10\/100\/1000T de Uplink para Escritorio"},"content":{"rendered":"<div style='width: 100%; max-width: 1200px; margin: 0 auto; font-family: sans-serif; line-height: 1.6; color: inherit; background-color: transparent;'> <!-- Secci\u00f3n introductoria --> <\/p>\n<div style='margin-bottom: 30px;'>\n<h3 style='font-size: 22px; border-bottom: 2px solid currentColor; padding-bottom: 5px; margin-top: 0; color: inherit; opacity: 0.8;'>Soluci\u00f3n de sistema de vigilancia IP rentable<\/h3>\n<p style='font-size: 15px; color: inherit; margin-top: 15px;'>El nuevo GSD-604HP de PLANET proporciona cuatro puertos PoE + 802.3at para atender redes de vigilancia IP o dom\u00e9sticas a peque\u00f1a escala a un costo total menor. Con dos puertos 10\/100\/1000BASE-T de enlace ascendente&comma; el v\u00eddeo de alta definici\u00f3n registrado por las 4 c\u00e1maras IP PoE puede ser alimentado por el GSD-604HP y guardado en el software de los sistemas NVR o de vigilancia de 4 canales para realizar la seguridad global de seguimiento y gestionar el sistema de vigilancia en la LAN o el sitio remoto a trav\u00e9s de Internet.<\/p>\n<\/p><\/div>\n<p> <!-- Secci\u00f3n de caracter\u00edsticas principales --> <\/p>\n<div style='margin-bottom: 30px;'>\n<h3 style='font-size: 22px; border-bottom: 2px solid currentColor; padding-bottom: 5px; margin-top: 0; color: inherit; opacity: 0.8;'>Caracter\u00edsticas avanzadas<\/h3>\n<ul style='padding-left: 20px; font-size: 15px; color: inherit; margin-top: 15px;'>\n<li style='margin-bottom: 5px;'>Cuatro puertos PoE + con un presupuesto total de 65 vatios<\/li>\n<li style='margin-bottom: 5px;'>Dos puertos de enlace ascendente de 10\/100\/1000 Mbps<\/li>\n<li style='margin-bottom: 5px;'>VLAN basada en puerto<\/li>\n<li style='margin-bottom: 5px;'>Tama\u00f1o compacto&comma; dise\u00f1o sin ventilador<\/li>\n<li style='margin-bottom: 5px;'>Modo extendido<\/li>\n<\/ul><\/div>\n<p> <!-- Imagen principal --> <\/p>\n<div style='margin-bottom: 30px;'> <img style='width: 100%; height: auto; border: 1px solid rgba(150&comma;150&comma;150&comma;0.3); border-radius: 8px;' src='https:\/\/planet.com.tw\/storage\/products\/49278\/GSD-604HPv3_Front-Panel-Introducton.png' alt=''> <\/div>\n<p> <!-- Secci\u00f3n de detalles --> <\/p>\n<div style='display: flex; flex-wrap: wrap; gap: 30px; margin-bottom: 30px;'>\n<div style='flex: 1 1 300px; min-width: 280px;'>\n<h3 style='font-size: 22px; border-bottom: 2px solid currentColor; padding-bottom: 5px; margin-top: 0; color: inherit; opacity: 0.8;'>Dos puertos de enlace ascendente Gigabit<\/h3>\n<p style='font-size: 15px; color: inherit;'>El GSD-604HP viene con dos puertos de enlace ascendente con una tasa de transferencia de 1000 Mbps para garantizar la transmisi\u00f3n de datos y video a alta velocidad&comma; y una garant\u00eda confiable para la conexi\u00f3n entre el sistema de vigilancia y la red exterior donde los cuatro puertos PoE + se pueden utilizar en todo su potencial.<\/p>\n<\/p><\/div>\n<div style='flex: 1 1 300px; min-width: 280px;'>\n<h3 style='font-size: 22px; border-bottom: 2px solid currentColor; padding-bottom: 5px; margin-top: 0; color: inherit; opacity: 0.8;'>VLAN innovadora basada en puertos<\/h3>\n<p style='font-size: 15px; color: inherit;'>El GSD-604HP cuenta con &#8216;VLAN basada en puertos&#8217; cuyos puertos se pueden aislar entre s\u00ed mediante un interruptor DIP. Esto puede ayudar a evitar que la tormenta de difusi\u00f3n o multidifusi\u00f3n de la c\u00e1mara IP se influya entre s\u00ed&comma; cumpliendo as\u00ed plenamente los requisitos de los sistemas de vigilancia IP y los proyectos de Ethernet.<\/p>\n<p> <img style='width: 100%; height: auto; border: 1px solid rgba(150&comma;150&comma;150&comma;0.3); border-radius: 8px; margin-top: 15px;' src='https:\/\/planet.com.tw\/storage\/products\/49278\/GSD-604HPv3-6.png' alt=''> <\/div>\n<div style='flex: 1 1 300px; min-width: 280px;'>\n<h3 style='font-size: 22px; border-bottom: 2px solid currentColor; padding-bottom: 5px; margin-top: 0; color: inherit; opacity: 0.8;'>Modos de operaci\u00f3n est\u00e1ndar&comma; VLAN y extendido<\/h3>\n<p style='font-size: 15px; color: inherit;'>El GSD-604HP proporciona modos de operaci\u00f3n est\u00e1ndar&comma; VLAN y extendido. El GSD-604HP funciona como un conmutador PoE IEEE 802.3at\/af normal en el modo de funcionamiento est\u00e1ndar.<\/p>\n<p> <img style='width: 100%; height: auto; border: 1px solid rgba(150&comma;150&comma;150&comma;0.3); border-radius: 8px; margin-top: 15px;' src='https:\/\/planet.com.tw\/storage\/products\/49278\/GSD-604HPv3-2.png' alt=''> <\/p>\n<p style='font-size: 15px; color: inherit; margin-top: 15px;'>El modo de operaci\u00f3n VLAN presenta la funci\u00f3n VLAN basada en puerto que puede ayudar a evitar que la tormenta de transmisi\u00f3n o multidifusi\u00f3n de la c\u00e1mara IP se influya entre s\u00ed.<\/p>\n<p> <img style='width: 100%; height: auto; border: 1px solid rgba(150&comma;150&comma;150&comma;0.3); border-radius: 8px; margin-top: 15px;' src='https:\/\/planet.com.tw\/storage\/products\/49278\/GSD-604HPv3-4.png' alt=''> <\/p>\n<p style='font-size: 15px; color: inherit; margin-top: 15px;'>En el modo de funcionamiento extendido&comma; el GSD-604HP funciona por puerto a una operaci\u00f3n d\u00faplex de 10 Mbps&comma; pero puede admitir una salida de potencia PoE de 20 vatios a una distancia de hasta 250 metros superando el l\u00edmite de 100 m en el cable Ethernet UTP. Con esta nueva caracter\u00edstica&comma; el GSD-604HP proporciona una soluci\u00f3n adicional para la extensi\u00f3n de distancia PoE 802.3at\/af&comma; lo que ahorra el costo de instalaci\u00f3n del cable Ethernet. Su funci\u00f3n de aislamiento de VLAN a\u00edsla los puertos para evitar tormentas de transmisi\u00f3n y defender la suplantaci\u00f3n de DHCP en el modo de operaci\u00f3n extendido.<\/p>\n<p> <img style='width: 100%; height: auto; border: 1px solid rgba(150&comma;150&comma;150&comma;0.3); border-radius: 8px; margin-top: 15px;' src='https:\/\/planet.com.tw\/storage\/products\/49278\/GSD-604HPv3-3.png' alt=''> <\/div>\n<div style='flex: 1 1 300px; min-width: 280px;'>\n<h3 style='font-size: 22px; border-bottom: 2px solid currentColor; padding-bottom: 5px; margin-top: 0; color: inherit; opacity: 0.8;'>Dise\u00f1o sin ventilador ecol\u00f3gico para un funcionamiento silencioso<\/h3>\n<p style='font-size: 15px; color: inherit;'>El GSD-604HP viene con una carcasa met\u00e1lica compacta del tama\u00f1o de un escritorio&comma; lo que hace que la ubicaci\u00f3n de la unidad sea conveniente. Presenta una construcci\u00f3n ventilada en la que no es necesario un ventilador de refrigeraci\u00f3n&comma; lo que hace que su funcionamiento sea silencioso. Adem\u00e1s&comma; el GSD-604HP puede funcionar de forma fiable y estable en cualquier entorno sin afectar su rendimiento. La implementaci\u00f3n de PD PoE con alimentaci\u00f3n de energ\u00eda constante se puede realizar de manera f\u00e1cil y r\u00e1pida.<\/p>\n<\/p><\/div>\n<div style='flex: 1 1 300px; min-width: 280px;'>\n<h3 style='font-size: 22px; border-bottom: 2px solid currentColor; padding-bottom: 5px; margin-top: 0; color: inherit; opacity: 0.8;'>Protecci\u00f3n robusta<\/h3>\n<p style='font-size: 15px; color: inherit;'>El GSD-604HP protege contra la sobretensi\u00f3n ESD 6kV para mejorar la estabilidad del producto y tambi\u00e9n protege las redes de los usuarios de devastadores ataques ESD&comma; asegur\u00e1ndose de que el flujo de operaci\u00f3n no fluct\u00fae.<\/p>\n<\/p><\/div>\n<div style='flex: 1 1 300px; min-width: 280px;'>\n<h3 style='font-size: 22px; border-bottom: 2px solid currentColor; padding-bottom: 5px; margin-top: 0; color: inherit; opacity: 0.8;'>Soluci\u00f3n ideal para SOHO con infraestructura de vigilancia IP segura<\/h3>\n<p style='font-size: 15px; color: inherit;'>Dirigido a las aplicaciones de vigilancia IP cada vez m\u00e1s populares&comma; el conmutador GSD-604HP PoE + tambi\u00e9n se posiciona como un conmutador de vigilancia para una implementaci\u00f3n r\u00e1pida y sencilla de la c\u00e1mara IP PoE con alimentaci\u00f3n de energ\u00eda. El GSD-604HP admite los est\u00e1ndares 802.3at y 802.3af PoE junto con 4 puertos 10\/100\/1000BASE-T con hasta 30 vatios por interfaz de cobre RJ45 y 2 interfaces TP Gigabit Ethernet adicionales que admiten la transmisi\u00f3n de alta velocidad de im\u00e1genes de vigilancia y videos.<\/p>\n<\/p><\/div>\n<\/p><\/div>\n<\/p><\/div>\n","protected":false},"excerpt":{"rendered":"<p>Switch No Administrable 4 Puertos 10\/100\/1000T 802.3at PoE + 2 Puertos 10\/100\/1000T de Uplink para Escritorio<\/p>\n","protected":false},"featured_media":114936,"comment_status":"open","ping_status":"closed","template":"","meta":[],"product_brand":[],"product_cat":[1986],"product_tag":[664,2033,1987],"class_list":{"0":"post-114937","1":"product","2":"type-product","3":"status-publish","4":"has-post-thumbnail","6":"product_cat-switches-poe","7":"product_tag-networking","8":"product_tag-planet","9":"product_tag-switches-poe","11":"first","12":"outofstock","13":"sale","14":"shipping-taxable","15":"purchasable","16":"product-type-simple"},"_links":{"self":[{"href":"https:\/\/soydeaqui.ddns.net\/pachuca\/index.php\/wp-json\/wp\/v2\/product\/114937","targetHints":{"allow":["GET"]}}],"collection":[{"href":"https:\/\/soydeaqui.ddns.net\/pachuca\/index.php\/wp-json\/wp\/v2\/product"}],"about":[{"href":"https:\/\/soydeaqui.ddns.net\/pachuca\/index.php\/wp-json\/wp\/v2\/types\/product"}],"replies":[{"embeddable":true,"href":"https:\/\/soydeaqui.ddns.net\/pachuca\/index.php\/wp-json\/wp\/v2\/comments?post=114937"}],"wp:featuredmedia":[{"embeddable":true,"href":"https:\/\/soydeaqui.ddns.net\/pachuca\/index.php\/wp-json\/wp\/v2\/media\/114936"}],"wp:attachment":[{"href":"https:\/\/soydeaqui.ddns.net\/pachuca\/index.php\/wp-json\/wp\/v2\/media?parent=114937"}],"wp:term":[{"taxonomy":"product_brand","embeddable":true,"href":"https:\/\/soydeaqui.ddns.net\/pachuca\/index.php\/wp-json\/wp\/v2\/product_brand?post=114937"},{"taxonomy":"product_cat","embeddable":true,"href":"https:\/\/soydeaqui.ddns.net\/pachuca\/index.php\/wp-json\/wp\/v2\/product_cat?post=114937"},{"taxonomy":"product_tag","embeddable":true,"href":"https:\/\/soydeaqui.ddns.net\/pachuca\/index.php\/wp-json\/wp\/v2\/product_tag?post=114937"}],"curies":[{"name":"wp","href":"https:\/\/api.w.org\/{rel}","templated":true}]}}