{"id":114728,"date":"2026-03-20T23:53:16","date_gmt":"2026-03-20T23:53:16","guid":{"rendered":"https:\/\/soydeaqui.ddns.net\/pachuca\/index.php\/producto\/kit-de-transceptor-activo-de-16-canales-videopoder-en-un-solo-cable-utp-150m-en-4k-200m-en-5-mp-envia-36-vcc-y-recibe-12-vcc-todo-incluido-para-rack-compatible-con-camaras-hd-tvi-cvi-ahd-cv\/"},"modified":"2026-03-20T23:53:31","modified_gmt":"2026-03-20T23:53:31","slug":"kit-de-transceptor-activo-de-16-canales-videopoder-en-un-solo-cable-utp-150m-en-4k-200m-en-5-mp-envia-36-vcc-y-recibe-12-vcc-todo-incluido-para-rack-compatible-con-camaras-hd-tvi-cvi-ahd-cv","status":"publish","type":"product","link":"https:\/\/soydeaqui.ddns.net\/pachuca\/index.php\/producto\/kit-de-transceptor-activo-de-16-canales-videopoder-en-un-solo-cable-utp-150m-en-4k-200m-en-5-mp-envia-36-vcc-y-recibe-12-vcc-todo-incluido-para-rack-compatible-con-camaras-hd-tvi-cvi-ahd-cv\/","title":{"rendered":"Kit de TRANSCEPTOR ACTIVO DE 16 Canales \/ VIDEO+PODER en un solo Cable UTP \/ 150m en 4K, 200m en 5 MP\/ Env\u00eda 36 Vcc y recibe 12 Vcc \/ TODO INCLUIDO PARA RACK \/ Compatible con c\u00e1maras HD-TVI\/CVI\/AHD\/CVBS \/ Instalaci\u00f3n Limpia"},"content":{"rendered":"<div style='width: 100%; max-width: 1200px; margin: 0 auto; font-family: sans-serif; line-height: 1.6; color: inherit; background-color: transparent;'> <!-- Video Section --> <\/p>\n<div style='width: 100%; margin-bottom: 30px;'>\n<h3 style='color: inherit; text-align: center; font-size: 18px; margin: 0 0 15px; opacity: 0.8;'>CLICK EN EL VIDEO<\/h3>\n<div style='position: relative; padding-bottom: 56.25%; height: 0; overflow: hidden;'>   <\/div>\n<\/p><\/div>\n<p> <!-- Main Content --> <\/p>\n<div style='width: 100%; margin-bottom: 30px;'>\n<h2 style='text-align: center; font-size: 20px; margin: 0 0 15px; color: inherit; opacity: 0.9;'>Kit de TRANSCEPTOR ACTIVO DE 16 CANALES \/ VIDEO+PODER en un solo Cable UTP<\/h2>\n<p style='text-align: center; margin: 15px 0; color: inherit; font-size: 15px;'>El KIT-TT16PV-TURBOX es un transceptor de video Activo de 16 canales (Balun) que te permite enviar el video de tus c\u00e1maras an\u00e1logas y energ\u00eda por un mismo cable de red (UTP) Cat 5e \u00f3 6&comma; alcanzando distancias de 150 metros en 4K&comma; 200 metros en 5Mp y 250 metros en 1080P. Esto es posible ya que el equipo receptor genera y env\u00eda 36 Vcc a los transmisores y este regula el voltaje a 12 Vcc permitiendo con ello \u00e9l envi\u00f3 a largas distancias.<\/p>\n<p style='text-align: center; margin: 15px 0; color: inherit; font-size: 15px;'>El equipo est\u00e1 dise\u00f1ado para que sea colocado en su SITE de Telecomunicaciones ya que cuenta con los accesorios para ser instalado en un Rack Standard&comma; permitiendo consolidar todo el cableado del sistema de CCTV en un solo punto teniendo como resultado una instalaci\u00f3n limpia&comma; ordenada&comma; sin cables a\u00f1adidos o sueltos.<\/p>\n<\/p><\/div>\n<p> <!-- Features Grid --> <\/p>\n<div style='display: flex; flex-wrap: wrap; gap: 30px; margin-bottom: 30px;'> <!-- Caracter\u00edsticas Principales --> <\/p>\n<div style='flex: 1 1 300px; min-width: 280px;'>\n<div style='display: flex; flex-direction: column; height: 100%; border: 1px solid rgba(150&comma; 150&comma; 150&comma; 0.3); border-radius: 8px; overflow: hidden;'>\n<div style='padding: 15px; border-bottom: 1px solid rgba(150&comma; 150&comma; 150&comma; 0.2); font-weight: bold; font-size: 18px; color: inherit; background-color: rgba(238&comma; 238&comma; 238&comma; 0.3);'> Caracter\u00edsticas Principales <\/div>\n<div style='padding: 15px; color: inherit;'> <img style='width: 100%; height: auto; border: 1px solid rgba(150&comma;150&comma;150&comma;0.3); border-radius: 8px;' src='http:\/\/ftp3.syscom.mx\/usuarios\/hallende\/FolkTitanium\/KIT-TT16PV-TURBOX\/KITTT16PVTURBOX-AD-1.png' alt=''> <\/p>\n<ul style='padding-left: 20px; margin: 15px 0 0; font-size: 14px; list-style-type: disc;'>\n<li style='margin-bottom: 5px;'><span style='font-size: 12pt;'>Kit de transceptor ACTIVO de 16 canales<\/span><\/li>\n<li style='margin-bottom: 5px;'><span style='font-size: 12pt;'><strong>Video y alimentaci\u00f3n de la c\u00e1mara por un cable de Red<\/strong><\/span><\/li>\n<li style='margin-bottom: 5px;'><span style='font-size: 12pt;'>150 metros en 4K&comma; 200 metros en 5Mp y 250 metros en 1080P.<\/span><\/li>\n<li style='margin-bottom: 5px;'><span style='font-size: 12pt;'>Salida de voltaje del receptor: 36Vcc<\/span><\/li>\n<li style='margin-bottom: 5px;'><span style='font-size: 12pt;'><strong>Salida de voltaje del transceptor: 12Vcc<\/strong><\/span><\/li>\n<li style='margin-bottom: 5px;'><span style='font-size: 12pt;'>El receptor env\u00eda 36Vcc de esta forma se garantiza que el voltaje llegue a 150 m en 4K utilizando cable 100% Cobre.<\/span><\/li>\n<li style='margin-bottom: 5px;'><span style='font-size: 12pt;'>El transmisor recibe los 36Vcc y regula a 12Vcc para alimentar la c\u00e1mara sin comprometer el funcionamiento.<\/span><\/li>\n<li style='margin-bottom: 5px;'><span style='font-size: 12pt;'>Consumo de corriente por canal 0.8 A<\/span><\/li>\n<li style='margin-bottom: 5px;'><span style='font-size: 12pt;'><strong>Soporta OSD (On Screen Display)<\/strong><\/span><\/li>\n<li style='margin-bottom: 5px;'><span style='font-size: 12pt;'>Conectores BNC y RJ45<\/span><\/li>\n<li style='margin-bottom: 5px;'><span style='font-size: 12pt;'>Transmisi\u00f3n en tiempo real&comma; sin retrasos<\/span><\/li>\n<\/ul><\/div>\n<\/p><\/div>\n<\/p><\/div>\n<p> <!-- Caracter\u00edsticas F\u00edsicas y El\u00e9ctricas --> <\/p>\n<div style='flex: 1 1 300px; min-width: 280px;'>\n<div style='display: flex; flex-direction: column; height: 100%; border: 1px solid rgba(150&comma; 150&comma; 150&comma; 0.3); border-radius: 8px; overflow: hidden;'>\n<div style='padding: 15px; border-bottom: 1px solid rgba(150&comma; 150&comma; 150&comma; 0.2); font-weight: bold; font-size: 18px; color: inherit; background-color: rgba(238&comma; 238&comma; 238&comma; 0.3);'> Caracter\u00edsticas F\u00edsicas y El\u00e9ctricas <\/div>\n<div style='padding: 15px; color: inherit;'> <img style='width: 100%; height: auto; border: 1px solid rgba(150&comma;150&comma;150&comma;0.3); border-radius: 8px;' src='http:\/\/ftp3.syscom.mx\/usuarios\/hallende\/FolkTitanium\/KIT-TT16PV-TURBOX\/KITTT16PVTURBOX-AD-2.png' alt=''> <\/p>\n<ul style='padding-left: 20px; margin: 15px 0 0; font-size: 14px; list-style-type: disc;'>\n<li style='margin-bottom: 5px;'><span style='font-size: 12pt;'><strong>Alimentaci\u00f3n 110- 220 Vca; 50\/60 Hz<\/strong><\/span><\/li>\n<li style='margin-bottom: 5px;'><span style='font-size: 12pt;'><strong>Consumo de potencia: 150 W<\/strong><\/span><\/li>\n<li style='margin-bottom: 5px;'><span style='font-size: 12pt;'>Salida de voltaje del receptor: 36Vcc<\/span><\/li>\n<li style='margin-bottom: 5px;'><span style='font-size: 12pt;'>Salida de potencia por canal: 18.5 W<\/span><\/li>\n<li style='margin-bottom: 5px;'><span style='font-size: 12pt;'>Dimensiones del Receptor 557 mm (L) x 245 mm (W) x 66.5 mm (H) sin incluir montaje<\/span><\/li>\n<li style='margin-bottom: 5px;'><span style='font-size: 12pt;'>Dimensiones del Transmisor (balum) 80 mm (L) x 30 mm (W) x 23 mm (H)<\/span><\/li>\n<li style='margin-bottom: 5px;'><span style='font-size: 12pt;'>Peso Neto 12.5 Kg.<\/span><\/li>\n<li style='margin-bottom: 5px;'><span style='font-size: 12pt;'>Color negro<\/span><\/li>\n<li style='margin-bottom: 5px;'><span style='font-size: 12pt;'><strong>1 A\u00f1o de Garant\u00eda por defectos de fabricaci\u00f3n<\/strong><\/span><\/li>\n<\/ul><\/div>\n<\/p><\/div>\n<\/p><\/div>\n<p> <!-- Caracter\u00edsticas Destacadas --> <\/p>\n<div style='flex: 1 1 300px; min-width: 280px;'>\n<div style='display: flex; flex-direction: column; height: 100%; border: 1px solid rgba(150&comma; 150&comma; 150&comma; 0.3); border-radius: 8px; overflow: hidden;'>\n<div style='padding: 15px; border-bottom: 1px solid rgba(150&comma; 150&comma; 150&comma; 0.2); font-weight: bold; font-size: 18px; color: inherit; background-color: rgba(238&comma; 238&comma; 238&comma; 0.3);'> Caracter\u00edsticas Destacadas <\/div>\n<div style='padding: 15px; color: inherit;'> <img style='width: 100%; height: auto; border: 1px solid rgba(150&comma;150&comma;150&comma;0.3); border-radius: 8px;' src='http:\/\/ftp3.syscom.mx\/usuarios\/hallende\/FolkTitanium\/KIT-TT16PV-TURBOX\/KITTT16PVTURBOX-3.png' alt=''> <\/p>\n<p style='margin: 15px 0 5px; color: inherit; font-size: 14px;'><strong style='color: #0f1ca8;'>El Kit incluye:<\/strong><\/p>\n<ul style='padding-left: 20px; margin: 0 0 15px; font-size: 14px; list-style-type: square;'>\n<li><strong>1 Receptor activo de 16 canales<\/strong><\/li>\n<li><strong>16 tranceptores de video \/ voltaje<\/strong><\/li>\n<li>16 cables BNC para LOOP<\/li>\n<li>Orejas para Rack y tornilleria<\/li>\n<li>Cable de alimentaci\u00f3n<\/li>\n<\/ul>\n<p style='margin: 15px 0 5px; color: inherit; font-size: 14px;'><strong style='color: #0f1ca8;'>Notas:<\/strong><\/p>\n<ul style='padding-left: 20px; margin: 0 0 15px; font-size: 14px; list-style-type: square;'>\n<li><strong>Si llegar\u00e1 a conectar este equipo a un UPS&comma; aseg\u00farese que sea de onda senoidal pura.<\/strong><\/li>\n<li><strong>No soporta Coaxitron<\/strong><\/li>\n<li><strong>Certificaciones: CE&comma; FCC&comma; RoHS<\/strong><\/li>\n<li><strong>Para domos PTZ (Considere la distancia y el consumo de corriente)<\/strong><\/li>\n<li>Si requiere de transmisores compatibles para este Kit use el modelo TT4816PVTURBO click <a style='color: #fc1e0a; text-decoration: none;' href='https:\/\/www.syscom.mx\/producto\/TT-4816-PVTURBO-EPCOM-TITANIUM-86100.html' target='_blank' rel='noopener'>aqu\u00ed<\/a><\/li>\n<\/ul><\/div>\n<\/p><\/div>\n<\/p><\/div>\n<\/p><\/div>\n<p> <!-- Additional Image --> <\/p>\n<div style='width: 100%; margin-bottom: 30px;'> <img style='width: 100%; height: auto; border: 1px solid rgba(150&comma;150&comma;150&comma;0.3); border-radius: 8px;' src='http:\/\/ftp3.syscom.mx\/usuarios\/maguilar\/EpcomTitanium\/DISTANCIA-DE-TRANSCEPTORES-ES.jpg' alt=''> <\/div>\n<\/p><\/div>\n","protected":false},"excerpt":{"rendered":"<p>Kit de TRANSCEPTOR ACTIVO DE 16 Canales \/ VIDEO+PODER en un solo Cable UTP \/ 150m en 4K, 200m en 5 MP\/ Env\u00eda 36 Vcc y recibe 12 Vcc \/ TODO INCLUIDO PARA RACK \/ Compatible con c\u00e1maras HD-TVI\/CVI\/AHD\/CVBS \/ Instalaci\u00f3n Limpia<\/p>\n","protected":false},"featured_media":114727,"comment_status":"open","ping_status":"closed","template":"","meta":[],"product_brand":[],"product_cat":[2327],"product_tag":[417,507,2328],"class_list":{"0":"post-114728","1":"product","2":"type-product","3":"status-publish","4":"has-post-thumbnail","6":"product_cat-transceptores-de-video","7":"product_tag-accesorios-generales","8":"product_tag-epcom-titanium","9":"product_tag-transceptores-de-video","11":"first","12":"instock","13":"sale","14":"shipping-taxable","15":"purchasable","16":"product-type-simple"},"_links":{"self":[{"href":"https:\/\/soydeaqui.ddns.net\/pachuca\/index.php\/wp-json\/wp\/v2\/product\/114728","targetHints":{"allow":["GET"]}}],"collection":[{"href":"https:\/\/soydeaqui.ddns.net\/pachuca\/index.php\/wp-json\/wp\/v2\/product"}],"about":[{"href":"https:\/\/soydeaqui.ddns.net\/pachuca\/index.php\/wp-json\/wp\/v2\/types\/product"}],"replies":[{"embeddable":true,"href":"https:\/\/soydeaqui.ddns.net\/pachuca\/index.php\/wp-json\/wp\/v2\/comments?post=114728"}],"wp:featuredmedia":[{"embeddable":true,"href":"https:\/\/soydeaqui.ddns.net\/pachuca\/index.php\/wp-json\/wp\/v2\/media\/114727"}],"wp:attachment":[{"href":"https:\/\/soydeaqui.ddns.net\/pachuca\/index.php\/wp-json\/wp\/v2\/media?parent=114728"}],"wp:term":[{"taxonomy":"product_brand","embeddable":true,"href":"https:\/\/soydeaqui.ddns.net\/pachuca\/index.php\/wp-json\/wp\/v2\/product_brand?post=114728"},{"taxonomy":"product_cat","embeddable":true,"href":"https:\/\/soydeaqui.ddns.net\/pachuca\/index.php\/wp-json\/wp\/v2\/product_cat?post=114728"},{"taxonomy":"product_tag","embeddable":true,"href":"https:\/\/soydeaqui.ddns.net\/pachuca\/index.php\/wp-json\/wp\/v2\/product_tag?post=114728"}],"curies":[{"name":"wp","href":"https:\/\/api.w.org\/{rel}","templated":true}]}}