{"id":114707,"date":"2026-03-20T23:52:03","date_gmt":"2026-03-20T23:52:03","guid":{"rendered":"https:\/\/soydeaqui.ddns.net\/pachuca\/index.php\/producto\/montaje-extension-para-ptz-hikvision-diseno-instalacion-en-pared\/"},"modified":"2026-03-20T23:52:14","modified_gmt":"2026-03-20T23:52:14","slug":"montaje-extension-para-ptz-hikvision-diseno-instalacion-en-pared","status":"publish","type":"product","link":"https:\/\/soydeaqui.ddns.net\/pachuca\/index.php\/producto\/montaje-extension-para-ptz-hikvision-diseno-instalacion-en-pared\/","title":{"rendered":"Montaje Extensi\u00f3n para PTZ HIkvision \/ Dise\u00f1o Instalaci\u00f3n en Pared"},"content":{"rendered":"<div style='width: 100%; max-width: 1200px; margin: 0 auto; font-family: sans-serif; line-height: 1.6; color: inherit; background-color: transparent;'> <!-- Descripci\u00f3n principal --> <\/p>\n<div style='margin-bottom: 30px;'>\n<p style='font-size: 16px; margin-bottom: 15px; color: inherit;'> <strong style='color: inherit;'>Montaje de pared para c\u00e1maras PTZ Hikvision&comma; con un largo de 1.4mts para separar lo m\u00e1ximo posible la c\u00e1mara de la pared&comma; compatible con montaje de esquina modelo <a href='https:\/\/www.syscom.mx\/producto\/SADT-110CMS-V2B-EPCOM-INDUSTRIAL-85681.html' style='color: inherit; text-decoration: underline;'>SADT-110CMS-V2B<\/a>.<\/strong> <\/p>\n<\/p><\/div>\n<p> <!-- Secci\u00f3n de caracter\u00edsticas --> <\/p>\n<div style='display: flex; flex-wrap: wrap; gap: 30px; margin-bottom: 30px;'>\n<div style='flex: 1 1 300px; min-width: 280px;'>\n<h3 style='font-size: 22px; border-bottom: 2px solid currentColor; padding-bottom: 5px; margin-top: 0; color: inherit; opacity: 0.8;'>Caracter\u00edsticas<\/h3>\n<ul style='padding-left: 20px; font-size: 15px; color: inherit;'>\n<li style='margin-bottom: 5px;'>Largo: 1400mm<\/li>\n<li style='margin-bottom: 5px;'>Material: Aluminio<\/li>\n<li style='margin-bottom: 5px;'>Color: blanco.<\/li>\n<li style='margin-bottom: 5px;'>Incluye tornilleria para instalaci\u00f3n en pared<\/li>\n<\/ul><\/div>\n<\/p><\/div>\n<p> <!-- Secci\u00f3n de compatibilidad --> <\/p>\n<div style='display: flex; flex-wrap: wrap; gap: 30px; margin-bottom: 30px;'>\n<div style='flex: 1 1 300px; min-width: 280px;'>\n<h3 style='font-size: 22px; border-bottom: 2px solid currentColor; padding-bottom: 5px; margin-top: 0; color: inherit; opacity: 0.8;'>Compatibilidad<\/h3>\n<ul style='padding-left: 20px; font-size: 15px; color: inherit;'>\n<li style='margin-bottom: 5px;'>DS2DF8236IVAEL.<\/li>\n<li style='margin-bottom: 5px;'>DS2DF8336IVAEL.<\/li>\n<li style='margin-bottom: 5px;'>DS2DF7230I5AEL.<\/li>\n<li style='margin-bottom: 5px;'>DS2DE4582AE.<\/li>\n<li style='margin-bottom: 5px;'>DS2DF5283NA.<\/li>\n<li style='margin-bottom: 5px;'>DS2DF7283.<\/li>\n<li style='margin-bottom: 5px;'>DS2DE7174A.<\/li>\n<li style='margin-bottom: 5px;'>DS2DE7176AE.<\/li>\n<li style='margin-bottom: 5px;'>DS2DE7184A.<\/li>\n<li style='margin-bottom: 5px;'>DS2DE7186AE.<\/li>\n<li style='margin-bottom: 5px;'>DS2DE5220IAE.<\/li>\n<li style='margin-bottom: 5px;'>DS2DF7274A.<\/li>\n<li style='margin-bottom: 5px;'>DS2DF7284A.<\/li>\n<li style='margin-bottom: 5px;'>DS2DE5174A.<\/li>\n<li style='margin-bottom: 5px;'>DS2DE5176AE.<\/li>\n<li style='margin-bottom: 5px;'>DS2DE5186AE.<\/li>\n<li style='margin-bottom: 5px;'>DS2DF5274A.<\/li>\n<li style='margin-bottom: 5px;'>DS2DF5284A.<\/li>\n<li style='margin-bottom: 5px;'>DS2AE4123TA.<\/li>\n<li style='margin-bottom: 5px;'>DS2AE7230TIA.<\/li>\n<li style='margin-bottom: 5px;'>DS2AE5223TIA.<\/li>\n<li style='margin-bottom: 5px;'>DS2AE5023NA.<\/li>\n<li style='margin-bottom: 5px;'>DS2AE5037NA.<\/li>\n<li style='margin-bottom: 5px;'>DS2AF7264NA.<\/li>\n<li style='margin-bottom: 5px;'>DS2AF7268NA.<\/li>\n<li style='margin-bottom: 5px;'>DS2AE7023NIA.<\/li>\n<li style='margin-bottom: 5px;'>DS2AE7037NIA.<\/li>\n<\/ul><\/div>\n<\/p><\/div>\n<p> <!-- Imagen --> <\/p>\n<div style='margin-bottom: 30px;'>\n<h3 style='font-size: 22px; border-bottom: 2px solid currentColor; padding-bottom: 5px; margin-top: 0; margin-bottom: 15px; color: inherit; opacity: 0.8;'>Instalaci\u00f3n<\/h3>\n<p style='font-size: 15px; margin-bottom: 15px; color: inherit;'><strong>Imagen demostrativa de la instalaci\u00f3n con PTZ (PTZ no incluida)<\/strong><\/p>\n<p> <img style='width: 100%; height: auto; border: 1px solid rgba(150&comma;150&comma;150&comma;0.3); border-radius: 8px;' src='https:\/\/ftp3.syscom.mx\/usuarios\/jmolinar\/JonathanMolinar\/CajasDconexionYmontajes\/imagenes\/XBRW20C.jpg' alt=''> <\/div>\n<\/p><\/div>\n","protected":false},"excerpt":{"rendered":"<p>Montaje Extensi\u00f3n para PTZ HIkvision \/ Dise\u00f1o Instalaci\u00f3n en Pared<\/p>\n","protected":false},"featured_media":114706,"comment_status":"open","ping_status":"closed","template":"","meta":[],"product_brand":[],"product_cat":[416],"product_tag":[417,418,939],"class_list":{"0":"post-114707","1":"product","2":"type-product","3":"status-publish","4":"has-post-thumbnail","6":"product_cat-montajes-y-brackets-para-camaras","7":"product_tag-accesorios-generales","8":"product_tag-montajes-y-brackets-para-camaras","9":"product_tag-syscom-video","11":"first","12":"instock","13":"sale","14":"shipping-taxable","15":"purchasable","16":"product-type-simple"},"_links":{"self":[{"href":"https:\/\/soydeaqui.ddns.net\/pachuca\/index.php\/wp-json\/wp\/v2\/product\/114707","targetHints":{"allow":["GET"]}}],"collection":[{"href":"https:\/\/soydeaqui.ddns.net\/pachuca\/index.php\/wp-json\/wp\/v2\/product"}],"about":[{"href":"https:\/\/soydeaqui.ddns.net\/pachuca\/index.php\/wp-json\/wp\/v2\/types\/product"}],"replies":[{"embeddable":true,"href":"https:\/\/soydeaqui.ddns.net\/pachuca\/index.php\/wp-json\/wp\/v2\/comments?post=114707"}],"wp:featuredmedia":[{"embeddable":true,"href":"https:\/\/soydeaqui.ddns.net\/pachuca\/index.php\/wp-json\/wp\/v2\/media\/114706"}],"wp:attachment":[{"href":"https:\/\/soydeaqui.ddns.net\/pachuca\/index.php\/wp-json\/wp\/v2\/media?parent=114707"}],"wp:term":[{"taxonomy":"product_brand","embeddable":true,"href":"https:\/\/soydeaqui.ddns.net\/pachuca\/index.php\/wp-json\/wp\/v2\/product_brand?post=114707"},{"taxonomy":"product_cat","embeddable":true,"href":"https:\/\/soydeaqui.ddns.net\/pachuca\/index.php\/wp-json\/wp\/v2\/product_cat?post=114707"},{"taxonomy":"product_tag","embeddable":true,"href":"https:\/\/soydeaqui.ddns.net\/pachuca\/index.php\/wp-json\/wp\/v2\/product_tag?post=114707"}],"curies":[{"name":"wp","href":"https:\/\/api.w.org\/{rel}","templated":true}]}}