{"id":114669,"date":"2026-03-20T23:49:57","date_gmt":"2026-03-20T23:49:57","guid":{"rendered":"https:\/\/soydeaqui.ddns.net\/pachuca\/index.php\/producto\/kit-divisor-y-extensor-hdmi-extender-splitter-divide-1-fuente-hdmi-a-4-pantallas-extiende-la-senal-hdmi-hasta-40-m-resolucion-1080p-60-hz-cat-6-6a-7-cero-latencia-salida-loop-en-el-tx\/"},"modified":"2026-03-20T23:50:14","modified_gmt":"2026-03-20T23:50:14","slug":"kit-divisor-y-extensor-hdmi-extender-splitter-divide-1-fuente-hdmi-a-4-pantallas-extiende-la-senal-hdmi-hasta-40-m-resolucion-1080p-60-hz-cat-6-6a-7-cero-latencia-salida-loop-en-el-tx","status":"publish","type":"product","link":"https:\/\/soydeaqui.ddns.net\/pachuca\/index.php\/producto\/kit-divisor-y-extensor-hdmi-extender-splitter-divide-1-fuente-hdmi-a-4-pantallas-extiende-la-senal-hdmi-hasta-40-m-resolucion-1080p-60-hz-cat-6-6a-7-cero-latencia-salida-loop-en-el-tx\/","title":{"rendered":"Kit Divisor y Extensor HDMI (Extender Splitter)  \/ Divide 1 Fuente HDMI a 4 Pantallas \/ Extiende la se\u00f1al HDMI hasta 40 m \/ Resoluci\u00f3n 1080P @ 60 Hz \/ Cat 6\/6a\/7 \/ Cero Latencia \/ Salida Loop en el Tx \/ IR \/ Alimente solo el Tx (PoC)."},"content":{"rendered":"<div style='width: 100%; max-width: 1200px; margin: 0 auto; font-family: sans-serif; line-height: 1.6; color: inherit; background-color: transparent;'>\n<div style='width: 100%; max-width: 1200px; margin: 0 auto; font-family: sans-serif; line-height: 1.6; color: inherit; background-color: transparent;'>\n<div style='display: flex; flex-direction: column; align-items: center; text-align: center; margin-bottom: 30px;'>\n<h1 style='font-size: 24px; margin: 0; color: inherit;'><strong>TT714PRO<\/strong><\/h1>\n<h3 style='font-size: 16px; color: rgba(150&comma;150&comma;150&comma;0.8); margin: 10px 0;'>Kit de distribuidor y Extensor de 1 entrada HDMI a 4 salidas resoluci\u00f3n 1920&#215;1080 @ 60Hz sobre CAT6 a 40 metros<\/h3>\n<p style='max-width: 800px; margin: 20px 0 30px 0; color: inherit;'>EPCOM TITANIUM presenta su gama de extensores HDMI de alta tecnolog\u00eda&comma; y de f\u00e1cil interconexi\u00f3n en sistemas de seguridad profesional. El TT714PRO funciona con 4 receptores HDMI utilizando cable CAT6 \/ 6a \/ 7 para dividir y extender 1 fuente HDMI a 4 pantallas HDMI hasta 40 m \/ 131 pies. La resoluci\u00f3n admitida es de 1920&#215;1080 @ 60Hz&comma; soporta control IR&comma; si su equipo fuente cuenta con control remoto&comma; adem\u00e1s con tecnolog\u00eda EDID puede adaptar la imagen transmitida a las capacidades del monitor o pantalla&comma; gracias a la tecnolog\u00eda PoC solo el concentrador requiere de alimentaci\u00f3n&comma; es una soluci\u00f3n ideal para exhibici\u00f3n HDMI&comma; video conferencia y centro de espect\u00e1culos.<\/p>\n<\/p><\/div>\n<div style='display: flex; flex-direction: column; gap: 30px;'>\n<div style='display: flex; flex-direction: column; gap: 15px;'>\n<h2 style='font-size: 20px; border-bottom: 2px solid currentColor; padding-bottom: 5px; color: inherit; opacity: 0.8;'>Caracter\u00edsticas<\/h2>\n<div style='display: grid; grid-template-columns: repeat(auto-fill&comma; minmax(300px&comma; 1fr)); gap: 20px;'>\n<div style='border-left: 5px solid rgba(67&comma;156&comma;199&comma;0.6); padding: 0 10px; min-height: 220px; display: flex; flex-direction: column; justify-content: space-between;'>\n<ul style='padding-left: 20px; margin: 0; color: inherit;'>\n<li>Distribuye y extiende 1 fuente HDMI a 4 pantallas HDMI a trav\u00e9s del cable de red simult\u00e1neamente.<\/li>\n<li><strong>El KIT contiene:<\/strong> Concentrador + 4 receptores.<\/li>\n<li><strong>Cables de red:<\/strong> CAT6\/6a\/7.<\/li>\n<li><strong>Distancia de transmisi\u00f3n:<\/strong> Hasta 40 m \/ 131 pies.<\/li>\n<li><strong>Resoluci\u00f3n:<\/strong> 1080p@50\/60Hz<\/li>\n<li>Salida de lazo (Loop) HDMI para visualizaci\u00f3n local o funci\u00f3n de supervisi\u00f3n en el TX.<\/li>\n<\/ul><\/div>\n<div style='border-left: 5px solid rgba(67&comma;156&comma;199&comma;0.6); padding: 0 10px; min-height: 220px; display: flex; flex-direction: column; justify-content: space-between;'>\n<ul style='padding-left: 20px; margin: 0; color: inherit;'>\n<li><strong>Alimentaci\u00f3n<\/strong>: 5 Vcc&comma; 3 A. Fuente incluida (solo requiere alimentaci\u00f3n el Transmisor)<\/li>\n<li>RX alimentados por TX<\/li>\n<li><strong>Potencia de consumo:<\/strong> 15W<\/li>\n<li><strong>Dimensiones TX:<\/strong> 190 (largo) \u00d7 95&comma;5 (ancho) \u00d7 23&comma;9 (alto) mm;<strong> RX:<\/strong> 71&comma;6 (largo) \u00d7 66&comma;6 (ancho) \u00d7 22&comma;6 (alto) mm<\/li>\n<li><strong>Peso TX:<\/strong> 423g X 1 Uds; <strong>RX:<\/strong> 80g X 4 Uds.<\/li>\n<li><strong>Temperatura de operaci\u00f3n:<\/strong> 0~60\u00b0<\/li>\n<li><strong>Temperatura de almacenamiento:<\/strong> -30~70\u00b0C<\/li>\n<li>Color Negro<\/li>\n<\/ul><\/div>\n<div style='border-left: 5px solid rgba(67&comma;156&comma;199&comma;0.6); padding: 0 10px; min-height: 220px; display: flex; flex-direction: column; justify-content: space-between;'>\n<ul style='padding-left: 20px; margin: 0; color: inherit;'>\n<li><strong>Interruptor EDID: <\/strong>Para configurar el formato de se\u00f1al HDMI<\/li>\n<li><strong>Admite PoC&comma; solo se requiere alimentar el transmisor para suministrar energ\u00eda<\/strong><\/li>\n<li><strong>Soporte formato de audio: <\/strong>PCM DTS AC3<\/li>\n<li><strong>Transmisi\u00f3n con latencia cero.<\/strong><\/li>\n<li><strong>Soporte HDCP 1.2<\/strong><\/li>\n<li><strong>Funci\u00f3n de passback para control remoto IR 20~60Hz<\/strong><\/li>\n<li>1 A\u00f1o de Garant\u00eda por defectos de fabricaci\u00f3n<\/li>\n<li><strong><span style='color: #e74c3c;'>Receptor compatible: TT372EDIDRX.<\/span><\/strong><\/li>\n<\/ul><\/div>\n<\/p><\/div>\n<\/p><\/div>\n<\/p><\/div>\n<hr style='border: 0; border-top: 1px solid rgba(150&comma;150&comma;150&comma;0.3); margin: 30px 0;'>\n<div style='width: 100%; margin: 30px 0;'> <img style='width: 100%; height: auto; border: 1px solid rgba(150&comma;150&comma;150&comma;0.3); border-radius: 8px;' src='http:\/\/ftp3.syscom.mx\/usuarios\/hallende\/EPCOM%20Titanium\/TT-714-PRO\/Poster%20TT714PRO%20Esp..jpg' alt=''> <\/div>\n<div style='position: relative; padding-bottom: 56.25%; height: 0; overflow: hidden; margin-bottom: 30px;'>   <\/div>\n<\/p><\/div>\n","protected":false},"excerpt":{"rendered":"<p>Kit Divisor y Extensor HDMI (Extender Splitter)  \/ Divide 1 Fuente HDMI a 4 Pantallas \/ Extiende la se\u00f1al HDMI hasta 40 m \/ Resoluci\u00f3n 1080P @ 60 Hz \/ Cat 6\/6a\/7 \/ Cero Latencia \/ Salida Loop en el Tx \/ IR \/ Alimente solo el Tx (PoC).<\/p>\n","protected":false},"featured_media":114668,"comment_status":"open","ping_status":"closed","template":"","meta":[],"product_brand":[],"product_cat":[2073,2074,2077,2075,2072,2076],"product_tag":[417,2079,2080,2083,507,2081,2078,2082],"class_list":{"0":"post-114669","1":"product","2":"type-product","3":"status-publish","4":"has-post-thumbnail","6":"product_cat-convertidores","7":"product_cat-divisores","8":"product_cat-dvi","9":"product_cat-hdmi","10":"product_cat-kits-extensores","11":"product_cat-vga","12":"product_tag-accesorios-generales","13":"product_tag-convertidores","14":"product_tag-divisores","15":"product_tag-dvi","16":"product_tag-epcom-titanium","17":"product_tag-hdmi","18":"product_tag-kits-extensores","19":"product_tag-vga","21":"first","22":"outofstock","23":"sale","24":"shipping-taxable","25":"purchasable","26":"product-type-simple"},"_links":{"self":[{"href":"https:\/\/soydeaqui.ddns.net\/pachuca\/index.php\/wp-json\/wp\/v2\/product\/114669","targetHints":{"allow":["GET"]}}],"collection":[{"href":"https:\/\/soydeaqui.ddns.net\/pachuca\/index.php\/wp-json\/wp\/v2\/product"}],"about":[{"href":"https:\/\/soydeaqui.ddns.net\/pachuca\/index.php\/wp-json\/wp\/v2\/types\/product"}],"replies":[{"embeddable":true,"href":"https:\/\/soydeaqui.ddns.net\/pachuca\/index.php\/wp-json\/wp\/v2\/comments?post=114669"}],"wp:featuredmedia":[{"embeddable":true,"href":"https:\/\/soydeaqui.ddns.net\/pachuca\/index.php\/wp-json\/wp\/v2\/media\/114668"}],"wp:attachment":[{"href":"https:\/\/soydeaqui.ddns.net\/pachuca\/index.php\/wp-json\/wp\/v2\/media?parent=114669"}],"wp:term":[{"taxonomy":"product_brand","embeddable":true,"href":"https:\/\/soydeaqui.ddns.net\/pachuca\/index.php\/wp-json\/wp\/v2\/product_brand?post=114669"},{"taxonomy":"product_cat","embeddable":true,"href":"https:\/\/soydeaqui.ddns.net\/pachuca\/index.php\/wp-json\/wp\/v2\/product_cat?post=114669"},{"taxonomy":"product_tag","embeddable":true,"href":"https:\/\/soydeaqui.ddns.net\/pachuca\/index.php\/wp-json\/wp\/v2\/product_tag?post=114669"}],"curies":[{"name":"wp","href":"https:\/\/api.w.org\/{rel}","templated":true}]}}