{"id":114638,"date":"2026-03-20T23:48:11","date_gmt":"2026-03-20T23:48:11","guid":{"rendered":"https:\/\/soydeaqui.ddns.net\/pachuca\/index.php\/producto\/cargador-micro-usb-profesional-de-5-vcc-2-5-a-para-celulares-tabletas-y-radio-pkt-03-voltaje-de-entrada-de-100-240-vca\/"},"modified":"2026-03-20T23:48:25","modified_gmt":"2026-03-20T23:48:25","slug":"cargador-micro-usb-profesional-de-5-vcc-2-5-a-para-celulares-tabletas-y-radio-pkt-03-voltaje-de-entrada-de-100-240-vca","status":"publish","type":"product","link":"https:\/\/soydeaqui.ddns.net\/pachuca\/index.php\/producto\/cargador-micro-usb-profesional-de-5-vcc-2-5-a-para-celulares-tabletas-y-radio-pkt-03-voltaje-de-entrada-de-100-240-vca\/","title":{"rendered":"Cargador Micro-USB Profesional de 5 Vcc, 2.5 A para Celulares, Tabletas y Radio PKT-03 \/ Voltaje de Entrada de 100-240 Vca"},"content":{"rendered":"<div style='width: 100%; max-width: 1200px; margin: 0 auto; font-family: sans-serif; line-height: 1.6; color: inherit; background-color: transparent;'> <!-- Secci\u00f3n de descripci\u00f3n --> <\/p>\n<div style='margin-bottom: 30px;'>\n<h3 style='font-size: 22px; border-bottom: 2px solid currentColor; padding-bottom: 5px; margin-top: 0; color: inherit; opacity: 0.8;'>Descripci\u00f3n<\/h3>\n<p>Cargador Micro-USB&comma; profesional de 1 Puerto cargador de SAMSUNG&comma; adaptador USB&comma; cargador de bater\u00eda USB&comma; adaptador de CA \/ CC&comma; adaptador de corriente AC \/ DC&comma; adaptador de CA&comma; adaptador de corriente&comma; fuente de alimentaci\u00f3n&comma; alimentaci\u00f3n de la conmutaci\u00f3n suministro&comma; cargador&comma; cargador de viaje&comma; SMPS&comma; fuente de alimentaci\u00f3n&comma; cargador de bater\u00eda&comma; inversor de potencia.<\/p>\n<\/p><\/div>\n<p> <!-- Secci\u00f3n de aplicaciones --> <\/p>\n<div style='margin-bottom: 30px;'>\n<h3 style='font-size: 22px; border-bottom: 2px solid currentColor; padding-bottom: 5px; margin-top: 0; color: inherit; opacity: 0.8;'>Aplicaciones<\/h3>\n<p>C\u00e1mara digital&comma; reproductor de videojuegos&comma; equipos el\u00e9ctricos&comma; CD&comma; reproductor de DVD&comma; monitor LCD&comma; disco duro&comma; terminales de comunicaciones&comma; cualquier dispositivo port\u00e1til&comma; m\u00e1quina&comma; c\u00e1mara de circuito cerrado de televisi\u00f3n&comma; productos de seguridad&comma; tableta&comma; port\u00e1til&comma; adaptador del ordenador port\u00e1til&comma; llev\u00f3 luz&comma; tira llevada&comma; productos&comma; bater\u00eda de plomo&comma; bater\u00eda de iones de litio&comma; productos el\u00e9ctricos&comma; etc.<\/p>\n<\/p><\/div>\n<p> <!-- Secci\u00f3n de caracter\u00edsticas --> <\/p>\n<div style='margin-bottom: 30px;'>\n<h3 style='font-size: 22px; border-bottom: 2px solid currentColor; padding-bottom: 5px; margin-top: 0; color: inherit; opacity: 0.8;'>Caracter\u00edsticas<\/h3>\n<ul style='padding-left: 20px; font-size: 15px; color: inherit;'>\n<li style='margin-bottom: 5px;'><strong>Voltaje de entrada:<\/strong> 100-240 Vca<\/li>\n<li style='margin-bottom: 5px;'><strong>Voltaje de salida:<\/strong> 5 Vcc<\/li>\n<li style='margin-bottom: 5px;'><strong>Corriente de salida:<\/strong> 2.5 A<\/li>\n<li style='margin-bottom: 5px;'><strong>Cargador USB profesional de 1 Puerto<\/strong><\/li>\n<li style='margin-bottom: 5px;'><strong>Compatible con todos los Tablets y Celulares Android<\/strong><\/li>\n<li style='margin-bottom: 5px;'><strong>Tipo de conector de entrada:<\/strong> EE.UU.&comma; Europa&comma; Reino Unido&comma; Australia u otro tipo de pa\u00eds<\/li>\n<li style='margin-bottom: 5px;'><strong>Salida Tipo de conector:<\/strong> toma USB min 4 pines y cable USB opcional<\/li>\n<li style='margin-bottom: 5px;'><strong>Filtro incorporado EMI<\/strong><\/li>\n<li style='margin-bottom: 5px;'><strong>Tensi\u00f3n de salida precisa y estable<\/strong><\/li>\n<li style='margin-bottom: 5px;'><strong>Salida de sobre-voltaje&comma; sobre-corriente y protecci\u00f3n contra cortocircuitos<\/strong><\/li>\n<li style='margin-bottom: 5px;'><strong>Salida de baja ondulaci\u00f3n y el ruido<\/strong><\/li>\n<li style='margin-bottom: 5px;'><strong>Rigidez diel\u00e9ctrica (Hipot):<\/strong> 3000VAC 1min<\/li>\n<\/ul><\/div>\n<p> <!-- Secci\u00f3n de temperatura --> <\/p>\n<div style='margin-bottom: 30px;'>\n<h3 style='font-size: 22px; border-bottom: 2px solid currentColor; padding-bottom: 5px; margin-top: 0; color: inherit; opacity: 0.8;'>Temperatura<\/h3>\n<ul style='padding-left: 20px; font-size: 15px; color: inherit;'>\n<li style='margin-bottom: 5px;'><strong>De funcionamiento:<\/strong> -20 \u00b0C &#8230; + 45 \u00b0C<\/li>\n<li style='margin-bottom: 5px;'><strong>De almacenamiento:<\/strong> -25 \u00b0C &#8230; + 65 \u00b0C<\/li>\n<\/ul><\/div>\n<p> <!-- Secci\u00f3n de certificaciones --> <\/p>\n<div style='margin-bottom: 30px;'>\n<h3 style='font-size: 22px; border-bottom: 2px solid currentColor; padding-bottom: 5px; margin-top: 0; color: inherit; opacity: 0.8;'>Certificaciones<\/h3>\n<ul style='padding-left: 20px; font-size: 15px; color: inherit;'>\n<li style='margin-bottom: 5px;'>C-UL \/ UL&comma; FCC<\/li>\n<\/ul><\/div>\n<p> <!-- Secci\u00f3n de dimensiones --> <\/p>\n<div style='margin-bottom: 30px;'>\n<h3 style='font-size: 22px; border-bottom: 2px solid currentColor; padding-bottom: 5px; margin-top: 0; color: inherit; opacity: 0.8;'>Dimensiones<\/h3>\n<ul style='padding-left: 20px; font-size: 15px; color: inherit;'>\n<li style='margin-bottom: 5px;'>83 x 41 x 24.6 mm<\/li>\n<\/ul><\/div>\n<p> <!-- Secci\u00f3n de garant\u00eda --> <\/p>\n<div style='margin-bottom: 30px;'>\n<h3 style='font-size: 22px; border-bottom: 2px solid currentColor; padding-bottom: 5px; margin-top: 0; color: inherit; opacity: 0.8;'>Garant\u00eda<\/h3>\n<ul style='padding-left: 20px; font-size: 15px; color: inherit;'>\n<li style='margin-bottom: 5px;'>1 A\u00f1o<\/li>\n<\/ul><\/div>\n<p> <!-- Separador --> <\/p>\n<hr style='border: 0; border-top: 1px solid rgba(150&comma; 150&comma; 150&comma; 0.3); margin: 30px 0;'> <!-- Secci\u00f3n de video --> <\/p>\n<div style='margin-bottom: 30px;'>\n<h3 style='font-size: 22px; border-bottom: 2px solid currentColor; padding-bottom: 5px; margin-top: 0; color: inherit; opacity: 0.8;'>Video<\/h3>\n<div style='position: relative; padding-bottom: 56.25%; height: 0; overflow: hidden; margin-bottom: 30px;'>   <\/div>\n<\/p><\/div>\n<\/p><\/div>\n","protected":false},"excerpt":{"rendered":"<p>Cargador Micro-USB Profesional de 5 Vcc, 2.5 A para Celulares, Tabletas y Radio PKT-03 \/ Voltaje de Entrada de 100-240 Vca<\/p>\n","protected":false},"featured_media":114637,"comment_status":"open","ping_status":"closed","template":"","meta":[],"product_brand":[],"product_cat":[1325],"product_tag":[1326,142,454],"class_list":{"0":"post-114638","1":"product","2":"type-product","3":"status-publish","4":"has-post-thumbnail","6":"product_cat-adaptadores-de-pared","7":"product_tag-adaptadores-de-pared","8":"product_tag-energia","9":"product_tag-epcom-powerline","11":"first","12":"outofstock","13":"sale","14":"shipping-taxable","15":"purchasable","16":"product-type-simple"},"_links":{"self":[{"href":"https:\/\/soydeaqui.ddns.net\/pachuca\/index.php\/wp-json\/wp\/v2\/product\/114638","targetHints":{"allow":["GET"]}}],"collection":[{"href":"https:\/\/soydeaqui.ddns.net\/pachuca\/index.php\/wp-json\/wp\/v2\/product"}],"about":[{"href":"https:\/\/soydeaqui.ddns.net\/pachuca\/index.php\/wp-json\/wp\/v2\/types\/product"}],"replies":[{"embeddable":true,"href":"https:\/\/soydeaqui.ddns.net\/pachuca\/index.php\/wp-json\/wp\/v2\/comments?post=114638"}],"wp:featuredmedia":[{"embeddable":true,"href":"https:\/\/soydeaqui.ddns.net\/pachuca\/index.php\/wp-json\/wp\/v2\/media\/114637"}],"wp:attachment":[{"href":"https:\/\/soydeaqui.ddns.net\/pachuca\/index.php\/wp-json\/wp\/v2\/media?parent=114638"}],"wp:term":[{"taxonomy":"product_brand","embeddable":true,"href":"https:\/\/soydeaqui.ddns.net\/pachuca\/index.php\/wp-json\/wp\/v2\/product_brand?post=114638"},{"taxonomy":"product_cat","embeddable":true,"href":"https:\/\/soydeaqui.ddns.net\/pachuca\/index.php\/wp-json\/wp\/v2\/product_cat?post=114638"},{"taxonomy":"product_tag","embeddable":true,"href":"https:\/\/soydeaqui.ddns.net\/pachuca\/index.php\/wp-json\/wp\/v2\/product_tag?post=114638"}],"curies":[{"name":"wp","href":"https:\/\/api.w.org\/{rel}","templated":true}]}}