{"id":114616,"date":"2026-03-20T23:46:56","date_gmt":"2026-03-20T23:46:56","guid":{"rendered":"https:\/\/soydeaqui.ddns.net\/pachuca\/index.php\/producto\/plug-rj45-cat6a-blindado-terminacion-en-campo-compatible-con-todas-las-categorias-sin-clip-protector-de-seguro\/"},"modified":"2026-03-20T23:47:09","modified_gmt":"2026-03-20T23:47:09","slug":"plug-rj45-cat6a-blindado-terminacion-en-campo-compatible-con-todas-las-categorias-sin-clip-protector-de-seguro","status":"publish","type":"product","link":"https:\/\/soydeaqui.ddns.net\/pachuca\/index.php\/producto\/plug-rj45-cat6a-blindado-terminacion-en-campo-compatible-con-todas-las-categorias-sin-clip-protector-de-seguro\/","title":{"rendered":"Plug RJ45 Cat6A Blindado, Terminaci\u00f3n en Campo, Compatible con Todas las Categor\u00edas, Sin Clip Protector de Seguro"},"content":{"rendered":"<div style='width: 100%; max-width: 1200px; margin: 0 auto; font-family: sans-serif; line-height: 1.6; color: inherit; background-color: transparent;'>\n<div style='display: flex; flex-wrap: wrap; gap: 30px; margin-bottom: 30px;'>\n<div style='flex: 1 1 300px; min-width: 280px;'>\n<h3 style='font-size: 22px; border-bottom: 2px solid currentColor; padding-bottom: 5px; margin-top: 0; color: inherit; opacity: 0.8;'>Caracter\u00edsticas<\/h3>\n<ul style='padding-left: 20px; font-size: 15px; color: inherit;'>\n<li style='margin-bottom: 5px;'>La l\u00ednea Z-PLUG de Siemon ofrece terminaciones en campo de conectores macho de alto rendimiento de manera r\u00e1pida y flexible<\/li>\n<li style='margin-bottom: 5px;'>Conectores Z-PLUG superan todos los requisitos de rendimiento de Categor\u00eda 6A<\/li>\n<li style='margin-bottom: 5px;'>Pueden ser utilizados para cables blindados&comma; no blindados&comma; s\u00f3lidos y multifilares<\/li>\n<li style='margin-bottom: 5px;'>Cumplen con UL 2043 para uso en espacios de manejo de aire &#8216;Plenum&#8217;<\/li>\n<li style='margin-bottom: 5px;'>Pueden ser conectorizados sin la bota para lugares con espacios de profundidad limitada<\/li>\n<\/ul><\/div>\n<div style='flex: 1 1 300px; min-width: 280px;'> <img style='width: 100%; height: auto; border: 1px solid rgba(150&comma;150&comma;150&comma;0.3); border-radius: 8px;' src='https:\/\/ftp3.syscom.mx\/usuarios\/fotos\/ZP16AS00S\/143287-landing-header.jpg' alt='Plug RJ45 Cat6A Blindado'> <\/div>\n<\/p><\/div>\n<div style='display: flex; flex-wrap: wrap; gap: 20px; margin-bottom: 30px;'>\n<div style='flex: 1 1 250px; border: 1px solid rgba(150&comma; 150&comma; 150&comma; 0.4); border-radius: 8px; overflow: hidden; display: flex; flex-direction: column;'>\n<div style='padding: 15px; border-bottom: 1px solid rgba(150&comma; 150&comma; 150&comma; 0.2); font-weight: bold; font-size: 18px; color: inherit;'>Rendimiento<\/div>\n<div style='padding: 15px; color: inherit;'>\n<ul style='padding-left: 20px; margin: 0; font-size: 14px; list-style-type: disc;'>\n<li style='margin-bottom: 5px;'>Soporta transmisi\u00f3n 10G para aplicaciones de alta velocidad<\/li>\n<li style='margin-bottom: 5px;'>Compatible con 802.11ac WiFi<\/li>\n<\/ul><\/div>\n<\/p><\/div>\n<div style='flex: 1 1 250px; border: 1px solid rgba(150&comma; 150&comma; 150&comma; 0.4); border-radius: 8px; overflow: hidden; display: flex; flex-direction: column;'>\n<div style='padding: 15px; border-bottom: 1px solid rgba(150&comma; 150&comma; 150&comma; 0.2); font-weight: bold; font-size: 18px; color: inherit;'>Terminaci\u00f3n<\/div>\n<div style='padding: 15px; color: inherit;'>\n<ul style='padding-left: 20px; margin: 0; font-size: 14px; list-style-type: disc;'>\n<li style='margin-bottom: 5px;'>M\u00f3dulo intuitivo con gu\u00eda con c\u00f3digo de colores<\/li>\n<li style='margin-bottom: 5px;'>Herramienta de terminaci\u00f3n f\u00e1cil de usar e intuitiva<\/li>\n<li style='margin-bottom: 5px;'>Velocidad de terminaci\u00f3n mejorada para r\u00e1pido despliegue<\/li>\n<\/ul><\/div>\n<\/p><\/div>\n<div style='flex: 1 1 250px; border: 1px solid rgba(150&comma; 150&comma; 150&comma; 0.4); border-radius: 8px; overflow: hidden; display: flex; flex-direction: column;'>\n<div style='padding: 15px; border-bottom: 1px solid rgba(150&comma; 150&comma; 150&comma; 0.2); font-weight: bold; font-size: 18px; color: inherit;'>Aplicaciones<\/div>\n<div style='padding: 15px; color: inherit;'>\n<ul style='padding-left: 20px; margin: 0; font-size: 14px; list-style-type: disc;'>\n<li style='margin-bottom: 5px;'>C\u00e1maras IP Megapixel<\/li>\n<li style='margin-bottom: 5px;'>Puntos de Acceso 802.11ac<\/li>\n<li style='margin-bottom: 5px;'>Lectores de Control de Acceso<\/li>\n<li style='margin-bottom: 5px;'>Iluminaci\u00f3n LED<\/li>\n<li style='margin-bottom: 5px;'>Redes inal\u00e1mbricas en torres<\/li>\n<li style='margin-bottom: 5px;'>Instalaciones industriales o minas<\/li>\n<li style='margin-bottom: 5px;'>Power Over Ethernet IEEE 802.3af y 802.3at<\/li>\n<li style='margin-bottom: 5px;'>10BASE-T&comma; 100BASE-T&comma; 1000BASE-T&comma; 10GBASE-T&comma; HDBase-T<\/li>\n<\/ul><\/div>\n<\/p><\/div>\n<\/p><\/div>\n<div style='display: flex; flex-wrap: wrap; gap: 30px; margin-bottom: 30px;'>\n<div style='flex: 1 1 400px; min-width: 300px;'>\n<div style='position: relative; padding-bottom: 56.25%; height: 0; overflow: hidden; margin-bottom: 30px;'>   <\/div>\n<p style='text-align: center; margin: 0; font-size: 14px; color: inherit;'>V\u00eddeo demostrativo<\/p>\n<\/p><\/div>\n<div style='flex: 1 1 400px; min-width: 300px;'>\n<div style='position: relative; padding-bottom: 56.25%; height: 0; overflow: hidden; margin-bottom: 30px;'>   <\/div>\n<p style='text-align: center; margin: 0; font-size: 14px; color: inherit;'>V\u00eddeo de Instalaci\u00f3n<\/p>\n<\/p><\/div>\n<\/p><\/div>\n<hr style='border: 0; border-top: 1px solid rgba(150&comma; 150&comma; 150&comma; 0.3); margin: 30px 0;'> <\/div>\n","protected":false},"excerpt":{"rendered":"<p>Plug RJ45 Cat6A Blindado, Terminaci\u00f3n en Campo, Compatible con Todas las Categor\u00edas, Sin Clip Protector de Seguro<\/p>\n","protected":false},"featured_media":114615,"comment_status":"open","ping_status":"closed","template":"","meta":[],"product_brand":[],"product_cat":[668],"product_tag":[488,669,600],"class_list":{"0":"post-114616","1":"product","2":"type-product","3":"status-publish","4":"has-post-thumbnail","6":"product_cat-categoria-6a","7":"product_tag-cables-y-conectores","8":"product_tag-categoria-6a","9":"product_tag-siemon","11":"first","12":"outofstock","13":"sale","14":"shipping-taxable","15":"purchasable","16":"product-type-simple"},"_links":{"self":[{"href":"https:\/\/soydeaqui.ddns.net\/pachuca\/index.php\/wp-json\/wp\/v2\/product\/114616","targetHints":{"allow":["GET"]}}],"collection":[{"href":"https:\/\/soydeaqui.ddns.net\/pachuca\/index.php\/wp-json\/wp\/v2\/product"}],"about":[{"href":"https:\/\/soydeaqui.ddns.net\/pachuca\/index.php\/wp-json\/wp\/v2\/types\/product"}],"replies":[{"embeddable":true,"href":"https:\/\/soydeaqui.ddns.net\/pachuca\/index.php\/wp-json\/wp\/v2\/comments?post=114616"}],"wp:featuredmedia":[{"embeddable":true,"href":"https:\/\/soydeaqui.ddns.net\/pachuca\/index.php\/wp-json\/wp\/v2\/media\/114615"}],"wp:attachment":[{"href":"https:\/\/soydeaqui.ddns.net\/pachuca\/index.php\/wp-json\/wp\/v2\/media?parent=114616"}],"wp:term":[{"taxonomy":"product_brand","embeddable":true,"href":"https:\/\/soydeaqui.ddns.net\/pachuca\/index.php\/wp-json\/wp\/v2\/product_brand?post=114616"},{"taxonomy":"product_cat","embeddable":true,"href":"https:\/\/soydeaqui.ddns.net\/pachuca\/index.php\/wp-json\/wp\/v2\/product_cat?post=114616"},{"taxonomy":"product_tag","embeddable":true,"href":"https:\/\/soydeaqui.ddns.net\/pachuca\/index.php\/wp-json\/wp\/v2\/product_tag?post=114616"}],"curies":[{"name":"wp","href":"https:\/\/api.w.org\/{rel}","templated":true}]}}