{"id":114611,"date":"2026-03-20T23:46:39","date_gmt":"2026-03-20T23:46:39","guid":{"rendered":"https:\/\/soydeaqui.ddns.net\/pachuca\/index.php\/producto\/plug-rj45-cat6a-blindado-terminacin-en-campo-compatible-con-todas-las-categoras-con-clip-protector-de-seguro\/"},"modified":"2026-03-20T23:46:51","modified_gmt":"2026-03-20T23:46:51","slug":"plug-rj45-cat6a-blindado-terminacin-en-campo-compatible-con-todas-las-categoras-con-clip-protector-de-seguro","status":"publish","type":"product","link":"https:\/\/soydeaqui.ddns.net\/pachuca\/index.php\/producto\/plug-rj45-cat6a-blindado-terminacin-en-campo-compatible-con-todas-las-categoras-con-clip-protector-de-seguro\/","title":{"rendered":"Plug RJ45 Cat6A Blindado, Terminaci?n en Campo, Compatible con Todas las Categor?as, con Clip Protector de Seguro"},"content":{"rendered":"<div style='width: 100%; max-width: 1200px; margin: 0 auto; font-family: sans-serif; line-height: 1.6; color: inherit; background-color: transparent;'> <!-- Imagen principal --> <\/p>\n<div style='width: 100%; margin-bottom: 30px;'> <img style='width: 100%; height: auto; border: 1px solid rgba(150&comma;150&comma;150&comma;0.3); border-radius: 8px;' src='https:\/\/ftp3.syscom.mx\/usuarios\/fotos\/ZP16AS00S\/143287-landing-header.jpg' alt=''> <\/div>\n<p> <!-- Secci\u00f3n de descripci\u00f3n principal --> <\/p>\n<div style='margin-bottom: 30px;'>\n<p>La l\u00ednea Z-PLUG de Siemon ofrece terminaciones en campo de conectores macho de alto rendimiento de manera r\u00e1pida y flexible&comma; para conexiones directas a puntos de acceso inal\u00e1mbricos&comma; c\u00e1maras de seguridad&comma; lamparas LED&comma; sistemas de antenas distribuidas (DAS)&comma; dispositivos de automatizaci\u00f3n&comma; y cualquier otra aplicaci\u00f3n IP con dispositivos RJ45 soportados por PoE (Power over Ethernet) aprovechando nuevas tendencias como IoT o edificios inteligentes.<\/p>\n<p>Los conectores Z-PLUG superan todos los requisitos de rendimiento de Categor\u00eda 6A&comma; y pueden ser utilizados para cables blindados&comma; no blindados&comma; s\u00f3lidos y multifilares para una m\u00e1xima flexibilidad.<\/p>\n<p>Los Plugs cumplen con UL 2043 para uso en espacios de manejo de aire &#8216;Plenum&#8217;&comma; y puede ser conectorizados sin la bota para lugares con espacios de profundidad limitada&comma; tales como c\u00e1maras de seguridad y puntos de acceso.<\/p>\n<\/p><\/div>\n<p> <!-- Secci\u00f3n de caracter\u00edsticas --> <\/p>\n<div style='display: flex; flex-wrap: wrap; gap: 30px; margin-bottom: 30px;'>\n<div style='flex: 1 1 300px; min-width: 280px;'>\n<h3 style='font-size: 22px; border-bottom: 2px solid currentColor; padding-bottom: 5px; margin-top: 0; color: inherit; opacity: 0.8;'>Caracter\u00edsticas<\/h3>\n<ul style='padding-left: 20px; font-size: 15px; color: inherit;'>\n<li style='margin-bottom: 5px;'>Rendimiento mejorado: Soporta transmisi\u00f3n 10G para aplicaciones de alta velocidad de hoy en d\u00eda como 802.11ac WiFi.<\/li>\n<li style='margin-bottom: 5px;'>Terminaci\u00f3n guiada: M\u00f3dulo intuitivo que ofrece una gu\u00eda con c\u00f3digo de colores para la colocaci\u00f3n correcta de los conductores.<\/li>\n<li style='margin-bottom: 5px;'>Velocidad de terminaci\u00f3n: La herramienta de terminaci\u00f3n Z-PLUG f\u00e1cil de usar e intuitiva permite una velocidad de terminaci\u00f3n mejor en su clase para r\u00e1pido despliegue de dispositivos basados en IP.<\/li>\n<\/ul><\/div>\n<\/p><\/div>\n<p> <!-- Secci\u00f3n de aplicaciones --> <\/p>\n<div style='margin-bottom: 30px;'>\n<h3 style='font-size: 22px; border-bottom: 2px solid currentColor; padding-bottom: 5px; margin-top: 0; color: inherit; opacity: 0.8;'>Aplicaciones<\/h3>\n<ul style='padding-left: 20px; font-size: 15px; color: inherit;'>\n<li style='margin-bottom: 5px;'>Instalaciones de C\u00e1maras IP Megapixel<\/li>\n<li style='margin-bottom: 5px;'>Puntos de Acceso 802.11ac<\/li>\n<li style='margin-bottom: 5px;'>Lectores de Control de Acceso<\/li>\n<li style='margin-bottom: 5px;'>Iluminaci\u00f3n LED<\/li>\n<li style='margin-bottom: 5px;'>Redes inal\u00e1mbricas&comma; ideal para instalaciones en torres<\/li>\n<li style='margin-bottom: 5px;'>Instalaciones industriales o minas<\/li>\n<li style='margin-bottom: 5px;'>Aplicaciones Power Over Ethernet IEEE 802.3af y 802.3at<\/li>\n<li style='margin-bottom: 5px;'>Aplicaciones en 10BASE-T&comma; 100BASE-T&comma; 1000BASE-T&comma; 10GBASE-T&comma; HDBase-T<\/li>\n<\/ul><\/div>\n<p> <!-- Secci\u00f3n de videos --> <\/p>\n<div style='display: flex; flex-wrap: wrap; gap: 30px; margin-bottom: 30px;'>\n<div style='flex: 1 1 560px; min-width: 300px;'>\n<div style='position: relative; padding-bottom: 56.25%; height: 0; overflow: hidden; margin-bottom: 30px;'>   <\/div>\n<\/p><\/div>\n<div style='flex: 1 1 560px; min-width: 300px;'>\n<div style='position: relative; padding-bottom: 56.25%; height: 0; overflow: hidden; margin-bottom: 30px;'>   <\/div>\n<\/p><\/div>\n<\/p><\/div>\n<\/p><\/div>\n","protected":false},"excerpt":{"rendered":"<p>Plug RJ45 Cat6A Blindado, Terminaci?n en Campo, Compatible con Todas las Categor?as, con Clip Protector de Seguro<\/p>\n","protected":false},"featured_media":114610,"comment_status":"open","ping_status":"closed","template":"","meta":[],"product_brand":[],"product_cat":[668],"product_tag":[488,669,600],"class_list":{"0":"post-114611","1":"product","2":"type-product","3":"status-publish","4":"has-post-thumbnail","6":"product_cat-categoria-6a","7":"product_tag-cables-y-conectores","8":"product_tag-categoria-6a","9":"product_tag-siemon","11":"first","12":"instock","13":"sale","14":"shipping-taxable","15":"purchasable","16":"product-type-simple"},"_links":{"self":[{"href":"https:\/\/soydeaqui.ddns.net\/pachuca\/index.php\/wp-json\/wp\/v2\/product\/114611","targetHints":{"allow":["GET"]}}],"collection":[{"href":"https:\/\/soydeaqui.ddns.net\/pachuca\/index.php\/wp-json\/wp\/v2\/product"}],"about":[{"href":"https:\/\/soydeaqui.ddns.net\/pachuca\/index.php\/wp-json\/wp\/v2\/types\/product"}],"replies":[{"embeddable":true,"href":"https:\/\/soydeaqui.ddns.net\/pachuca\/index.php\/wp-json\/wp\/v2\/comments?post=114611"}],"wp:featuredmedia":[{"embeddable":true,"href":"https:\/\/soydeaqui.ddns.net\/pachuca\/index.php\/wp-json\/wp\/v2\/media\/114610"}],"wp:attachment":[{"href":"https:\/\/soydeaqui.ddns.net\/pachuca\/index.php\/wp-json\/wp\/v2\/media?parent=114611"}],"wp:term":[{"taxonomy":"product_brand","embeddable":true,"href":"https:\/\/soydeaqui.ddns.net\/pachuca\/index.php\/wp-json\/wp\/v2\/product_brand?post=114611"},{"taxonomy":"product_cat","embeddable":true,"href":"https:\/\/soydeaqui.ddns.net\/pachuca\/index.php\/wp-json\/wp\/v2\/product_cat?post=114611"},{"taxonomy":"product_tag","embeddable":true,"href":"https:\/\/soydeaqui.ddns.net\/pachuca\/index.php\/wp-json\/wp\/v2\/product_tag?post=114611"}],"curies":[{"name":"wp","href":"https:\/\/api.w.org\/{rel}","templated":true}]}}