{"id":114483,"date":"2026-03-20T23:39:28","date_gmt":"2026-03-20T23:39:28","guid":{"rendered":"https:\/\/soydeaqui.ddns.net\/pachuca\/index.php\/producto\/kit-de-transceptores-baluns-con-terminal-push-superior-pig-tail-en-ambos-conectores-resolucion-4k-cable-flexible-coaxial-blindado-coaxitron-audio-por-coaxitron-conector-100-cobre-calidad-p\/"},"modified":"2026-03-20T23:39:29","modified_gmt":"2026-03-20T23:39:29","slug":"kit-de-transceptores-baluns-con-terminal-push-superior-pig-tail-en-ambos-conectores-resolucion-4k-cable-flexible-coaxial-blindado-coaxitron-audio-por-coaxitron-conector-100-cobre-calidad-p","status":"publish","type":"product","link":"https:\/\/soydeaqui.ddns.net\/pachuca\/index.php\/producto\/kit-de-transceptores-baluns-con-terminal-push-superior-pig-tail-en-ambos-conectores-resolucion-4k-cable-flexible-coaxial-blindado-coaxitron-audio-por-coaxitron-conector-100-cobre-calidad-p\/","title":{"rendered":"Kit de Transceptores (Baluns) con Terminal PUSH SUPERIOR PIG TAIL en ambos conectores, Resoluci\u00f3n 4K , Cable flexible COAXIAL Blindado \/ COAXITRON \/ AUDIO POR COAXITRON \/Conector 100% COBRE \/ Calidad PREMIUM"},"content":{"rendered":"<div style='width: 100%; max-width: 1200px; margin: 0 auto; font-family: sans-serif; line-height: 1.6; color: inherit; background-color: transparent;'>\n<div style='display: flex; flex-wrap: wrap; gap: 30px; margin-bottom: 30px;'>\n<div style='flex: 1 1 300px; min-width: 280px;'>\n<h3 style='font-size: 22px; border-bottom: 2px solid currentColor; padding-bottom: 5px; margin-top: 0; color: inherit; opacity: 0.8;'>Caracter\u00edsticas Principales<\/h3>\n<ul style='padding-left: 20px; font-size: 15px; color: inherit;'>\n<li style='margin-bottom: 5px;'><strong>Kit de transceptores pasivos con terminales PUSH-PIN&comma; ambos con coleta (PIG TAIL).<\/strong><\/li>\n<li style='margin-bottom: 5px;'><strong>Compatible con c\u00e1maras con tecnolog\u00eda HD-TVI \/ HD-CVI \/ AHD \/ CVBS<\/strong><\/li>\n<li style='margin-bottom: 5px;'>Compatibles con c\u00e1maras analogas (CVBS)<\/li>\n<li style='margin-bottom: 5px;'><strong>Soporta Coaxitron&comma; Audio por coaxitron y men\u00fa OSD<\/strong><\/li>\n<li style='margin-bottom: 5px;'>Transmisi\u00f3n en tiempo real por cable UTP cat 5e\/6\/6A\/7<\/li>\n<li style='margin-bottom: 5px;'>Dise\u00f1o de filtro de onda anti-est\u00e1tico<\/li>\n<li style='margin-bottom: 5px;'>Formatos de video compatibles NTSC&comma; PAL&comma; SECAM<\/li>\n<li style='margin-bottom: 5px;'>Impedancia 75 ohms<\/li>\n<li style='margin-bottom: 5px;'>Conectores macho en BNC<\/li>\n<\/ul><\/div>\n<div style='flex: 1 1 300px; min-width: 280px;'>\n<h3 style='font-size: 22px; border-bottom: 2px solid currentColor; padding-bottom: 5px; margin-top: 0; color: inherit; opacity: 0.8;'>Caracter\u00edsticas F\u00edsicas y El\u00e9ctricas<\/h3>\n<ul style='padding-left: 20px; font-size: 15px; color: inherit;'>\n<li style='margin-bottom: 5px;'>No requieren alimentaci\u00f3n<\/li>\n<li style='margin-bottom: 5px;'>Dimensiones 38.4(L) x 18.6(W) x 19.5(H) mm (conector BNC y cable excluidos)<\/li>\n<li style='margin-bottom: 5px;'>Peso 22 gramos.<\/li>\n<li style='margin-bottom: 5px;'>Temperatura de operaci\u00f3n -20\u00b0C a 70\u00b0C<\/li>\n<li style='margin-bottom: 5px;'>Temperatura de almacenamiento -40\u00b0 ~ 150\u00b0C<\/li>\n<li style='margin-bottom: 5px;'>Humedad Relativa 0~95% (sin condensar)<\/li>\n<li style='margin-bottom: 5px;'>Carcasa ABS<\/li>\n<li style='margin-bottom: 5px;'>Color Negro.<\/li>\n<li style='margin-bottom: 5px;'><strong>por defectos de fabricaci\u00f3n<\/strong><\/li>\n<\/ul><\/div>\n<div style='flex: 1 1 300px; min-width: 280px;'>\n<h3 style='font-size: 22px; border-bottom: 2px solid currentColor; padding-bottom: 5px; margin-top: 0; color: inherit; opacity: 0.8;'>Caracter\u00edsticas Destacadas<\/h3>\n<ul style='padding-left: 20px; font-size: 15px; color: inherit;'>\n<li style='margin-bottom: 5px;'>Inmunidad al ruido y diafon\u00eda de 60 dB.<\/li>\n<li style='margin-bottom: 5px;'><strong>Rechazo excepcional de interferencias<\/strong><\/li>\n<li style='margin-bottom: 5px;'><strong>Protecci\u00f3n interconstruida contra sobretensi\u00f3n<\/strong><\/li>\n<li style='margin-bottom: 5px;'>TVS (supresor de voltaje transitorio) de estado s\u00f3lido incorporado.<\/li>\n<li style='margin-bottom: 5px;'>Transmisi\u00f3n de 150 metros (492 ft) para TurboHD en 4K<\/li>\n<li style='margin-bottom: 5px;'>Transmisi\u00f3n de 200 metros (656 ft) para TurboHD hasta 5 MP<\/li>\n<li style='margin-bottom: 5px;'>Transmisi\u00f3n de 250 metros (820 ft) para TurboHD hasta 2 MP<\/li>\n<li style='margin-bottom: 5px; color: red;'>Precio por Kit.<\/li>\n<\/ul><\/div>\n<\/p><\/div>\n<div style='display: flex; flex-wrap: wrap; gap: 30px; margin-bottom: 30px;'>\n<div style='flex: 1 1 300px; min-width: 280px;'> <img style='width: 100%; height: auto; border: 1px solid rgba(150&comma;150&comma;150&comma;0.3); border-radius: 8px;' src='http:\/\/ftp3.syscom.mx\/usuarios\/hallende\/FolkTitanium\/TT-101-F-TURBOZ\/TT101FTURBOZ-AD-1-h.png' alt=''> <\/div>\n<div style='flex: 1 1 300px; min-width: 280px;'> <img style='width: 100%; height: auto; border: 1px solid rgba(150&comma;150&comma;150&comma;0.3); border-radius: 8px;' src='http:\/\/ftp3.syscom.mx\/usuarios\/hallende\/FolkTitanium\/TT-101-F-TURBOZ\/TT101FTURBOZ-AD-2-h.png' alt=''> <\/div>\n<div style='flex: 1 1 300px; min-width: 280px;'> <img style='width: 100%; height: auto; border: 1px solid rgba(150&comma;150&comma;150&comma;0.3); border-radius: 8px;' src='http:\/\/ftp3.syscom.mx\/usuarios\/hallende\/FolkTitanium\/TT-101-F-TURBOZ\/TT101FTURBOZ-h.png' alt=''> <\/div>\n<\/p><\/div>\n<div style='margin-bottom: 30px;'> <img style='width: 100%; height: auto; border: 1px solid rgba(150&comma;150&comma;150&comma;0.3); border-radius: 8px;' src='https:\/\/ftp3.syscom.mx\/usuarios\/ccasares\/CCTVS\/DISTANCIA%20DE%20TRANSCEPTORES-3.jpg' alt=''> <\/div>\n<div style='margin-bottom: 30px;'>\n<p style='text-align: center; margin: 0 0 0 0; font-size: 15px; color: inherit;'>El bal\u00fan de video TT101FTURBOZ es un dispositivo pasivo que permite la transmisi\u00f3n de se\u00f1ales de video CCTV HD en tiempo real a trav\u00e9s de un cable de par trenzado&comma; cuenta con conectores de Cobre que ofrecen mayor conductividad&comma; mejor desempe\u00f1o en altas frecuencias (Video HD y largas distancias) y mucho menor atenuaci\u00f3n&comma; algunas de las principales ventajas de este equipo es que cuenta con TVS (supresor de voltaje transitorio) de estado s\u00f3lido incorporado para protecci\u00f3n contra sobretensiones&comma; es antiest\u00e1tico&comma; ofrece protecci\u00f3n contra rayos Grado 3&comma; Inmunidad al ruido y diafon\u00eda de 60 dB y rechazo excepcional de interferencias. Es compatible con todas las c\u00e1maras anal\u00f3gicas HD-TVI\/ CVI\/ AHD\/ CVBS y ampliamente usado en c\u00e1maras de CCTV&comma; monitores&comma; DVR&comma; conmutadores&comma; codificadores IP y otros equipos CCTV. Sus terminales PUSH-PIN facilitan la conexi\u00f3n del par de cables UTP y sus coletas (PIG TAIL) la conexi\u00f3n al dvr en lugares estrechos o poco c\u00f3modos. Definitivamente el equipo Premium&comma; la competencia no ofrece tanto en sus productos.<\/p>\n<\/p><\/div>\n<\/p><\/div>\n","protected":false},"excerpt":{"rendered":"<p>Kit de Transceptores (Baluns) con Terminal PUSH SUPERIOR PIG TAIL en ambos conectores, Resoluci\u00f3n 4K , Cable flexible COAXIAL Blindado \/ COAXITRON \/ AUDIO POR COAXITRON \/Conector 100% COBRE \/ Calidad PREMIUM<\/p>\n","protected":false},"featured_media":114482,"comment_status":"open","ping_status":"closed","template":"","meta":[],"product_brand":[],"product_cat":[2327],"product_tag":[417,507,2328],"class_list":{"0":"post-114483","1":"product","2":"type-product","3":"status-publish","4":"has-post-thumbnail","6":"product_cat-transceptores-de-video","7":"product_tag-accesorios-generales","8":"product_tag-epcom-titanium","9":"product_tag-transceptores-de-video","11":"first","12":"instock","13":"sale","14":"shipping-taxable","15":"purchasable","16":"product-type-simple"},"_links":{"self":[{"href":"https:\/\/soydeaqui.ddns.net\/pachuca\/index.php\/wp-json\/wp\/v2\/product\/114483","targetHints":{"allow":["GET"]}}],"collection":[{"href":"https:\/\/soydeaqui.ddns.net\/pachuca\/index.php\/wp-json\/wp\/v2\/product"}],"about":[{"href":"https:\/\/soydeaqui.ddns.net\/pachuca\/index.php\/wp-json\/wp\/v2\/types\/product"}],"replies":[{"embeddable":true,"href":"https:\/\/soydeaqui.ddns.net\/pachuca\/index.php\/wp-json\/wp\/v2\/comments?post=114483"}],"wp:featuredmedia":[{"embeddable":true,"href":"https:\/\/soydeaqui.ddns.net\/pachuca\/index.php\/wp-json\/wp\/v2\/media\/114482"}],"wp:attachment":[{"href":"https:\/\/soydeaqui.ddns.net\/pachuca\/index.php\/wp-json\/wp\/v2\/media?parent=114483"}],"wp:term":[{"taxonomy":"product_brand","embeddable":true,"href":"https:\/\/soydeaqui.ddns.net\/pachuca\/index.php\/wp-json\/wp\/v2\/product_brand?post=114483"},{"taxonomy":"product_cat","embeddable":true,"href":"https:\/\/soydeaqui.ddns.net\/pachuca\/index.php\/wp-json\/wp\/v2\/product_cat?post=114483"},{"taxonomy":"product_tag","embeddable":true,"href":"https:\/\/soydeaqui.ddns.net\/pachuca\/index.php\/wp-json\/wp\/v2\/product_tag?post=114483"}],"curies":[{"name":"wp","href":"https:\/\/api.w.org\/{rel}","templated":true}]}}