{"id":114458,"date":"2026-03-20T23:38:00","date_gmt":"2026-03-20T23:38:00","guid":{"rendered":"https:\/\/soydeaqui.ddns.net\/pachuca\/index.php\/producto\/kit-extensor-hdmi-para-distancias-de-30-metros-resolucion-4k-x-2k-30-hz-cat-6-6a-y-7-hdcp2-2-hdmi-2-0-soporta-pcm-hdbitt-soporta-control-remoto-del-equipo-fuente\/"},"modified":"2026-03-20T23:38:13","modified_gmt":"2026-03-20T23:38:13","slug":"kit-extensor-hdmi-para-distancias-de-30-metros-resolucion-4k-x-2k-30-hz-cat-6-6a-y-7-hdcp2-2-hdmi-2-0-soporta-pcm-hdbitt-soporta-control-remoto-del-equipo-fuente","status":"publish","type":"product","link":"https:\/\/soydeaqui.ddns.net\/pachuca\/index.php\/producto\/kit-extensor-hdmi-para-distancias-de-30-metros-resolucion-4k-x-2k-30-hz-cat-6-6a-y-7-hdcp2-2-hdmi-2-0-soporta-pcm-hdbitt-soporta-control-remoto-del-equipo-fuente\/","title":{"rendered":"Kit Extensor HDMI para distancias de 30 metros \/ Resoluci\u00f3n 4K x 2K@ 30 Hz\/ Cat 6, 6a y 7 \/ HDCP2.2 \/ HDMI 2.0  \/ Soporta PCM, HDbitT \/ Soporta control remoto del equipo fuente."},"content":{"rendered":"<div style='width: 100%; max-width: 1200px; margin: 0 auto; font-family: sans-serif; line-height: 1.6; color: inherit; background-color: transparent;'>\n<div style='width: 100%; max-width: 1200px; margin: 0 auto; font-family: sans-serif; line-height: 1.6; color: inherit; background-color: transparent;'>\n<div style='display: flex; flex-direction: column; align-items: center; text-align: center; margin-bottom: 30px;'>\n<h1 style='font-size: 28px; color: inherit; margin: 0;'><strong>TT-672<\/strong><\/h1>\n<h3 style='font-size: 20px; color: inherit; margin: 10px 0;'>Extensor ultra HD HDMI 4K@60Hz con IR; Distancia de 30 metros<\/h3>\n<p style='font-size: 15px; color: inherit; margin: 10px 70px 50px 70px;'>Este kit TT-672 permite transmitir la se\u00f1al HDMI hasta 30 metros a 4K \u00d7 2K @ a 60 Hz a 30 mts. A de largo a trav\u00e9s de un solo CAT6 \/ 6A \/ 7 cable en una configuraci\u00f3n punto a punto. Es compatible con IR passback con una amplia frecuencia IR de 20-60 KHz. Es perfecto para la aplicaci\u00f3n de publicidad exterior&comma; video clips&comma; sistema de monitoreo&comma; entretenimiento en el hogar y conferencias&comma; etc.<\/p>\n<\/p><\/div>\n<div style='display: flex; flex-wrap: wrap; gap: 30px; margin-bottom: 30px;'>\n<div style='flex: 1 1 300px; min-width: 280px;'>\n<h3 style='font-size: 22px; border-bottom: 2px solid currentColor; padding-bottom: 5px; margin-top: 0; color: inherit; opacity: 0.8;'>Caracter\u00edsticas<\/h3>\n<ul style='padding-left: 20px; font-size: 15px; color: inherit;'>\n<li style='margin-bottom: 5px;'>HDMI sobre Solo CAT a 30M<\/li>\n<li style='margin-bottom: 5px;'><strong>Soporta resoluci\u00f3n de hasta:<\/strong> 480 i a 60 Hz&comma; 480p a 60 Hz&comma; 576 i a 50 Hz&comma; 576 p a 50 Hz&comma; 720p a 50\/60 Hz&comma; 1080i a 50\/60 Hz&comma; 1080p a 50\/60 Hz&comma; 3840 x 2160 a 24\/25\/30\/50\/60 Hz<\/li>\n<li style='margin-bottom: 5px;'><strong>Ancho de banda:<\/strong> 18Gbps<\/li>\n<li style='margin-bottom: 5px;'>Transmisi\u00f3n IR: 20-60 Khz<\/li>\n<\/ul><\/div>\n<div style='flex: 1 1 300px; min-width: 280px;'>\n<h3 style='font-size: 22px; border-bottom: 2px solid currentColor; padding-bottom: 5px; margin-top: 0; color: inherit; opacity: 0.8;'>Especificaciones el\u00e9ctricas<\/h3>\n<ul style='padding-left: 20px; font-size: 15px; color: inherit;'>\n<li style='margin-bottom: 5px;'><strong>Fuente de alimentaci\u00f3n:<\/strong> 5V\/1A<\/li>\n<li style='margin-bottom: 5px;'><strong>Consumo:<\/strong> TX 2.5W RX:3W<\/li>\n<li style='margin-bottom: 5px;'><strong>Temperatura de operaci\u00f3n:<\/strong> 0 ~ 60 \u00b0C<\/li>\n<li style='margin-bottom: 5px;'><strong>Temperatura de almacenamiento:<\/strong> 20~70\u00b0C<\/li>\n<li style='margin-bottom: 5px;'><strong>Peso neto:<\/strong> TX:RX: 80g<\/li>\n<li style='margin-bottom: 5px;'><strong>Dimensiones:<\/strong> 77.49( L ) x 56.15 ( W ) x 22.66 ( H ) mm * 2 piezas<\/li>\n<\/ul><\/div>\n<div style='flex: 1 1 300px; min-width: 280px;'>\n<h3 style='font-size: 22px; border-bottom: 2px solid currentColor; padding-bottom: 5px; margin-top: 0; color: inherit; opacity: 0.8;'>Especificaciones t\u00e9cnicas<\/h3>\n<ul style='padding-left: 20px; font-size: 15px; color: inherit;'>\n<li style='margin-bottom: 5px;'>Conformidad HDMI 1.4a<\/li>\n<li style='margin-bottom: 5px;'>Cumplimiento de HDCP 1.2a<\/li>\n<li style='margin-bottom: 5px;'>Soporta PCM&comma; AC3&comma; DTS<\/li>\n<li style='margin-bottom: 5px;'><strong>1 A\u00f1o de Garant\u00eda<\/strong><\/li>\n<\/ul><\/div>\n<\/p><\/div>\n<div style='display: flex; flex-wrap: wrap; gap: 20px; margin-bottom: 30px;'>\n<div style='flex: 1 1 100%;'> <img style='width: 100%; height: auto; border: 1px solid rgba(150&comma;150&comma;150&comma;0.3); border-radius: 8px;' src='http:\/\/ftp3.syscom.mx\/usuarios\/hallende\/EPCOM%20Titanium\/TT-672\/TT672%20Esp.jpg' alt=''> <\/div>\n<\/p><\/div>\n<div style='position: relative; padding-bottom: 56.25%; height: 0; overflow: hidden; margin-bottom: 30px;'>   <\/div>\n<div style='display: flex; flex-wrap: wrap; gap: 20px; margin-bottom: 30px;'>\n<div style='flex: 1 1 100%;'> <img style='width: 100%; height: auto; border: 1px solid rgba(150&comma;150&comma;150&comma;0.3); border-radius: 8px;' src='https:\/\/ftp3.syscom.mx\/usuarios\/ccasares\/CCTV\/TT672.jpg' alt=''> <\/div>\n<\/p><\/div>\n<\/p><\/div>\n<\/p><\/div>\n","protected":false},"excerpt":{"rendered":"<p>Kit Extensor HDMI para distancias de 30 metros \/ Resoluci\u00f3n 4K x 2K@ 30 Hz\/ Cat 6, 6a y 7 \/ HDCP2.2 \/ HDMI 2.0  \/ Soporta PCM, HDbitT \/ Soporta control remoto del equipo fuente.<\/p>\n","protected":false},"featured_media":114457,"comment_status":"open","ping_status":"closed","template":"","meta":[],"product_brand":[],"product_cat":[2073,2074,2077,2075,2072,2076],"product_tag":[417,2079,2080,2083,507,2081,2078,2082],"class_list":{"0":"post-114458","1":"product","2":"type-product","3":"status-publish","4":"has-post-thumbnail","6":"product_cat-convertidores","7":"product_cat-divisores","8":"product_cat-dvi","9":"product_cat-hdmi","10":"product_cat-kits-extensores","11":"product_cat-vga","12":"product_tag-accesorios-generales","13":"product_tag-convertidores","14":"product_tag-divisores","15":"product_tag-dvi","16":"product_tag-epcom-titanium","17":"product_tag-hdmi","18":"product_tag-kits-extensores","19":"product_tag-vga","21":"first","22":"outofstock","23":"sale","24":"shipping-taxable","25":"purchasable","26":"product-type-simple"},"_links":{"self":[{"href":"https:\/\/soydeaqui.ddns.net\/pachuca\/index.php\/wp-json\/wp\/v2\/product\/114458","targetHints":{"allow":["GET"]}}],"collection":[{"href":"https:\/\/soydeaqui.ddns.net\/pachuca\/index.php\/wp-json\/wp\/v2\/product"}],"about":[{"href":"https:\/\/soydeaqui.ddns.net\/pachuca\/index.php\/wp-json\/wp\/v2\/types\/product"}],"replies":[{"embeddable":true,"href":"https:\/\/soydeaqui.ddns.net\/pachuca\/index.php\/wp-json\/wp\/v2\/comments?post=114458"}],"wp:featuredmedia":[{"embeddable":true,"href":"https:\/\/soydeaqui.ddns.net\/pachuca\/index.php\/wp-json\/wp\/v2\/media\/114457"}],"wp:attachment":[{"href":"https:\/\/soydeaqui.ddns.net\/pachuca\/index.php\/wp-json\/wp\/v2\/media?parent=114458"}],"wp:term":[{"taxonomy":"product_brand","embeddable":true,"href":"https:\/\/soydeaqui.ddns.net\/pachuca\/index.php\/wp-json\/wp\/v2\/product_brand?post=114458"},{"taxonomy":"product_cat","embeddable":true,"href":"https:\/\/soydeaqui.ddns.net\/pachuca\/index.php\/wp-json\/wp\/v2\/product_cat?post=114458"},{"taxonomy":"product_tag","embeddable":true,"href":"https:\/\/soydeaqui.ddns.net\/pachuca\/index.php\/wp-json\/wp\/v2\/product_tag?post=114458"}],"curies":[{"name":"wp","href":"https:\/\/api.w.org\/{rel}","templated":true}]}}