{"id":114379,"date":"2026-03-20T23:33:20","date_gmt":"2026-03-20T23:33:20","guid":{"rendered":"https:\/\/soydeaqui.ddns.net\/pachuca\/index.php\/producto\/easy-smart-switch-poe-jetstream-8-puertos-10-100-1000-mbps-55-w\/"},"modified":"2026-03-20T23:33:37","modified_gmt":"2026-03-20T23:33:37","slug":"easy-smart-switch-poe-jetstream-8-puertos-10-100-1000-mbps-55-w","status":"publish","type":"product","link":"https:\/\/soydeaqui.ddns.net\/pachuca\/index.php\/producto\/easy-smart-switch-poe-jetstream-8-puertos-10-100-1000-mbps-55-w\/","title":{"rendered":"Easy Smart Switch PoE JetStream , 8 puertos 10\/100\/1000 Mbps  55 W"},"content":{"rendered":"<div style='width: 100%; max-width: 1200px; margin: 0 auto; font-family: sans-serif; line-height: 1.6; color: inherit; background-color: transparent;'>\n<div style='display: flex; flex-wrap: wrap; gap: 30px; margin-bottom: 30px;'>\n<div style='flex: 1 1 300px; min-width: 280px;'>\n<h3 style='font-size: 22px; border-bottom: 2px solid currentColor; padding-bottom: 5px; margin-top: 0; color: inherit; opacity: 0.8;'>Descripci\u00f3n<\/h3>\n<p style='font-size: 15px; color: inherit;'>El TL-SG108PE es un Switch Gigabit Easy Smart de 8 puertos con 4 puertos PoE&comma; que representa una potente actualizaci\u00f3n de un switch no gestionable. Est\u00e1 dise\u00f1ado espec\u00edficamente para peque\u00f1as empresas que requieren una gesti\u00f3n de red sencilla con funci\u00f3n PoE. El TL-SG108PE puede conectar y alimentar hasta cuatro dispositivos PoE&comma; como puntos de acceso inal\u00e1mbricos (AP)&comma; c\u00e1maras IP y tel\u00e9fonos IP. A trav\u00e9s de su interfaz de usuario basada en web y su utilidad de gesti\u00f3n&comma; el TL-SG108PE ofrece una gran variedad de caracter\u00edsticas \u00fatiles&comma; incluyendo monitoreo de red&comma; priorizaci\u00f3n de tr\u00e1fico y QoS mejorado. Adem\u00e1s&comma; con VLAN basada en puerto&comma; etiquetas y MTU&comma; el TL-SG108PE puede mejorar la seguridad y satisfacer m\u00e1s requisitos de segmentaci\u00f3n de red.<\/p>\n<\/p><\/div>\n<\/p><\/div>\n<div style='display: flex; flex-wrap: wrap; gap: 20px; margin-bottom: 30px;'>\n<div style='flex: 1 1 250px; border: 1px solid rgba(150&comma; 150&comma; 150&comma; 0.4); border-radius: 8px; overflow: hidden; display: flex; flex-direction: column;'>\n<div style='padding: 15px; border-bottom: 1px solid rgba(150&comma; 150&comma; 150&comma; 0.2); font-weight: bold; font-size: 18px; color: inherit;'>Puertos<\/div>\n<div style='padding: 15px; color: inherit;'>\n<ul style='padding-left: 20px; margin: 0; font-size: 14px; list-style-type: disc;'>\n<li style='margin-bottom: 5px;'>8 Puertos 10\/100\/1000 Mbps<\/li>\n<li style='margin-bottom: 5px;'><strong>Throughput:<\/strong> 11.9 Mpps<\/li>\n<\/ul><\/div>\n<\/p><\/div>\n<div style='flex: 1 1 250px; border: 1px solid rgba(150&comma; 150&comma; 150&comma; 0.4); border-radius: 8px; overflow: hidden; display: flex; flex-direction: column;'>\n<div style='padding: 15px; border-bottom: 1px solid rgba(150&comma; 150&comma; 150&comma; 0.2); font-weight: bold; font-size: 18px; color: inherit;'>Caracter\u00edsticas PoE<\/div>\n<div style='padding: 15px; color: inherit;'>\n<ul style='padding-left: 20px; margin: 0; font-size: 14px; list-style-type: disc;'>\n<li style='margin-bottom: 5px;'>Est\u00e1ndar: Soporta 802.3af<\/li>\n<li style='margin-bottom: 5px;'>Puertos PoE: 4 Puertos<\/li>\n<li style='margin-bottom: 5px;'>Potencia m\u00e1xima: 55W<\/li>\n<\/ul><\/div>\n<\/p><\/div>\n<div style='flex: 1 1 250px; border: 1px solid rgba(150&comma; 150&comma; 150&comma; 0.4); border-radius: 8px; overflow: hidden; display: flex; flex-direction: column;'>\n<div style='padding: 15px; border-bottom: 1px solid rgba(150&comma; 150&comma; 150&comma; 0.2); font-weight: bold; font-size: 18px; color: inherit;'>Caracter\u00edsticas<\/div>\n<div style='padding: 15px; color: inherit;'>\n<ul style='padding-left: 20px; margin: 0; font-size: 14px; list-style-type: disc;'>\n<li style='margin-bottom: 5px;'>8 puertos RJ45 de 10\/100\/1000Mbps<\/li>\n<li style='margin-bottom: 5px;'>Con 4 puertos PoE que suministran un m\u00e1ximo de 15.4W por puerto&comma; datos y alimentaci\u00f3n el\u00e9ctrica se transmiten por un \u00fanico cable<\/li>\n<li style='margin-bottom: 5px;'>Soporte PoE m\u00e1ximo de 55W<\/li>\n<li style='margin-bottom: 5px;'>Proporciona funciones de supervisi\u00f3n de red&comma; priorizaci\u00f3n de tr\u00e1fico y VLAN<\/li>\n<li style='margin-bottom: 5px;'>F\u00e1cil configuraci\u00f3n de red con la conectividad plug-and-play<\/li>\n<li style='margin-bottom: 5px;'>La interfaz de usuario basada en web y la Utilidad de configuraci\u00f3n Easy Smart simplifican la configuraci\u00f3n<\/li>\n<\/ul><\/div>\n<\/p><\/div>\n<div style='flex: 1 1 250px; border: 1px solid rgba(150&comma; 150&comma; 150&comma; 0.4); border-radius: 8px; overflow: hidden; display: flex; flex-direction: column;'>\n<div style='padding: 15px; border-bottom: 1px solid rgba(150&comma; 150&comma; 150&comma; 0.2); font-weight: bold; font-size: 18px; color: inherit;'>Incluye<\/div>\n<div style='padding: 15px; color: inherit;'>\n<ul style='padding-left: 20px; margin: 0; font-size: 14px; list-style-type: disc;'>\n<li style='margin-bottom: 5px;'>TL-SG108PE<\/li>\n<li style='margin-bottom: 5px;'>Adaptador de Energ\u00eda<\/li>\n<li style='margin-bottom: 5px;'>Gu\u00eda de Instalaci\u00f3n<\/li>\n<li style='margin-bottom: 5px;'>CD de Recursos<\/li>\n<li style='margin-bottom: 5px;'>Patas de Goma<\/li>\n<\/ul><\/div>\n<\/p><\/div>\n<div style='flex: 1 1 250px; border: 1px solid rgba(150&comma; 150&comma; 150&comma; 0.4); border-radius: 8px; overflow: hidden; display: flex; flex-direction: column;'>\n<div style='padding: 15px; border-bottom: 1px solid rgba(150&comma; 150&comma; 150&comma; 0.2); font-weight: bold; font-size: 18px; color: inherit;'>Caracter\u00edsticas F\u00edsicas y El\u00e9ctricas<\/div>\n<div style='padding: 15px; color: inherit;'>\n<ul style='padding-left: 20px; margin: 0; font-size: 14px; list-style-type: disc;'>\n<li style='margin-bottom: 5px;'>Temperatura de Funcionamiento: 0\u00b0C~40\u00b0C (32\u00b0F~104\u00b0F)<\/li>\n<li style='margin-bottom: 5px;'>Temperatura de Almacenamiento: -40\u00b0C~70\u00b0C (-40\u00b0F~158\u00b0F)<\/li>\n<li style='margin-bottom: 5px;'>Humedad de Funcionamiento: 10%~90% sin condensaci\u00f3n<\/li>\n<li style='margin-bottom: 5px;'>Humedad de Almacenamiento: 5%~90% sin condensaci\u00f3n<\/li>\n<li style='margin-bottom: 5px;'>Fuente de Alimentaci\u00f3n: Adaptador Externo de Alimentaci\u00f3n (Salida: 48VDC \/ 1.25A)<\/li>\n<li style='margin-bottom: 5px;'>Consumo de Energ\u00eda: M\u00e1ximo (PoE on): 65.2W (220V\/50Hz) M\u00e1ximo (PoE off): 5.2W (220V\/50Hz)<\/li>\n<\/ul><\/div>\n<\/p><\/div>\n<\/p><\/div>\n<hr style='border: 0; border-top: 1px solid rgba(150&comma; 150&comma; 150&comma; 0.3); margin: 30px 0;'> <\/div>\n","protected":false},"excerpt":{"rendered":"<p>Easy Smart Switch PoE JetStream , 8 puertos 10\/100\/1000 Mbps  55 W<\/p>\n","protected":false},"featured_media":114378,"comment_status":"open","ping_status":"closed","template":"","meta":[],"product_brand":[],"product_cat":[1986],"product_tag":[664,1987,71],"class_list":{"0":"post-114379","1":"product","2":"type-product","3":"status-publish","4":"has-post-thumbnail","6":"product_cat-switches-poe","7":"product_tag-networking","8":"product_tag-switches-poe","9":"product_tag-tp-link","11":"first","12":"instock","13":"sale","14":"shipping-taxable","15":"purchasable","16":"product-type-simple"},"_links":{"self":[{"href":"https:\/\/soydeaqui.ddns.net\/pachuca\/index.php\/wp-json\/wp\/v2\/product\/114379","targetHints":{"allow":["GET"]}}],"collection":[{"href":"https:\/\/soydeaqui.ddns.net\/pachuca\/index.php\/wp-json\/wp\/v2\/product"}],"about":[{"href":"https:\/\/soydeaqui.ddns.net\/pachuca\/index.php\/wp-json\/wp\/v2\/types\/product"}],"replies":[{"embeddable":true,"href":"https:\/\/soydeaqui.ddns.net\/pachuca\/index.php\/wp-json\/wp\/v2\/comments?post=114379"}],"wp:featuredmedia":[{"embeddable":true,"href":"https:\/\/soydeaqui.ddns.net\/pachuca\/index.php\/wp-json\/wp\/v2\/media\/114378"}],"wp:attachment":[{"href":"https:\/\/soydeaqui.ddns.net\/pachuca\/index.php\/wp-json\/wp\/v2\/media?parent=114379"}],"wp:term":[{"taxonomy":"product_brand","embeddable":true,"href":"https:\/\/soydeaqui.ddns.net\/pachuca\/index.php\/wp-json\/wp\/v2\/product_brand?post=114379"},{"taxonomy":"product_cat","embeddable":true,"href":"https:\/\/soydeaqui.ddns.net\/pachuca\/index.php\/wp-json\/wp\/v2\/product_cat?post=114379"},{"taxonomy":"product_tag","embeddable":true,"href":"https:\/\/soydeaqui.ddns.net\/pachuca\/index.php\/wp-json\/wp\/v2\/product_tag?post=114379"}],"curies":[{"name":"wp","href":"https:\/\/api.w.org\/{rel}","templated":true}]}}