{"id":114360,"date":"2026-03-20T23:32:11","date_gmt":"2026-03-20T23:32:11","guid":{"rendered":"https:\/\/soydeaqui.ddns.net\/pachuca\/index.php\/producto\/switch-jetstream-poe-administrable-capa-2-24-puertos-10-100-1000-mbps-4-puertos-sfp-384-w\/"},"modified":"2026-03-20T23:32:28","modified_gmt":"2026-03-20T23:32:28","slug":"switch-jetstream-poe-administrable-capa-2-24-puertos-10-100-1000-mbps-4-puertos-sfp-384-w","status":"publish","type":"product","link":"https:\/\/soydeaqui.ddns.net\/pachuca\/index.php\/producto\/switch-jetstream-poe-administrable-capa-2-24-puertos-10-100-1000-mbps-4-puertos-sfp-384-w\/","title":{"rendered":"Switch JetStream PoE+ administrable Capa 2, 24 puertos 10\/100\/1000 Mbps + 4 puertos SFP 384 W"},"content":{"rendered":"<div style='width: 100%; max-width: 1200px; margin: 0 auto; font-family: sans-serif; line-height: 1.6; color: inherit; background-color: transparent;'> <!-- Secci\u00f3n de descripci\u00f3n general --> <\/p>\n<div style='margin-bottom: 30px; font-size: 15px; color: inherit;'>\n<p>El TP-LINK T2600G-28MPS es un Switch JetStream Gestionable L2 con 24 puertos 10\/100\/1000Mbps que soporta el est\u00e1ndar 802.3at\/af PoE+&comma; con un total de energ\u00eda suministrada de 384W&comma; permitiendo a los clientes el poder y la flexibilidad de desplegar puntos de acceso inal\u00e1mbricos o una red IP de c\u00e1maras de vigilancia. Adem\u00e1s proporciona un alto rendimiento en enrutamiento est\u00e1tico&comma; QoS de gama empresarial y otras estrategias de seguridad y caracter\u00edsticas L2 avanzadas. Con todas \u00e9stas caracter\u00edsticas avanzadas&comma; el Switch JetStream Gigabit Gestionable PoE L2 es la elecci\u00f3n ideal como soluci\u00f3n de red para peque\u00f1as y medianas empresas.<\/p>\n<p>\u00c9ste switch proporciona un alto rendimiento&comma; poderosas funcionalidades L2 y L2+ como enrutamiento est\u00e1tico&comma; QoS de nivel empresarial y otras estrategias de seguridad avanzadas. OAM&comma; L2TP y sFlow cumplen con los requerimientos de los ISP con muchos clientes&comma; y la Vinculaci\u00f3n IP-MAC-Puerto y funciones de Listas de Control de Acceso (ACL) protegen frente a tormentas de broadcast&comma; ARP y ataques de Denegaci\u00f3n de Servicio (DoS)&comma; etc. Calidad de Servicio (QoS&comma; L2 a L4) ofrecen capacidades de gesti\u00f3n de tr\u00e1fico mejoradas para mover sus datos m\u00e1s r\u00e1pido y de forma m\u00e1s fluida. Adem\u00e1s&comma; los interfaces f\u00e1ciles de utilizar mediante gesti\u00f3n web&comma; junto con el CLI&comma; SNMP&comma; RMON e Imagen Dual hacen m\u00e1s r\u00e1pida la disposici\u00f3n y configuraci\u00f3n con menos tiempo de inactividad. Para grupos de trabajo y departamentos que requieren un Switch L2 econ\u00f3mico y con capacidad gigabit&comma; el TP-LINK T2600G-28MPS Gestionable L2 PoE+ de 24 Puertos Gigabit le ofrece la soluci\u00f3n de red ideal.<\/p>\n<\/p><\/div>\n<p> <!-- Secci\u00f3n de especificaciones t\u00e9cnicas --> <\/p>\n<div style='display: flex; flex-wrap: wrap; gap: 20px; margin-bottom: 30px;'>\n<div style='flex: 1 1 250px; border: 1px solid rgba(150&comma; 150&comma; 150&comma; 0.4); border-radius: 8px; overflow: hidden; display: flex; flex-direction: column;'>\n<div style='padding: 15px; border-bottom: 1px solid rgba(150&comma; 150&comma; 150&comma; 0.2); font-weight: bold; font-size: 18px; color: inherit;'>Puertos<\/div>\n<div style='padding: 15px; color: inherit;'>\n<ul style='padding-left: 20px; margin: 0; font-size: 14px; list-style-type: disc;'>\n<li style='margin-bottom: 5px;'>24 Puertos 10\/100\/1000 Mbps<\/li>\n<li style='margin-bottom: 5px;'>4 puertos SFP<\/li>\n<li style='margin-bottom: 5px;'>Throughput: 41.7 Mpps<\/li>\n<\/ul><\/div>\n<\/p><\/div>\n<div style='flex: 1 1 250px; border: 1px solid rgba(150&comma; 150&comma; 150&comma; 0.4); border-radius: 8px; overflow: hidden; display: flex; flex-direction: column;'>\n<div style='padding: 15px; border-bottom: 1px solid rgba(150&comma; 150&comma; 150&comma; 0.2); font-weight: bold; font-size: 18px; color: inherit;'>Caracter\u00edsticas PoE<\/div>\n<div style='padding: 15px; color: inherit;'>\n<ul style='padding-left: 20px; margin: 0; font-size: 14px; list-style-type: disc;'>\n<li style='margin-bottom: 5px;'>Est\u00e1ndar: 802.3at\/af cumple con hasta 30W por puerto<\/li>\n<li style='margin-bottom: 5px;'>PoE+ Puertos: 24 Puertos<\/li>\n<li style='margin-bottom: 5px;'>Fuente de Alimentaci\u00f3n: 384 W<\/li>\n<li style='margin-bottom: 5px;'>Calendario PoE (Ajustes basados en Tiempo)<\/li>\n<\/ul><\/div>\n<\/p><\/div>\n<div style='flex: 1 1 250px; border: 1px solid rgba(150&comma; 150&comma; 150&comma; 0.4); border-radius: 8px; overflow: hidden; display: flex; flex-direction: column;'>\n<div style='padding: 15px; border-bottom: 1px solid rgba(150&comma; 150&comma; 150&comma; 0.2); font-weight: bold; font-size: 18px; color: inherit;'>Caracter\u00edsticas<\/div>\n<div style='padding: 15px; color: inherit;'>\n<ul style='padding-left: 20px; margin: 0; font-size: 14px; list-style-type: disc;'>\n<li style='margin-bottom: 5px;'>Soporte del est\u00e1ndar 802.3at\/af POE+ en sus 24 puertos&comma; con un suministro de energ\u00eda total de 384W<\/li>\n<li style='margin-bottom: 5px;'>Caracter\u00edsticas L2+ \u2014\u2014 Enrutamiento Est\u00e1tico&comma; ayuda a enrutar el tr\u00e1fico interno para uso m\u00e1s eficiente de los recursos de la red<\/li>\n<li style='margin-bottom: 5px;'>Vinculaci\u00f3n Puerto-MAC-IP&comma; ACL&comma; Seguridad por Puerto&comma; Defensa DoS&comma; Control de Tormentas&comma; DHCP Snooping&comma; Autenticaci\u00f3n 802.1X y Radius que proporciona robustas estrategias de seguridad<\/li>\n<li style='margin-bottom: 5px;'>QoS L2\/L3\/L4 y IGMP snooping optimizan aplicaciones de voz y v\u00eddeo<\/li>\n<li style='margin-bottom: 5px;'>Soporta IPv6 con dual stack IPv4\/IPv6&comma; MLD snooping&comma; IPv6 neighbor discovery<\/li>\n<li style='margin-bottom: 5px;'>Web&comma; CLI (Puerto de Consola&comma; Telnet&comma; SSH)&comma; SNMP&comma; RMON e Imagen Dual aportan m\u00faltiples pol\u00edticas de gesti\u00f3n<\/li>\n<\/ul><\/div>\n<\/p><\/div>\n<div style='flex: 1 1 250px; border: 1px solid rgba(150&comma; 150&comma; 150&comma; 0.4); border-radius: 8px; overflow: hidden; display: flex; flex-direction: column;'>\n<div style='padding: 15px; border-bottom: 1px solid rgba(150&comma; 150&comma; 150&comma; 0.2); font-weight: bold; font-size: 18px; color: inherit;'>Incluye<\/div>\n<div style='padding: 15px; color: inherit;'>\n<ul style='padding-left: 20px; margin: 0; font-size: 14px; list-style-type: disc;'>\n<li style='margin-bottom: 5px;'>T2600G-28MPS<\/li>\n<li style='margin-bottom: 5px;'>Cable de Alimentaci\u00f3n<\/li>\n<li style='margin-bottom: 5px;'>Gu\u00eda de Instalaci\u00f3n<\/li>\n<li style='margin-bottom: 5px;'>CD de Instalaci\u00f3n<\/li>\n<li style='margin-bottom: 5px;'>Kit para Montaje en Rack<\/li>\n<li style='margin-bottom: 5px;'>Pies de goma<\/li>\n<\/ul><\/div>\n<\/p><\/div>\n<div style='flex: 1 1 250px; border: 1px solid rgba(150&comma; 150&comma; 150&comma; 0.4); border-radius: 8px; overflow: hidden; display: flex; flex-direction: column;'>\n<div style='padding: 15px; border-bottom: 1px solid rgba(150&comma; 150&comma; 150&comma; 0.2); font-weight: bold; font-size: 18px; color: inherit;'>Caracter\u00edsticas F\u00edsicas y El\u00e9ctricas<\/div>\n<div style='padding: 15px; color: inherit;'>\n<ul style='padding-left: 20px; margin: 0; font-size: 14px; list-style-type: disc;'>\n<li style='margin-bottom: 5px;'>Temperatura de Funcionamiento: 0\u00b0C~40\u00b0C (32\u00b0F~104\u00b0F)<\/li>\n<li style='margin-bottom: 5px;'>Temperatura de Almacenamiento: -40\u00b0C~70\u00b0C (-40\u00b0F~158\u00b0F)<\/li>\n<li style='margin-bottom: 5px;'>Humedad de Funcionamiento: 10%~90% sin condensaci\u00f3n<\/li>\n<li style='margin-bottom: 5px;'>Humedad de Almacenamiento: 5%~90% sin condensaci\u00f3n<\/li>\n<li style='margin-bottom: 5px;'>Fuente de Alimentaci\u00f3n: 100~240VAC&comma; 50\/60Hz<\/li>\n<li style='margin-bottom: 5px;'>Consumo de Energ\u00eda: Max (PoE on): 468.7W (110V\/50Hz)<\/li>\n<li style='margin-bottom: 5px;'>Dimensiones (W X D X H): 440*330*44 mm (17.3*13*1.7 in.)<\/li>\n<\/ul><\/div>\n<\/p><\/div>\n<\/p><\/div>\n<p> <!-- Separador final --> <\/p>\n<hr style='border: 0; border-top: 1px solid rgba(150&comma; 150&comma; 150&comma; 0.3); margin: 30px 0;'> <\/div>\n","protected":false},"excerpt":{"rendered":"<p>Switch JetStream PoE+ administrable Capa 2, 24 puertos 10\/100\/1000 Mbps + 4 puertos SFP 384 W<\/p>\n","protected":false},"featured_media":114359,"comment_status":"open","ping_status":"closed","template":"","meta":[],"product_brand":[],"product_cat":[1986],"product_tag":[664,1987,71],"class_list":{"0":"post-114360","1":"product","2":"type-product","3":"status-publish","4":"has-post-thumbnail","6":"product_cat-switches-poe","7":"product_tag-networking","8":"product_tag-switches-poe","9":"product_tag-tp-link","11":"first","12":"outofstock","13":"sale","14":"shipping-taxable","15":"purchasable","16":"product-type-simple"},"_links":{"self":[{"href":"https:\/\/soydeaqui.ddns.net\/pachuca\/index.php\/wp-json\/wp\/v2\/product\/114360","targetHints":{"allow":["GET"]}}],"collection":[{"href":"https:\/\/soydeaqui.ddns.net\/pachuca\/index.php\/wp-json\/wp\/v2\/product"}],"about":[{"href":"https:\/\/soydeaqui.ddns.net\/pachuca\/index.php\/wp-json\/wp\/v2\/types\/product"}],"replies":[{"embeddable":true,"href":"https:\/\/soydeaqui.ddns.net\/pachuca\/index.php\/wp-json\/wp\/v2\/comments?post=114360"}],"wp:featuredmedia":[{"embeddable":true,"href":"https:\/\/soydeaqui.ddns.net\/pachuca\/index.php\/wp-json\/wp\/v2\/media\/114359"}],"wp:attachment":[{"href":"https:\/\/soydeaqui.ddns.net\/pachuca\/index.php\/wp-json\/wp\/v2\/media?parent=114360"}],"wp:term":[{"taxonomy":"product_brand","embeddable":true,"href":"https:\/\/soydeaqui.ddns.net\/pachuca\/index.php\/wp-json\/wp\/v2\/product_brand?post=114360"},{"taxonomy":"product_cat","embeddable":true,"href":"https:\/\/soydeaqui.ddns.net\/pachuca\/index.php\/wp-json\/wp\/v2\/product_cat?post=114360"},{"taxonomy":"product_tag","embeddable":true,"href":"https:\/\/soydeaqui.ddns.net\/pachuca\/index.php\/wp-json\/wp\/v2\/product_tag?post=114360"}],"curies":[{"name":"wp","href":"https:\/\/api.w.org\/{rel}","templated":true}]}}