{"id":114234,"date":"2026-03-20T23:25:01","date_gmt":"2026-03-20T23:25:01","guid":{"rendered":"https:\/\/soydeaqui.ddns.net\/pachuca\/index.php\/producto\/cable-de-fibra-optica-12-hilos-osp-planta-externa-armada-gel-hdpe-polietileno-de-alta-densidad-multimodo-om4-50-125-optimizada-1-metro\/"},"modified":"2026-03-20T23:25:03","modified_gmt":"2026-03-20T23:25:03","slug":"cable-de-fibra-optica-12-hilos-osp-planta-externa-armada-gel-hdpe-polietileno-de-alta-densidad-multimodo-om4-50-125-optimizada-1-metro","status":"publish","type":"product","link":"https:\/\/soydeaqui.ddns.net\/pachuca\/index.php\/producto\/cable-de-fibra-optica-12-hilos-osp-planta-externa-armada-gel-hdpe-polietileno-de-alta-densidad-multimodo-om4-50-125-optimizada-1-metro\/","title":{"rendered":"Cable de Fibra \u00d3ptica 12 hilos, OSP (Planta Externa), Armada, Gel, HDPE (Polietileno de alta densidad), Multimodo OM4 50\/125 Optimizada, 1 Metro"},"content":{"rendered":"<div style='width: 100%; max-width: 1200px; margin: 0 auto; font-family: sans-serif; line-height: 1.6; color: inherit; background-color: transparent;'> <!-- Secci\u00f3n de descripci\u00f3n --> <\/p>\n<div style='margin-bottom: 30px;'>\n<p style='margin: 0 0 15px; color: inherit;'>La Fibra \u00d3ptica de Siemon de Planta Externa (OSP) son ideales para instalaciones de campus&comma; de edificio a edificio&comma; atados a\u00e9reos&comma; conducto o conductos subterr\u00e1neos o enterrados directamente.<\/p>\n<p style='margin: 0; color: inherit;'>Estos cables est\u00e1n dise\u00f1ados para tolerar el ambiente externo y tensiones. Los cables de Fibra \u00d3ptica de Siemon se ofrecen en l\u00edneas XGLO y LightSystem&comma; para instalaciones de alta velocidad con aplicaciones tales como 10 Gigabit Ethernet.<\/p>\n<\/p><\/div>\n<p> <!-- Secci\u00f3n de caracter\u00edsticas --> <\/p>\n<div style='margin-bottom: 30px;'>\n<h3 style='font-size: 22px; border-bottom: 2px solid currentColor; padding-bottom: 5px; margin-top: 0; margin-bottom: 15px; color: inherit; opacity: 0.8;'>Caracter\u00edsticas<\/h3>\n<ul style='padding-left: 20px; font-size: 15px; color: inherit;'>\n<li style='margin-bottom: 5px;'>Cuenta con forro HDPE de secci\u00f3n transversal redonda&comma; color negro&comma; disponible en construcci\u00f3n armada (Cinta Corrugada de Acero) y no armada<\/li>\n<li style='margin-bottom: 5px;'>Cuenta con un hilo de rasgado dentro del forro para pelar f\u00e1cilmente el cable<\/li>\n<li style='margin-bottom: 5px;'>Contienen una central de refuerzo colocado en medio de las sub-unidades de fibra<\/li>\n<li style='margin-bottom: 5px;'>Tubos apretados de fibra con codificaci\u00f3n de colores<\/li>\n<li style='margin-bottom: 5px;'>Marcas de longitud en forma incremental cada 2 pies (61 cm)<\/li>\n<li style='margin-bottom: 5px;'>Disponibles de 4&comma; 6&comma; 8&comma; 12&comma; 16&comma; 24&comma; 36&comma; 48&comma; 72&comma; 94 y 144 hilos de fibra \u00f3ptica<\/li>\n<\/ul><\/div>\n<p> <!-- Secci\u00f3n de im\u00e1genes y especificaciones --> <\/p>\n<div style='margin-bottom: 30px;'>\n<h3 style='font-size: 22px; border-bottom: 2px solid currentColor; padding-bottom: 5px; margin-top: 0; margin-bottom: 15px; color: inherit; opacity: 0.8;'>Especificaciones<\/h3>\n<div style='margin-bottom: 20px; color: inherit;'><strong>Par\u00e1metros m\u00ednimos de desempe\u00f1o:<\/strong><\/div>\n<p> <!-- Im\u00e1genes --> <\/p>\n<div style='display: flex; flex-wrap: wrap; gap: 15px; margin-bottom: 20px; justify-content: center;'>\n<div style='flex: 1 1 300px; min-width: 280px;'> <img style='width: 100%; height: auto; border: 1px solid rgba(150&comma;150&comma;150&comma;0.3); border-radius: 8px;' src='http:\/\/ftp3.syscom.mx\/usuarios\/fotos\/9PF5C012GT501A\/88303-foto1.jpg' alt=''> <\/div>\n<\/p><\/div>\n<div style='margin-bottom: 20px; color: inherit;'><strong>Aplicaciones Ethernet Soportadas:<\/strong><\/div>\n<div style='display: flex; flex-wrap: wrap; gap: 15px; margin-bottom: 20px; justify-content: center;'>\n<div style='flex: 1 1 300px; min-width: 280px;'> <img style='width: 100%; height: auto; border: 1px solid rgba(150&comma;150&comma;150&comma;0.3); border-radius: 8px;' src='http:\/\/ftp3.syscom.mx\/usuarios\/fotos\/9PF5C012GT501A\/88303-foto2.jpg' alt=''> <\/div>\n<div style='flex: 1 1 300px; min-width: 280px;'> <img style='width: 100%; height: auto; border: 1px solid rgba(150&comma;150&comma;150&comma;0.3); border-radius: 8px;' src='http:\/\/ftp3.syscom.mx\/usuarios\/fotos\/9PF5C012GT501A\/88303-foto_3.jpg' alt=''> <\/div>\n<\/p><\/div>\n<\/p><\/div>\n<p> <!-- Secci\u00f3n de normas --> <\/p>\n<div style='margin-bottom: 30px;'>\n<h3 style='font-size: 22px; border-bottom: 2px solid currentColor; padding-bottom: 5px; margin-top: 0; margin-bottom: 15px; color: inherit; opacity: 0.8;'>Cumplimiento de Normas<\/h3>\n<ul style='padding-left: 20px; font-size: 15px; color: inherit;'>\n<li style='margin-bottom: 5px;'>ISO\/IEC 11801:Ed 2.0 Amendment:1:2008<\/li>\n<li style='margin-bottom: 5px;'>ANSI\/TIA\/EIA-568- C.3<\/li>\n<li style='margin-bottom: 5px;'>ANSI\/TIA-598-D<\/li>\n<li style='margin-bottom: 5px;'>ANSI\/TIA&#8211;492 CAAB<\/li>\n<li style='margin-bottom: 5px;'>Telcordia GR-20-CORE<\/li>\n<li style='margin-bottom: 5px;'>ITU-T G.652 C\/D<\/li>\n<\/ul><\/div>\n<p> <!-- Separador --> <\/p>\n<hr style='border: 0; border-top: 1px solid rgba(150&comma; 150&comma; 150&comma; 0.3); margin: 30px 0;'> <\/div>\n","protected":false},"excerpt":{"rendered":"<p>Cable de Fibra \u00d3ptica 12 hilos, OSP (Planta Externa), Armada, Gel, HDPE (Polietileno de alta densidad), Multimodo OM4 50\/125 Optimizada, 1 Metro<\/p>\n","protected":false},"featured_media":114233,"comment_status":"open","ping_status":"closed","template":"","meta":[],"product_brand":[],"product_cat":[625],"product_tag":[488,611,600],"class_list":{"0":"post-114234","1":"product","2":"type-product","3":"status-publish","4":"has-post-thumbnail","6":"product_cat-fibra-optica-cables-y-conectores","7":"product_tag-cables-y-conectores","8":"product_tag-fibra-optica","9":"product_tag-siemon","11":"first","12":"outofstock","13":"sale","14":"shipping-taxable","15":"purchasable","16":"product-type-simple"},"_links":{"self":[{"href":"https:\/\/soydeaqui.ddns.net\/pachuca\/index.php\/wp-json\/wp\/v2\/product\/114234","targetHints":{"allow":["GET"]}}],"collection":[{"href":"https:\/\/soydeaqui.ddns.net\/pachuca\/index.php\/wp-json\/wp\/v2\/product"}],"about":[{"href":"https:\/\/soydeaqui.ddns.net\/pachuca\/index.php\/wp-json\/wp\/v2\/types\/product"}],"replies":[{"embeddable":true,"href":"https:\/\/soydeaqui.ddns.net\/pachuca\/index.php\/wp-json\/wp\/v2\/comments?post=114234"}],"wp:featuredmedia":[{"embeddable":true,"href":"https:\/\/soydeaqui.ddns.net\/pachuca\/index.php\/wp-json\/wp\/v2\/media\/114233"}],"wp:attachment":[{"href":"https:\/\/soydeaqui.ddns.net\/pachuca\/index.php\/wp-json\/wp\/v2\/media?parent=114234"}],"wp:term":[{"taxonomy":"product_brand","embeddable":true,"href":"https:\/\/soydeaqui.ddns.net\/pachuca\/index.php\/wp-json\/wp\/v2\/product_brand?post=114234"},{"taxonomy":"product_cat","embeddable":true,"href":"https:\/\/soydeaqui.ddns.net\/pachuca\/index.php\/wp-json\/wp\/v2\/product_cat?post=114234"},{"taxonomy":"product_tag","embeddable":true,"href":"https:\/\/soydeaqui.ddns.net\/pachuca\/index.php\/wp-json\/wp\/v2\/product_tag?post=114234"}],"curies":[{"name":"wp","href":"https:\/\/api.w.org\/{rel}","templated":true}]}}