{"id":114219,"date":"2026-03-20T23:24:10","date_gmt":"2026-03-20T23:24:10","guid":{"rendered":"https:\/\/soydeaqui.ddns.net\/pachuca\/index.php\/producto\/software-maxpro-nvr-licencia-base-64-canales\/"},"modified":"2026-03-20T23:24:12","modified_gmt":"2026-03-20T23:24:12","slug":"software-maxpro-nvr-licencia-base-64-canales","status":"publish","type":"product","link":"https:\/\/soydeaqui.ddns.net\/pachuca\/index.php\/producto\/software-maxpro-nvr-licencia-base-64-canales\/","title":{"rendered":"Software MAXPRO NVR \/ Licencia Base + 64 Canales"},"content":{"rendered":"<div style='width: 100%; max-width: 1200px; margin: 0 auto; font-family: sans-serif; line-height: 1.6; color: inherit; background-color: transparent;'> <!-- Descripci\u00f3n principal --> <\/p>\n<div style='margin-bottom: 30px;'>\n<p><img style='width: 100%; max-width: 440px; height: auto; border: 1px solid rgba(150&comma;150&comma;150&comma;0.3); border-radius: 8px;' src='https:\/\/ftp3.syscom.mx\/usuarios\/adelatorre\/Banners\/honeywell-logo.jpg' alt='Honeywell Logo' \/><\/p>\n<p>El MAXPRO NVR Software de Honeywell es un sistema de videovigilancia flexible&comma; escalable y abierto. Compatible con c\u00e1maras Honeywell IP de alta definici\u00f3n y una amplia integraci\u00f3n con c\u00e1maras IP y codificadores de terceros&comma; la familia MAXPRO NVR es un sistema poderoso de grabaci\u00f3n y seguridad de IP para una gran variedad de aplicaciones.<\/p>\n<\/p><\/div>\n<p> <!-- Caracter\u00edsticas principales --> <\/p>\n<div style='display: flex; flex-wrap: wrap; gap: 30px; margin-bottom: 30px;'>\n<div style='flex: 1 1 300px; min-width: 280px;'>\n<h3 style='font-size: 22px; border-bottom: 2px solid currentColor; padding-bottom: 5px; margin-top: 0; color: inherit; opacity: 0.8;'>Caracter\u00edsticas principales<\/h3>\n<ul style='padding-left: 20px; font-size: 15px; color: inherit;'>\n<li style='margin-bottom: 5px;'>Sistema de videovigilancia flexible y escalable<\/li>\n<li style='margin-bottom: 5px;'>Compatible con c\u00e1maras Honeywell IP de alta definici\u00f3n<\/li>\n<li style='margin-bottom: 5px;'>Integraci\u00f3n con c\u00e1maras IP y codificadores de terceros<\/li>\n<li style='margin-bottom: 5px;'>Licencia de 64 canales para grabaci\u00f3n extendida<\/li>\n<li style='margin-bottom: 5px;'>Soporta protocolos ONVIF S&comma; PSIA y RTSP<\/li>\n<\/ul><\/div>\n<p> <!-- Integraci\u00f3n y protocolos --> <\/p>\n<div style='flex: 1 1 300px; min-width: 280px;'>\n<h3 style='font-size: 22px; border-bottom: 2px solid currentColor; padding-bottom: 5px; margin-top: 0; color: inherit; opacity: 0.8;'>Integraci\u00f3n y protocolos<\/h3>\n<ul style='padding-left: 20px; font-size: 15px; color: inherit;'>\n<li style='margin-bottom: 5px;'>Integra toda la l\u00ednea de c\u00e1maras IP y codificadores HVE de Honeywell<\/li>\n<li style='margin-bottom: 5px;'>Soporte para ONVIF Profile S&comma; PSIA y protocolo RTSP<\/li>\n<li style='margin-bottom: 5px;'>Integraci\u00f3n nativa con c\u00e1maras equIP\u00ae Series: 4K&comma; H.265&comma; control 3D PTZ<\/li>\n<li style='margin-bottom: 5px;'>Soporte para c\u00e1maras 360\u00b0 y multi-imagen<\/li>\n<li style='margin-bottom: 5px;'>Eventos inteligentes de c\u00e1maras integrados con paneles de alarma<\/li>\n<\/ul><\/div>\n<p> <!-- Instalaci\u00f3n y uso --> <\/p>\n<div style='flex: 1 1 300px; min-width: 280px;'>\n<h3 style='font-size: 22px; border-bottom: 2px solid currentColor; padding-bottom: 5px; margin-top: 0; color: inherit; opacity: 0.8;'>Instalaci\u00f3n y uso<\/h3>\n<ul style='padding-left: 20px; font-size: 15px; color: inherit;'>\n<li style='margin-bottom: 5px;'>Licencia para 4&comma; 8&comma; 16&comma; 32&comma; 48 o 64 canales incluida<\/li>\n<li style='margin-bottom: 5px;'>Asistente de configuraci\u00f3n en 3 clics para video en vivo<\/li>\n<li style='margin-bottom: 5px;'>Configuraci\u00f3n intuitiva y l\u00f3gica incluso para instaladores novatos<\/li>\n<li style='margin-bottom: 5px;'>Soporte para m\u00faltiples NVR MAXPRO desplegados en arquitectura distribuida<\/li>\n<li style='margin-bottom: 5px;'>Integraci\u00f3n con sistemas de control de acceso Honeywell WIN-PAK\u00ae y Pro-Watch\u00ae<\/li>\n<\/ul><\/div>\n<\/p><\/div>\n<p> <!-- Especificaciones t\u00e9cnicas --> <\/p>\n<div style='display: flex; flex-wrap: wrap; gap: 20px; margin-bottom: 30px;'>\n<div style='flex: 1 1 250px; border: 1px solid rgba(150&comma; 150&comma; 150&comma; 0.4); border-radius: 8px; overflow: hidden; display: flex; flex-direction: column;'>\n<div style='padding: 15px; border-bottom: 1px solid rgba(150&comma; 150&comma; 150&comma; 0.2); font-weight: bold; font-size: 18px; color: inherit;'>Especificaciones del sistema<\/div>\n<div style='padding: 15px; color: inherit;'>\n<ul style='padding-left: 20px; margin: 0; font-size: 14px; list-style-type: disc;'>\n<li style='margin-bottom: 5px;'><strong>Procesador:<\/strong> Intel\u00ae Core\u2122 i7-4790&comma; 3.6 GHz o superior<\/li>\n<li style='margin-bottom: 5px;'><strong>Memoria RAM:<\/strong> M\u00ednimo 8 GB o superior<\/li>\n<li style='margin-bottom: 5px;'><strong>Almacenamiento:<\/strong> M\u00ednimo 100 GB en partici\u00f3n dedicada<\/li>\n<li style='margin-bottom: 5px;'><strong>Tarjeta gr\u00e1fica:<\/strong> Intel\u00ae HD Graphics 530&comma; 4600 o equivalente<\/li>\n<li style='margin-bottom: 5px;'><strong>Red:<\/strong> M\u00ednimo 2 tarjetas de red Gigabit<\/li>\n<\/ul><\/div>\n<\/p><\/div>\n<div style='flex: 1 1 250px; border: 1px solid rgba(150&comma; 150&comma; 150&comma; 0.4); border-radius: 8px; overflow: hidden; display: flex; flex-direction: column;'>\n<div style='padding: 15px; border-bottom: 1px solid rgba(150&comma; 150&comma; 150&comma; 0.2); font-weight: bold; font-size: 18px; color: inherit;'>Rendimiento<\/div>\n<div style='padding: 15px; color: inherit;'>\n<ul style='padding-left: 20px; margin: 0; font-size: 14px; list-style-type: disc;'>\n<li style='margin-bottom: 5px;'><strong>Grabaci\u00f3n:<\/strong> Hasta 64 canales con 1920 fps @ 4CIF\/VGA o 1920 fps @ 720p HD<\/li>\n<li style='margin-bottom: 5px;'><strong>Reproducci\u00f3n:<\/strong> Hasta 32 flujos simult\u00e1neos<\/li>\n<li style='margin-bottom: 5px;'><strong>Live:<\/strong> Hasta 64 flujos simult\u00e1neos<\/li>\n<li style='margin-bottom: 5px;'><strong>Ancho de banda:<\/strong> Entrada: 256 Mbps&comma; Salida: 425 Mbps<\/li>\n<li style='margin-bottom: 5px;'><strong>Resoluci\u00f3n:<\/strong> Soporte para c\u00e1maras 4K y H.265<\/li>\n<\/ul><\/div>\n<\/p><\/div>\n<div style='flex: 1 1 250px; border: 1px solid rgba(150&comma; 150&comma; 150&comma; 0.4); border-radius: 8px; overflow: hidden; display: flex; flex-direction: column;'>\n<div style='padding: 15px; border-bottom: 1px solid rgba(150&comma; 150&comma; 150&comma; 0.2); font-weight: bold; font-size: 18px; color: inherit;'>Caracter\u00edsticas avanzadas<\/div>\n<div style='padding: 15px; color: inherit;'>\n<ul style='padding-left: 20px; margin: 0; font-size: 14px; list-style-type: disc;'>\n<li style='margin-bottom: 5px;'>Soporte multiplataforma<\/li>\n<li style='margin-bottom: 5px;'>Modo de transmisi\u00f3n On-Demand<\/li>\n<li style='margin-bottom: 5px;'>Detecci\u00f3n de movimiento inteligente (SMART VMD)<\/li>\n<li style='margin-bottom: 5px;'>B\u00fasqueda inteligente por movimiento<\/li>\n<li style='margin-bottom: 5px;'>Soporte para almacenamiento de video a largo plazo<\/li>\n<\/ul><\/div>\n<\/p><\/div>\n<\/p><\/div>\n<p> <!-- Separador --> <\/p>\n<hr style='border: 0; border-top: 1px solid rgba(150&comma; 150&comma; 150&comma; 0.3); margin: 30px 0;'> <!-- Aplicaciones --> <\/p>\n<div style='margin-bottom: 30px;'>\n<h3 style='font-size: 22px; border-bottom: 2px solid currentColor; padding-bottom: 5px; margin-top: 0; color: inherit; opacity: 0.8;'>Aplicaciones<\/h3>\n<p>El software MAXPRO NVR est\u00e1 dise\u00f1ado para satisfacer las necesidades de una amplia variedad de aplicaciones de seguridad&comma; especialmente en entornos empresariales que requieren integraci\u00f3n con sistemas IT existentes. Su arquitectura abierta y escalable permite su implementaci\u00f3n en:<\/p>\n<ul style='padding-left: 20px; font-size: 15px; color: inherit;'>\n<li style='margin-bottom: 5px;'>Edificios corporativos y centros comerciales<\/li>\n<li style='margin-bottom: 5px;'>Instalaciones industriales y de manufactura<\/li>\n<li style='margin-bottom: 5px;'>Campus universitarios y centros educativos<\/li>\n<li style='margin-bottom: 5px;'>Hospitales y centros de salud<\/li>\n<li style='margin-bottom: 5px;'>Gobierno y seguridad p\u00fablica<\/li>\n<\/ul><\/div>\n<p> <!-- Funcionalidades adicionales --> <\/p>\n<div style='display: flex; flex-wrap: wrap; gap: 30px; margin-bottom: 30px;'>\n<div style='flex: 1 1 300px; min-width: 280px;'>\n<h3 style='font-size: 22px; border-bottom: 2px solid currentColor; padding-bottom: 5px; margin-top: 0; color: inherit; opacity: 0.8;'>Funcionalidades adicionales<\/h3>\n<ul style='padding-left: 20px; font-size: 15px; color: inherit;'>\n<li style='margin-bottom: 5px;'>Soporte para clientes m\u00f3viles iOS y Android<\/li>\n<li style='margin-bottom: 5px;'>M\u00faltiples vistas y salvos personalizables<\/li>\n<li style='margin-bottom: 5px;'>Control 3D para posicionamiento preciso<\/li>\n<li style='margin-bottom: 5px;'>Archivado de video programado o manual<\/li>\n<li style='margin-bottom: 5px;'>Notificaciones por correo electr\u00f3nico de eventos<\/li>\n<\/ul><\/div>\n<div style='flex: 1 1 300px; min-width: 280px;'>\n<h3 style='font-size: 22px; border-bottom: 2px solid currentColor; padding-bottom: 5px; margin-top: 0; color: inherit; opacity: 0.8;'>Seguridad y administraci\u00f3n<\/h3>\n<ul style='padding-left: 20px; font-size: 15px; color: inherit;'>\n<li style='margin-bottom: 5px;'>Encriptaci\u00f3n de comunicaciones<\/li>\n<li style='margin-bottom: 5px;'>Control de acceso basado en roles<\/li>\n<li style='margin-bottom: 5px;'>Soporte para autenticaci\u00f3n segura HTTPS<\/li>\n<li style='margin-bottom: 5px;'>Registro de eventos y operaciones<\/li>\n<li style='margin-bottom: 5px;'>Monitoreo del estado del sistema<\/li>\n<\/ul><\/div>\n<\/p><\/div>\n<\/p><\/div>\n","protected":false},"excerpt":{"rendered":"<p>Software MAXPRO NVR \/ Licencia Base + 64 Canales<\/p>\n","protected":false},"featured_media":114218,"comment_status":"open","ping_status":"closed","template":"","meta":[],"product_brand":[],"product_cat":[2357],"product_tag":[209,2263],"class_list":{"0":"post-114219","1":"product","2":"type-product","3":"status-publish","4":"has-post-thumbnail","6":"product_cat-honeywell-software-vms-y-analiticas","7":"product_tag-honeywell","8":"product_tag-software-vms-y-analiticas","10":"first","11":"outofstock","12":"sale","13":"shipping-taxable","14":"purchasable","15":"product-type-simple"},"_links":{"self":[{"href":"https:\/\/soydeaqui.ddns.net\/pachuca\/index.php\/wp-json\/wp\/v2\/product\/114219","targetHints":{"allow":["GET"]}}],"collection":[{"href":"https:\/\/soydeaqui.ddns.net\/pachuca\/index.php\/wp-json\/wp\/v2\/product"}],"about":[{"href":"https:\/\/soydeaqui.ddns.net\/pachuca\/index.php\/wp-json\/wp\/v2\/types\/product"}],"replies":[{"embeddable":true,"href":"https:\/\/soydeaqui.ddns.net\/pachuca\/index.php\/wp-json\/wp\/v2\/comments?post=114219"}],"wp:featuredmedia":[{"embeddable":true,"href":"https:\/\/soydeaqui.ddns.net\/pachuca\/index.php\/wp-json\/wp\/v2\/media\/114218"}],"wp:attachment":[{"href":"https:\/\/soydeaqui.ddns.net\/pachuca\/index.php\/wp-json\/wp\/v2\/media?parent=114219"}],"wp:term":[{"taxonomy":"product_brand","embeddable":true,"href":"https:\/\/soydeaqui.ddns.net\/pachuca\/index.php\/wp-json\/wp\/v2\/product_brand?post=114219"},{"taxonomy":"product_cat","embeddable":true,"href":"https:\/\/soydeaqui.ddns.net\/pachuca\/index.php\/wp-json\/wp\/v2\/product_cat?post=114219"},{"taxonomy":"product_tag","embeddable":true,"href":"https:\/\/soydeaqui.ddns.net\/pachuca\/index.php\/wp-json\/wp\/v2\/product_tag?post=114219"}],"curies":[{"name":"wp","href":"https:\/\/api.w.org\/{rel}","templated":true}]}}