{"id":114172,"date":"2026-03-20T23:21:33","date_gmt":"2026-03-20T23:21:33","guid":{"rendered":"https:\/\/soydeaqui.ddns.net\/pachuca\/index.php\/producto\/monitor-7-adicional-para-videoportero-analogo-ds-kis202-ds-kis203\/"},"modified":"2026-03-20T23:21:47","modified_gmt":"2026-03-20T23:21:47","slug":"monitor-7-adicional-para-videoportero-analogo-ds-kis202-ds-kis203","status":"publish","type":"product","link":"https:\/\/soydeaqui.ddns.net\/pachuca\/index.php\/producto\/monitor-7-adicional-para-videoportero-analogo-ds-kis202-ds-kis203\/","title":{"rendered":"Monitor 7&#8243; Adicional para Videoportero An\u00e1logo DS-KIS202 \/ DS-KIS203"},"content":{"rendered":"<div style='width: 100%; max-width: 1200px; margin: 0 auto; font-family: sans-serif; line-height: 1.6; color: inherit; background-color: transparent;'> <!-- Encabezado con logos --> <\/p>\n<div style='display: flex; flex-wrap: wrap; justify-content: center; gap: 20px; margin-bottom: 30px;'> <img style='width: 100%; max-width: 400px; height: auto; border: 1px solid rgba(150&comma;150&comma;150&comma;0.3); border-radius: 8px;' src='http:\/\/ftp3.syscom.mx\/usuarios\/jdelafuente\/HIKVISION\/hikvision%20logo%20complete.png' alt='Logo Hikvision'> <img style='width: 100%; max-width: 100%; height: auto; border: 1px solid rgba(150&comma;150&comma;150&comma;0.3); border-radius: 8px;' src='https:\/\/ftp3.syscom.mx\/usuarios\/jdelafuente\/HIKVISION\/Intercom\/tv-porteros_banner.jpg' alt='Banner Videoporteros'> <\/div>\n<p> <!-- Videos Section --> <\/p>\n<div style='display: flex; flex-wrap: wrap; gap: 30px; margin-bottom: 30px;'>\n<div style='flex: 1 1 300px; min-width: 280px;'>\n<div style='position: relative; padding-bottom: 56.25%; height: 0; overflow: hidden; margin-bottom: 30px;'>   <\/div>\n<\/p><\/div>\n<div style='flex: 1 1 300px; min-width: 280px;'>\n<div style='position: relative; padding-bottom: 56.25%; height: 0; overflow: hidden; margin-bottom: 30px;'>   <\/div>\n<\/p><\/div>\n<\/p><\/div>\n<p> <!-- Caracter\u00edsticas --> <\/p>\n<div style='display: flex; flex-wrap: wrap; gap: 30px; margin-bottom: 30px;'>\n<div style='flex: 1 1 300px; min-width: 280px;'>\n<h3 style='font-size: 22px; border-bottom: 2px solid currentColor; padding-bottom: 5px; margin-top: 0; color: inherit; opacity: 0.8;'>Caracter\u00edsticas:<\/h3>\n<ul style='padding-left: 20px; font-size: 15px; color: inherit;'>\n<li style='margin-bottom: 5px;'>Monitor con comunicaci\u00f3n manos libres<\/li>\n<li style='margin-bottom: 5px;'>Pantalla a color de 7&#8242;<\/li>\n<li style='margin-bottom: 5px;'>Resoluci\u00f3n: 800 x 400<\/li>\n<li style='margin-bottom: 5px;'>Soporta el monitoreo de frente de calle adem\u00e1s de una c\u00e1mara an\u00e1loga adicional<\/li>\n<li style='margin-bottom: 5px;'> <strong>Audio:<\/strong>\n<ul style='padding-left: 20px; margin-top: 10px; margin-bottom: 0; font-size: 14px; color: inherit;'>\n<li style='margin-bottom: 5px;'>IN: Micr\u00f3fono omnidireccional intercontruido<\/li>\n<li style='margin-bottom: 5px;'>OUT: Altavoz intercontruido<\/li>\n<li style='margin-bottom: 5px;'>Calidad: Supresi\u00f3n de ruido y cancelaci\u00f3n de eco<\/li>\n<\/ul>\n<\/li>\n<li style='margin-bottom: 5px;'>Apertura desde monitor<\/li>\n<li style='margin-bottom: 5px;'>F\u00e1cil instalaci\u00f3n a 4 hilos<\/li>\n<\/ul><\/div>\n<\/p><\/div>\n<p> <!-- Especificaciones T\u00e9cnicas --> <\/p>\n<div style='display: flex; flex-wrap: wrap; gap: 30px; margin-bottom: 30px;'>\n<div style='flex: 1 1 300px; min-width: 280px;'>\n<h3 style='font-size: 22px; border-bottom: 2px solid currentColor; padding-bottom: 5px; margin-top: 0; color: inherit; opacity: 0.8;'>Especificaciones T\u00e9cnicas:<\/h3>\n<ul style='padding-left: 20px; font-size: 15px; color: inherit;'>\n<li style='margin-bottom: 5px;'>Material: Aluminio<\/li>\n<li style='margin-bottom: 5px;'>Alimentaci\u00f3n: 12 Vcc \/ 5 W (no incluido&comma; se recomienda utilizar el modelo <a style='color: inherit; text-decoration: underline;' href='https:\/\/www.syscom.mx\/producto\/PL-DC-1000-EPCOM-POWERLINE-67201.html' target='_blank' rel='noopener'>PL-DC-1000<\/a>)<\/li>\n<li style='margin-bottom: 5px;'>Temperatura de operaci\u00f3n: -10\u00b0 ~ 55\u00b0 C (14\u00b0 ~ 131\u00b0 F)<\/li>\n<li style='margin-bottom: 5px;'>Dimensiones: 195.8 \u00d7 132.8 \u00d7 18.39 mm (7.7&#8242; \u00d7 5.2&#8242; \u00d7 0.7&#8242;)<\/li>\n<\/ul><\/div>\n<\/p><\/div>\n<p> <!-- Compatible con --> <\/p>\n<div style='display: flex; flex-wrap: wrap; gap: 30px; margin-bottom: 30px;'>\n<div style='flex: 1 1 300px; min-width: 280px;'>\n<h3 style='font-size: 22px; border-bottom: 2px solid currentColor; padding-bottom: 5px; margin-top: 0; color: inherit; opacity: 0.8;'>Compatible con:<\/h3>\n<ul style='padding-left: 20px; font-size: 15px; color: inherit;'>\n<li style='margin-bottom: 5px;'>DS-KB2411IM<\/li>\n<li style='margin-bottom: 5px;'>DS-KIS202<\/li>\n<li style='margin-bottom: 5px;'>DS-KIS203<\/li>\n<\/ul><\/div>\n<\/p><\/div>\n<p> <!-- Soporte T\u00e9cnico --> <\/p>\n<div style='display: flex; flex-wrap: wrap; gap: 30px; margin-bottom: 30px;'>\n<div style='flex: 1 1 300px; min-width: 280px;'>\n<h3 style='font-size: 22px; border-bottom: 2px solid currentColor; padding-bottom: 5px; margin-top: 0; color: inherit; opacity: 0.8;'>Soporte T\u00e9cnico:<\/h3>\n<ul style='padding-left: 20px; font-size: 15px; color: inherit;'>\n<li style='margin-bottom: 5px;'>Si requiere soporte t\u00e9cnico de clic <a style='color: inherit; text-decoration: underline;' href='https:\/\/soporte.syscom.mx\/es\/articles\/10706576-hikvision-repositorio-configuracion-videoporteros' target='_blank' rel='noopener'>aqu\u00ed<\/a><\/li>\n<\/ul><\/div>\n<\/p><\/div>\n<p> <!-- Diagramas --> <\/p>\n<hr style='border: 0; border-top: 1px solid rgba(150&comma; 150&comma; 150&comma; 0.3); margin: 30px 0;'>\n<div style='text-align: center; margin: 30px 0;'> <strong><span style='font-size: 24pt; color: inherit;'>Ejemplo de conexi\u00f3n de una cerradura magnetica o electrica:<\/span><\/strong> <\/div>\n<div style='text-align: center; margin: 30px 0;'> <img style='width: 100%; max-width: 100%; height: auto; border: 1px solid rgba(150&comma;150&comma;150&comma;0.3); border-radius: 8px; display: block; margin-left: auto; margin-right: auto;' src='https:\/\/downloads.intercomcdn.com\/i\/o\/qdpt3rxn\/1406813573\/860175acb5f95be60252993d75b3\/image.png?expires=1752080400&#038;signature=27edc3dee75a871f0dd65425269ed9992f69e6e3e1a6701ed28bfcac2c169da2&#038;req=dSQnEMF%2FnoRYWvMW1HO4zSURLQ4hXpQst7i8qmEq%2FHDYAfu5VRhXYXJzQfnW%0AeASlY20DYzgAEJFzTD8%3D%0A' alt=''> <\/div>\n<div style='margin: 30px 0;'>\n<p style='text-align: left; margin-bottom: 15px;'><span style='font-size: 24pt; color: inherit;'><strong>Esquema de conexi\u00f3n:<\/strong><\/span><\/p>\n<p> <img style='width: 100%; max-width: 100%; height: auto; border: 1px solid rgba(150&comma;150&comma;150&comma;0.3); border-radius: 8px; display: block; margin-left: auto; margin-right: auto;' src='https:\/\/ftp3.syscom.mx\/usuarios\/jdelafuente\/HIKVISION\/Intercom\/intercom%20.png' alt=''> <\/div>\n<\/p><\/div>\n","protected":false},"excerpt":{"rendered":"<p>Monitor 7&#8243; Adicional para Videoportero An\u00e1logo DS-KIS202 \/ DS-KIS203<\/p>\n","protected":false},"featured_media":114171,"comment_status":"open","ping_status":"closed","template":"","meta":[],"product_brand":[],"product_cat":[974],"product_tag":[54,872,557],"class_list":{"0":"post-114172","1":"product","2":"type-product","3":"status-publish","4":"has-post-thumbnail","6":"product_cat-videoporteros-analogicos-videoporteros-e-interfonos","7":"product_tag-hikvision","8":"product_tag-videoporteros-analogicos","9":"product_tag-videoporteros-e-interfonos","11":"first","12":"instock","13":"sale","14":"shipping-taxable","15":"purchasable","16":"product-type-simple"},"_links":{"self":[{"href":"https:\/\/soydeaqui.ddns.net\/pachuca\/index.php\/wp-json\/wp\/v2\/product\/114172","targetHints":{"allow":["GET"]}}],"collection":[{"href":"https:\/\/soydeaqui.ddns.net\/pachuca\/index.php\/wp-json\/wp\/v2\/product"}],"about":[{"href":"https:\/\/soydeaqui.ddns.net\/pachuca\/index.php\/wp-json\/wp\/v2\/types\/product"}],"replies":[{"embeddable":true,"href":"https:\/\/soydeaqui.ddns.net\/pachuca\/index.php\/wp-json\/wp\/v2\/comments?post=114172"}],"wp:featuredmedia":[{"embeddable":true,"href":"https:\/\/soydeaqui.ddns.net\/pachuca\/index.php\/wp-json\/wp\/v2\/media\/114171"}],"wp:attachment":[{"href":"https:\/\/soydeaqui.ddns.net\/pachuca\/index.php\/wp-json\/wp\/v2\/media?parent=114172"}],"wp:term":[{"taxonomy":"product_brand","embeddable":true,"href":"https:\/\/soydeaqui.ddns.net\/pachuca\/index.php\/wp-json\/wp\/v2\/product_brand?post=114172"},{"taxonomy":"product_cat","embeddable":true,"href":"https:\/\/soydeaqui.ddns.net\/pachuca\/index.php\/wp-json\/wp\/v2\/product_cat?post=114172"},{"taxonomy":"product_tag","embeddable":true,"href":"https:\/\/soydeaqui.ddns.net\/pachuca\/index.php\/wp-json\/wp\/v2\/product_tag?post=114172"}],"curies":[{"name":"wp","href":"https:\/\/api.w.org\/{rel}","templated":true}]}}