{"id":113993,"date":"2026-03-20T23:11:30","date_gmt":"2026-03-20T23:11:30","guid":{"rendered":"https:\/\/soydeaqui.ddns.net\/pachuca\/index.php\/producto\/supresor-de-picos-de-1800j-en-rack-con-2-tomas-nema-5-20r-y-10-nema-5-20r-traseras-con-circuit-breaker-de-20a-clavija-nema-5-20p\/"},"modified":"2026-03-20T23:11:33","modified_gmt":"2026-03-20T23:11:33","slug":"supresor-de-picos-de-1800j-en-rack-con-2-tomas-nema-5-20r-y-10-nema-5-20r-traseras-con-circuit-breaker-de-20a-clavija-nema-5-20p","status":"publish","type":"product","link":"https:\/\/soydeaqui.ddns.net\/pachuca\/index.php\/producto\/supresor-de-picos-de-1800j-en-rack-con-2-tomas-nema-5-20r-y-10-nema-5-20r-traseras-con-circuit-breaker-de-20a-clavija-nema-5-20p\/","title":{"rendered":"Supresor de Picos de 1800J En Rack Con 2 Tomas NEMA 5-20R y 10 NEMA 5-20R Traseras Con Circuit Breaker de 20A, Clavija NEMA 5-20P"},"content":{"rendered":"<div style='width: 100%; max-width: 1200px; margin: 0 auto; font-family: sans-serif; line-height: 1.6; color: inherit; background-color: transparent;'>\n<div style='display: flex; flex-wrap: wrap; gap: 30px; margin-bottom: 30px;'>\n<div style='flex: 1 1 300px; min-width: 280px;'>\n<h3 style='font-size: 22px; border-bottom: 2px solid currentColor; padding-bottom: 5px; margin-top: 0; color: inherit; opacity: 0.8;'>Descripci\u00f3n<\/h3>\n<div style='font-size: 15px; color: inherit;'> <img style='width: 100%; height: auto; border: 1px solid rgba(150&comma;150&comma;150&comma;0.3); border-radius: 8px;' src='http:\/\/ftp3.syscom.mx\/usuarios\/fotos\/CP1500AVRLCD\/80784-cyber-power.jpg' alt=''> <\/p>\n<p style='margin-top: 15px;'>El protector contra sobretensiones CPS1220RMS de 12 salidas (2 delanteros y 10 traseros) proporciona 120 V de salida de 20 A con supresi\u00f3n de sobretensiones incorporada. Distribuye energ\u00eda a 12 recept\u00e1culos NEMA 5-20R desde una sola entrada NEMA 5-20P.<\/p>\n<p>Dise\u00f1ada para centros de datos y otras aplicaciones demandantes de electricidad&comma; esta unidad tiene una carcasa met\u00e1lica duradera y un cable de alimentaci\u00f3n de CA de 15 pies. Se puede montar de forma horizontal o vertical.<\/p>\n<p>La unidad cumple con las especificaciones de cable con clasificaci\u00f3n completa&comma; lo que reduce la interferencia electromagn\u00e9tica \/ de radiofrecuencia (EMI \/ RFI) y cuenta con certificaci\u00f3n ETL \/ RoHS.<\/p>\n<p>Una garant\u00eda de tres a\u00f1os garantiza que este protector contra sobretensiones Rackbar ha superado los m\u00e1s altos est\u00e1ndares de calidad en dise\u00f1o&comma; ensamblaje&comma; materiales y mano de obra.<\/p>\n<\/p><\/div>\n<\/p><\/div>\n<\/p><\/div>\n<div style='display: flex; flex-wrap: wrap; gap: 20px; margin-bottom: 30px;'>\n<div style='flex: 1 1 250px; border: 1px solid rgba(150&comma; 150&comma; 150&comma; 0.4); border-radius: 8px; overflow: hidden; display: flex; flex-direction: column;'>\n<div style='padding: 15px; border-bottom: 1px solid rgba(150&comma; 150&comma; 150&comma; 0.2); font-weight: bold; font-size: 18px; color: inherit;'>Aplicaciones T\u00edpicas<\/div>\n<div style='padding: 15px; color: inherit;'>\n<ul style='padding-left: 20px; margin: 0; font-size: 14px; list-style-type: disc;'>\n<li style='margin-bottom: 5px;'>Servidores<\/li>\n<li style='margin-bottom: 5px;'>Dispositivos de red<\/li>\n<li style='margin-bottom: 5px;'>Equipo de telecomunicaciones<\/li>\n<\/ul><\/div>\n<\/p><\/div>\n<div style='flex: 1 1 250px; border: 1px solid rgba(150&comma; 150&comma; 150&comma; 0.4); border-radius: 8px; overflow: hidden; display: flex; flex-direction: column;'>\n<div style='padding: 15px; border-bottom: 1px solid rgba(150&comma; 150&comma; 150&comma; 0.2); font-weight: bold; font-size: 18px; color: inherit;'>Caracter\u00edsticas<\/div>\n<div style='padding: 15px; color: inherit;'>\n<ul style='padding-left: 20px; margin: 0; font-size: 14px; list-style-type: disc;'>\n<li style='margin-bottom: 5px;'>(2) Recept\u00e1culos frontales NEMA 5-15R<\/li>\n<li style='margin-bottom: 5px;'>(10) Recept\u00e1culos traseros NEMA 5-15R<\/li>\n<li style='margin-bottom: 5px;'>120V AC &#8211; 20A Capacidad el\u00e9ctrica<\/li>\n<li style='margin-bottom: 5px;'>Dise\u00f1o de montaje en rack 1U<\/li>\n<li style='margin-bottom: 5px;'>Estructura de metal durable<\/li>\n<li style='margin-bottom: 5px;'>Cable de alimentaci\u00f3n de 4.5 metros<\/li>\n<li style='margin-bottom: 5px;'>Garant\u00eda de 3 a\u00f1os<\/li>\n<\/ul><\/div>\n<\/p><\/div>\n<\/p><\/div>\n<hr style='border: 0; border-top: 1px solid rgba(150&comma; 150&comma; 150&comma; 0.3); margin: 30px 0;'> <\/div>\n","protected":false},"excerpt":{"rendered":"<p>Supresor de Picos de 1800J En Rack Con 2 Tomas NEMA 5-20R y 10 NEMA 5-20R Traseras Con Circuit Breaker de 20A, Clavija NEMA 5-20P<\/p>\n","protected":false},"featured_media":113992,"comment_status":"open","ping_status":"closed","template":"","meta":[],"product_brand":[],"product_cat":[967],"product_tag":[968,677,898],"class_list":{"0":"post-113993","1":"product","2":"type-product","3":"status-publish","4":"has-post-thumbnail","6":"product_cat-corriente-alterna","7":"product_tag-corriente-alterna","8":"product_tag-cyberpower","9":"product_tag-proteccion-contra-descargas","11":"first","12":"outofstock","13":"sale","14":"shipping-taxable","15":"purchasable","16":"product-type-simple"},"_links":{"self":[{"href":"https:\/\/soydeaqui.ddns.net\/pachuca\/index.php\/wp-json\/wp\/v2\/product\/113993","targetHints":{"allow":["GET"]}}],"collection":[{"href":"https:\/\/soydeaqui.ddns.net\/pachuca\/index.php\/wp-json\/wp\/v2\/product"}],"about":[{"href":"https:\/\/soydeaqui.ddns.net\/pachuca\/index.php\/wp-json\/wp\/v2\/types\/product"}],"replies":[{"embeddable":true,"href":"https:\/\/soydeaqui.ddns.net\/pachuca\/index.php\/wp-json\/wp\/v2\/comments?post=113993"}],"wp:featuredmedia":[{"embeddable":true,"href":"https:\/\/soydeaqui.ddns.net\/pachuca\/index.php\/wp-json\/wp\/v2\/media\/113992"}],"wp:attachment":[{"href":"https:\/\/soydeaqui.ddns.net\/pachuca\/index.php\/wp-json\/wp\/v2\/media?parent=113993"}],"wp:term":[{"taxonomy":"product_brand","embeddable":true,"href":"https:\/\/soydeaqui.ddns.net\/pachuca\/index.php\/wp-json\/wp\/v2\/product_brand?post=113993"},{"taxonomy":"product_cat","embeddable":true,"href":"https:\/\/soydeaqui.ddns.net\/pachuca\/index.php\/wp-json\/wp\/v2\/product_cat?post=113993"},{"taxonomy":"product_tag","embeddable":true,"href":"https:\/\/soydeaqui.ddns.net\/pachuca\/index.php\/wp-json\/wp\/v2\/product_tag?post=113993"}],"curies":[{"name":"wp","href":"https:\/\/api.w.org\/{rel}","templated":true}]}}