{"id":113798,"date":"2026-03-20T22:59:49","date_gmt":"2026-03-20T22:59:49","guid":{"rendered":"https:\/\/soydeaqui.ddns.net\/pachuca\/index.php\/producto\/dvr-8-megapixel-32-canales-turbohd-16-canales-ip-4-bahias-de-disco-duro-4-canales-de-audio-videoanalisis-16-entradas-de-alarma-arreglo-raid\/"},"modified":"2026-03-20T23:00:02","modified_gmt":"2026-03-20T23:00:02","slug":"dvr-8-megapixel-32-canales-turbohd-16-canales-ip-4-bahias-de-disco-duro-4-canales-de-audio-videoanalisis-16-entradas-de-alarma-arreglo-raid","status":"publish","type":"product","link":"https:\/\/soydeaqui.ddns.net\/pachuca\/index.php\/producto\/dvr-8-megapixel-32-canales-turbohd-16-canales-ip-4-bahias-de-disco-duro-4-canales-de-audio-videoanalisis-16-entradas-de-alarma-arreglo-raid\/","title":{"rendered":"DVR 8 Megapixel \/ 32 Canales TURBOHD + 16 Canales IP \/ 4 Bahias de Disco Duro \/ 4 Canales de Audio \/ Videoanalisis \/ 16 Entradas de Alarma \/ Arreglo RAID"},"content":{"rendered":"<div style='width: 100%; max-width: 1200px; margin: 0 auto; font-family: sans-serif; line-height: 1.6; color: inherit; background-color: transparent;'> <!-- Logo --> <\/p>\n<div style='text-align: center; margin-bottom: 20px;'> <img style='width: 100%; max-width: 300px; height: auto; border: 1px solid rgba(150&comma;150&comma;150&comma;0.3); border-radius: 8px;' src='http:\/\/ftp3.syscom.mx\/usuarios\/jdelafuente\/HIKVISION\/hikvision%20logo%20complete.png' alt='Logo Hikvision'> <\/div>\n<p> <!-- Video --> <\/p>\n<div style='position: relative; padding-bottom: 56.25%; height: 0; overflow: hidden; margin-bottom: 30px;'>   <\/div>\n<p> <!-- Caracter\u00edsticas principales --> <\/p>\n<div style='display: flex; flex-wrap: wrap; gap: 30px; margin-bottom: 30px;'>\n<div style='flex: 1 1 300px; min-width: 280px;'>\n<h3 style='font-size: 22px; border-bottom: 2px solid currentColor; padding-bottom: 5px; margin-top: 0; color: inherit; opacity: 0.8;'>Caracter\u00edsticas principales<\/h3>\n<ul style='padding-left: 20px; font-size: 15px; color: inherit;'>\n<li style='margin-bottom: 5px;'><span>Sistema Pentaibrido ( HDTVI\/AHD\/CVI\/CVBS\/IP).<\/span><\/li>\n<li style='margin-bottom: 5px;'><span>Compresi\u00f3n: H.265+ \/ H.265 \/ H.264+ \/ H.264.<\/span><\/li>\n<li style='margin-bottom: 5px;'><span>32 Canales de v\u00eddeo TURBOHD + 16 canales IP = 48 canales en total.<\/span><\/li>\n<li style='margin-bottom: 5px;'><span>4 Entradas de audio \/ 2 salida de audio.<\/span><\/li>\n<li style='margin-bottom: 5px;'><span>16 Entradas de alarma \/ 4 salidas de alarma.<\/span><\/li>\n<li style='margin-bottom: 5px;'><span>1 Puertos de red gigabit.<\/span><\/li>\n<li style='margin-bottom: 5px;'><span>Capacidad para 4 discos duros SATA de hasta 10 TB (40 TB en total).<\/span><\/li>\n<li style='margin-bottom: 5px;'><span>Salidas de v\u00eddeo HDMI1 \/ VGA simult\u00e1neas Full HD 1080p.<\/span><\/li>\n<li style='margin-bottom: 5px;'><span>Salida de v\u00eddeo HDMI2 4K independiente.<\/span><\/li>\n<li style='margin-bottom: 5px;'><span>Salida de video BNC en resolucion 4 CIF independiente.<\/span><\/li>\n<li style='margin-bottom: 5px;'><span>Soporta Hik-Connect (P2P).<\/span><\/li>\n<li style='margin-bottom: 5px;'><span>Soporta Hik-connect Domain \/ NO-IP \/ DynDNS (no soporta DDNS SYSCOM).<\/span><\/li>\n<li style='margin-bottom: 5px;'><span>Compatible con software cliente iVMS-4200 (Windows\/Mac) \/ Hik-Connect (Android&comma; iPhone&comma; iPad)<\/span><\/li>\n<li style='margin-bottom: 5px;'><span>Soporta COAXITRON para PTZ (no requiere cablear datos RS-485).<\/span><\/li>\n<li style='margin-bottom: 5px;'><span>Soporta POS (punto de venta).<\/span><\/li>\n<li style='margin-bottom: 5px;'><span>Compatible con gabinete met\u00e1lico GAB-VID2-R2.<\/span><\/li>\n<\/ul>\n<p style='font-size: 14px; background-color: rgba(32&comma; 33&comma; 36&comma; 0.04); padding: 10px; border-left: 4px solid #ff0000; margin-top: 15px;'> Para conectar los canales IP requiere utilizar un switch\/switch poe (no incluido) <\/p>\n<\/p><\/div>\n<p> <!-- Caracter\u00edsticas F\u00edsicas y El\u00e9ctricas --> <\/p>\n<div style='flex: 1 1 300px; min-width: 280px;'>\n<h3 style='font-size: 22px; border-bottom: 2px solid currentColor; padding-bottom: 5px; margin-top: 0; color: inherit; opacity: 0.8;'>Caracter\u00edsticas F\u00edsicas y El\u00e9ctricas<\/h3>\n<ul style='padding-left: 20px; font-size: 15px; color: inherit;'>\n<li style='margin-bottom: 5px;'><span>Alimentacion \/ consumo: 100 a 240 Vca \/ 74 Watts (sin discos duros).<\/span><\/li>\n<li style='margin-bottom: 5px;'><span>Temperatura de operacion: -10\u00b0 a 55\u00b0 C.<\/span><\/li>\n<li style='margin-bottom: 5px;'><span>Dimensiones: 440 x 390 x 70 mm.<\/span><\/li>\n<li style='margin-bottom: 5px;'><span>Peso: 7 Kgs.<\/span><\/li>\n<li style='margin-bottom: 5px;'><span>Garantia: 3 a\u00f1os.<\/span><\/li>\n<\/ul>\n<h4 style='font-size: 18px; margin-top: 25px; margin-bottom: 15px; color: inherit; opacity: 0.8;'>Canales de v\u00eddeo<\/h4>\n<ul style='padding-left: 20px; font-size: 15px; color: inherit;'>\n<li style='margin-bottom: 5px;'><span>El DVR permite apagar canales de v\u00eddeo anal\u00f3gicas o TURBOHD y habilitar canales de v\u00eddeo IP&comma; podemos apagar todos los canales de v\u00eddeo anal\u00f3gicas o TURBOHD y poder agregar 48 canales de v\u00eddeo IP.<\/span><\/li>\n<li style='margin-bottom: 5px;'><span>Por cada canal de v\u00eddeo anal\u00f3gico o TURBOHD permite habilitar un canal de v\u00eddeo IP.<\/span><\/li>\n<li style='margin-bottom: 5px; color: #ff0000;'><strong><span>Nota: Acepta c\u00e1maras de 4MP&comma; 2MP y 1MP en todos sus canales BNC (C\u00e1maras de 3MP solo en el canal 1&comma; 2&comma; 3 y 4).<\/span><\/strong><\/li>\n<li style='margin-bottom: 5px;'><span>Tecnolog\u00eda CVI: 1080p \/ 720p.<\/span><\/li>\n<li style='margin-bottom: 5px;'><span>Tecnolog\u00eda AHD: 4 Megapixel Lite \/ 1080p \/ 720p.<\/span><\/li>\n<li style='margin-bottom: 5px;'><span>Tecnolog\u00eda TURBOHD (TVI): 4 Megapixel Lite \/ 3 Megapixel \/ 1080p \/ 720p.<\/span><\/li>\n<li style='margin-bottom: 5px;'><span>Tecnolog\u00eda analogica (CVBS): 600 TVL en adelante.<\/span><\/li>\n<li style='margin-bottom: 5px;'><span>Tecnolog\u00eda IP: 6 Megapixel \/ 4 Megapixel \/ 3 Megapixel \/ 2 Megapixel \/ 1 Megapixel<\/span><\/li>\n<\/ul><\/div>\n<\/p><\/div>\n<p> <!-- Consideraciones --> <\/p>\n<div style='margin-bottom: 30px;'>\n<h3 style='font-size: 22px; border-bottom: 2px solid currentColor; padding-bottom: 5px; margin-top: 0; color: inherit; opacity: 0.8;'>Consideraciones<\/h3>\n<ul style='padding-left: 20px; font-size: 15px; color: inherit;'>\n<li>No hay consideraciones espec\u00edficas mencionadas en el documento original.<\/li>\n<\/ul><\/div>\n<p> <!-- Recursos --> <\/p>\n<div style='margin-bottom: 30px;'>\n<h2 style='font-size: 24px; text-align: center; margin-bottom: 25px; color: inherit; opacity: 0.8;'>Recursos<\/h2>\n<div style='display: flex; flex-wrap: wrap; gap: 20px; justify-content: center;'>\n<div style='flex: 1 1 250px; min-width: 200px;'> <a href='https:\/\/www.hikvision.com\/es-la\/support\/download\/software\/ivms4200-series\/?q=serie%20ivms4200&#038;position=1' target='_blank' rel='noopener' style='text-decoration: none; color: inherit;'> <img style='width: 100%; height: auto; border: 1px solid rgba(150&comma;150&comma;150&comma;0.3); border-radius: 8px; margin-bottom: 10px;' src='https:\/\/ftp3.syscom.mx\/usuarios\/gmagos\/HIK\/IP\/IPC\/Imagenes%20pagina\/Descargas%20IVMS4200.jpg' alt='Descargas IVMS4200'> <\/p>\n<p style='text-align: center; font-size: 14px; margin: 0; padding: 10px; background-color: rgba(0&comma;0&comma;0&comma;0.03); border: 1px solid rgba(150&comma;150&comma;150&comma;0.3); border-top: none; border-radius: 0 0 8px 8px;'>IVMS-4200<\/p>\n<p> <\/a> <\/div>\n<div style='flex: 1 1 250px; min-width: 200px;'> <a href='https:\/\/appstore.hikvision.com\/' target='_blank' rel='noopener' style='text-decoration: none; color: inherit;'> <img style='width: 100%; height: auto; border: 1px solid rgba(150&comma;150&comma;150&comma;0.3); border-radius: 8px; margin-bottom: 10px;' src='https:\/\/ftp3.syscom.mx\/usuarios\/gmagos\/HIK\/IP\/IPC\/Imagenes%20pagina\/Descargas%20de%20app.jpg' alt='Descargas de app'> <\/p>\n<p style='text-align: center; font-size: 14px; margin: 0; padding: 10px; background-color: rgba(0&comma;0&comma;0&comma;0.03); border: 1px solid rgba(150&comma;150&comma;150&comma;0.3); border-top: none; border-radius: 0 0 8px 8px;'>Hik-Connect App<\/p>\n<p> <\/a> <\/div>\n<div style='flex: 1 1 250px; min-width: 200px;'> <a href='https:\/\/ftp3.syscom.mx\/usuarios\/ftp\/2019\/08\/16\/2648e\/UD11848B%20Datasheet%20DS-7300HUHI-K4%20V4.2.0%2020180919%20(24-32).pdf' target='_blank' rel='noopener' style='text-decoration: none; color: inherit;'> <img style='width: 100%; height: auto; border: 1px solid rgba(150&comma;150&comma;150&comma;0.3); border-radius: 8px; margin-bottom: 10px;' src='https:\/\/ftp3.syscom.mx\/usuarios\/gmagos\/HIK\/IP\/IPC\/Imagenes%20pagina\/Descarga%20de%20PDF.jpg' alt='Descarga de PDF'> <\/p>\n<p style='text-align: center; font-size: 14px; margin: 0; padding: 10px; background-color: rgba(0&comma;0&comma;0&comma;0.03); border: 1px solid rgba(150&comma;150&comma;150&comma;0.3); border-top: none; border-radius: 0 0 8px 8px;'>Ficha t\u00e9cnica<\/p>\n<p> <\/a> <\/div>\n<\/p><\/div>\n<\/p><\/div>\n<p> <!-- Separador final --> <\/p>\n<hr style='border: 0; border-top: 1px solid rgba(150&comma; 150&comma; 150&comma; 0.3); margin: 30px 0;'> <\/div>\n","protected":false},"excerpt":{"rendered":"<p>DVR 8 Megapixel \/ 32 Canales TURBOHD + 16 Canales IP \/ 4 Bahias de Disco Duro \/ 4 Canales de Audio \/ Videoanalisis \/ 16 Entradas de Alarma \/ Arreglo RAID<\/p>\n","protected":false},"featured_media":113797,"comment_status":"open","ping_status":"closed","template":"","meta":[],"product_brand":[],"product_cat":[2254],"product_tag":[2255,54,2256],"class_list":{"0":"post-113798","1":"product","2":"type-product","3":"status-publish","4":"has-post-thumbnail","6":"product_cat-videograbadoras-analogicas-turbohd-tvi-ahd-cvi","7":"product_tag-camaras-y-dvrs-hd-turbohd-ahd-hd-tvi","8":"product_tag-hikvision","9":"product_tag-videograbadoras-analogicas-turbohd-tvi-ahd-cvi","11":"first","12":"outofstock","13":"sale","14":"shipping-taxable","15":"purchasable","16":"product-type-simple"},"_links":{"self":[{"href":"https:\/\/soydeaqui.ddns.net\/pachuca\/index.php\/wp-json\/wp\/v2\/product\/113798","targetHints":{"allow":["GET"]}}],"collection":[{"href":"https:\/\/soydeaqui.ddns.net\/pachuca\/index.php\/wp-json\/wp\/v2\/product"}],"about":[{"href":"https:\/\/soydeaqui.ddns.net\/pachuca\/index.php\/wp-json\/wp\/v2\/types\/product"}],"replies":[{"embeddable":true,"href":"https:\/\/soydeaqui.ddns.net\/pachuca\/index.php\/wp-json\/wp\/v2\/comments?post=113798"}],"wp:featuredmedia":[{"embeddable":true,"href":"https:\/\/soydeaqui.ddns.net\/pachuca\/index.php\/wp-json\/wp\/v2\/media\/113797"}],"wp:attachment":[{"href":"https:\/\/soydeaqui.ddns.net\/pachuca\/index.php\/wp-json\/wp\/v2\/media?parent=113798"}],"wp:term":[{"taxonomy":"product_brand","embeddable":true,"href":"https:\/\/soydeaqui.ddns.net\/pachuca\/index.php\/wp-json\/wp\/v2\/product_brand?post=113798"},{"taxonomy":"product_cat","embeddable":true,"href":"https:\/\/soydeaqui.ddns.net\/pachuca\/index.php\/wp-json\/wp\/v2\/product_cat?post=113798"},{"taxonomy":"product_tag","embeddable":true,"href":"https:\/\/soydeaqui.ddns.net\/pachuca\/index.php\/wp-json\/wp\/v2\/product_tag?post=113798"}],"curies":[{"name":"wp","href":"https:\/\/api.w.org\/{rel}","templated":true}]}}