{"id":113773,"date":"2026-03-20T22:58:24","date_gmt":"2026-03-20T22:58:24","guid":{"rendered":"https:\/\/soydeaqui.ddns.net\/pachuca\/index.php\/producto\/probador-de-video-android-con-pantalla-lcd-de-7-para-ip-onvif-hd-tvi-8mp-hd-cvi-8mp-y-ahd-5mp-wi-fi-scanner-ip-wifi-entrada-hdmi\/"},"modified":"2026-03-20T22:58:51","modified_gmt":"2026-03-20T22:58:51","slug":"probador-de-video-android-con-pantalla-lcd-de-7-para-ip-onvif-hd-tvi-8mp-hd-cvi-8mp-y-ahd-5mp-wi-fi-scanner-ip-wifi-entrada-hdmi","status":"publish","type":"product","link":"https:\/\/soydeaqui.ddns.net\/pachuca\/index.php\/producto\/probador-de-video-android-con-pantalla-lcd-de-7-para-ip-onvif-hd-tvi-8mp-hd-cvi-8mp-y-ahd-5mp-wi-fi-scanner-ip-wifi-entrada-hdmi\/","title":{"rendered":"Probador de V\u00eddeo Android con Pantalla LCD de 7&#8243; para IP ONVIF \/ HD-TVI (8MP), HD-CVI (8MP) y AHD (5MP) \/ Wi-Fi, Scanner IP, WiFi, entrada HDMI"},"content":{"rendered":"<div style='width: 100%; max-width: 1200px; margin: 0 auto; font-family: sans-serif; line-height: 1.6; color: inherit; background-color: transparent;'> <!-- Imagen principal --> <\/p>\n<div style='margin-bottom: 30px;'> <img style='width: 100%; height: auto; border: 1px solid rgba(150&comma;150&comma;150&comma;0.3); border-radius: 8px;' src='http:\/\/ftp3.syscom.mx\/usuarios\/hallende\/TESTER\/MARKETING\/Tester-1.jpg' alt=''> <\/div>\n<p> <!-- Secci\u00f3n de aplicaciones --> <\/p>\n<div style='display: flex; flex-wrap: wrap; gap: 30px; margin-bottom: 30px;'>\n<div style='flex: 1 1 300px; min-width: 280px;'>\n<h3 style='font-size: 22px; border-bottom: 2px solid currentColor; padding-bottom: 5px; margin-top: 0; color: inherit; opacity: 0.8;'>Aplicaciones:<\/h3>\n<ul style='padding-left: 20px; font-size: 15px; color: inherit;'>\n<li style='margin-bottom: 5px;'>Prueba de c\u00e1maras HD-TVI (8MP)&comma; HD-CVI (8MP) y AHD (8MP).<\/li>\n<li style='margin-bottom: 5px;'>Prueba de c\u00e1maras IP&comma; soporta ONVIF&comma; 4K&comma; H264 y H265.<\/li>\n<li style='margin-bottom: 5px;'>Prueba TDR de cable RJ45<\/li>\n<li style='margin-bottom: 5px;'>Salida PoE y 12 Vcc 2A<\/li>\n<li style='margin-bottom: 5px;'>Entrada \/ salida HDMI.<\/li>\n<li style='margin-bottom: 5px;'>Instalaci\u00f3n de aplicaciones APK.<\/li>\n<\/ul><\/div>\n<\/p><\/div>\n<p> <!-- Secci\u00f3n de caracter\u00edsticas --> <\/p>\n<div style='display: flex; flex-wrap: wrap; gap: 20px; margin-bottom: 30px;'>\n<div style='flex: 1 1 250px; border: 1px solid rgba(150&comma; 150&comma; 150&comma; 0.4); border-radius: 8px; overflow: hidden; display: flex; flex-direction: column;'>\n<div style='padding: 15px; border-bottom: 1px solid rgba(150&comma; 150&comma; 150&comma; 0.2); font-weight: bold; font-size: 18px; color: inherit;'>Caracter\u00edsticas:<\/div>\n<div style='padding: 15px; color: inherit;'>\n<ul style='padding-left: 20px; margin: 0; font-size: 14px; list-style-type: disc;'>\n<li style='margin-bottom: 5px;'>Display touch de 7\u201d&comma; resoluci\u00f3n 1920*1200p<\/li>\n<li style='margin-bottom: 5px;'>Soporta 4K&comma; H 264 y H265&comma; video en flujo principal.<\/li>\n<li style='margin-bottom: 5px;'>Prueba de c\u00e1maras HD-TVI 720p (1280 x 720P 30 IPS)&comma; 1080p (1920 x 1080P 30IPS)&comma; 3MP (2048 x 1536P 18 IPS)&comma; 5MP (2560 x 1944P 12.5IPS)&comma; 8MP (3840 x 2160P 15 IPS).<\/li>\n<li style='margin-bottom: 5px;'>Acceso r\u00e1pido a video&comma; con un solo toque detecta todo en la red.<\/li>\n<li style='margin-bottom: 5px;'>WiFi inter construido para conectarse a una red&comma; crear un hotspot WiFi&comma; soporta navegador WEB.<\/li>\n<li style='margin-bottom: 5px;'>Funci\u00f3n Rapid ONVIF&comma; ingreso autom\u00e1tico&comma; activaci\u00f3n de c\u00e1maras Hikvision.<\/li>\n<li style='margin-bottom: 5px;'>Control de PTZ v\u00eda coaxitron y RS485&comma; llamada de men\u00fa OSD.<\/li>\n<li style='margin-bottom: 5px;'>Entrada HDMI&comma; 720\u00d7480p \/ 720\u00d7576p \/ 1280\u00d7720p \/ 1920\u00d71080p \/ 1024\u00d7768p \/ 1280\u00d71024p \/ 1280\u00d7900p \/ 1440\u00d7900p.<\/li>\n<li style='margin-bottom: 5px;'>Salida HDMI 1080p.<\/li>\n<li style='margin-bottom: 5px;'>Salida de BNC para la prueba de entrada de video en grabadores.<\/li>\n<li style='margin-bottom: 5px;'>Monitor de tr\u00e1fico en puerto LAN&comma; se muestra en imagen las velocidades de carga y descarga de una red ya sea por red LAN o WiFi.<\/li>\n<li style='margin-bottom: 5px;'>Bloqueo de pantalla.<\/li>\n<li style='margin-bottom: 5px;'>Soporta m\u00e1s de 80 protocolos de c\u00e1maras IP personalizadas.<\/li>\n<li style='margin-bottom: 5px;'>Soporta c\u00e1maras IP por RTSP.<\/li>\n<li style='margin-bottom: 5px;'>Soporta alimentaci\u00f3n de c\u00e1maras PoE 24W.<\/li>\n<li style='margin-bottom: 5px;'>Salida de voltaje 12Vcc 2A m\u00e1x.<\/li>\n<li style='margin-bottom: 5px;'>Salida USB de 5V 2A.<\/li>\n<li style='margin-bottom: 5px;'>Medici\u00f3n de voltaje por PoE.<\/li>\n<li style='margin-bottom: 5px;'>Prueba de audio con entrada y salida.<\/li>\n<li style='margin-bottom: 5px;'>Bater\u00eda Pol\u00edmero de Litio Ion 7.4 Vcc 5000mAh&comma; un equipo de alta eficiencia&comma; puede trabajar 10 horas en uso normal y carga en menos de 6 horas.<\/li>\n<li style='margin-bottom: 5px;'>Los productos cumplen con los certificados FCC&comma; CE&comma; RoHS y RED&comma; las bater\u00edas cumplen con MSDS&comma; UN38.3 y el informe de la Directiva 2013\/56\/EU<\/li>\n<\/ul><\/div>\n<\/p><\/div>\n<\/p><\/div>\n<p> <!-- Separador --> <\/p>\n<hr style='border: 0; border-top: 1px solid rgba(150&comma; 150&comma; 150&comma; 0.3); margin: 30px 0;'> <!-- Video --> <\/p>\n<div style='margin-bottom: 30px;'>\n<div style='position: relative; padding-bottom: 56.25%; height: 0; overflow: hidden; margin-bottom: 30px;'>   <\/div>\n<\/p><\/div>\n<\/p><\/div>\n","protected":false},"excerpt":{"rendered":"<p>Probador de V\u00eddeo Android con Pantalla LCD de 7&#8243; para IP ONVIF \/ HD-TVI (8MP), HD-CVI (8MP) y AHD (5MP) \/ Wi-Fi, Scanner IP, WiFi, entrada HDMI<\/p>\n","protected":false},"featured_media":113772,"comment_status":"open","ping_status":"closed","template":"","meta":[],"product_brand":[],"product_cat":[2283],"product_tag":[417,935,2284],"class_list":{"0":"post-113773","1":"product","2":"type-product","3":"status-publish","4":"has-post-thumbnail","6":"product_cat-probadores-de-video","7":"product_tag-accesorios-generales","8":"product_tag-epcom","9":"product_tag-probadores-de-video","11":"first","12":"outofstock","13":"sale","14":"shipping-taxable","15":"purchasable","16":"product-type-simple"},"_links":{"self":[{"href":"https:\/\/soydeaqui.ddns.net\/pachuca\/index.php\/wp-json\/wp\/v2\/product\/113773","targetHints":{"allow":["GET"]}}],"collection":[{"href":"https:\/\/soydeaqui.ddns.net\/pachuca\/index.php\/wp-json\/wp\/v2\/product"}],"about":[{"href":"https:\/\/soydeaqui.ddns.net\/pachuca\/index.php\/wp-json\/wp\/v2\/types\/product"}],"replies":[{"embeddable":true,"href":"https:\/\/soydeaqui.ddns.net\/pachuca\/index.php\/wp-json\/wp\/v2\/comments?post=113773"}],"wp:featuredmedia":[{"embeddable":true,"href":"https:\/\/soydeaqui.ddns.net\/pachuca\/index.php\/wp-json\/wp\/v2\/media\/113772"}],"wp:attachment":[{"href":"https:\/\/soydeaqui.ddns.net\/pachuca\/index.php\/wp-json\/wp\/v2\/media?parent=113773"}],"wp:term":[{"taxonomy":"product_brand","embeddable":true,"href":"https:\/\/soydeaqui.ddns.net\/pachuca\/index.php\/wp-json\/wp\/v2\/product_brand?post=113773"},{"taxonomy":"product_cat","embeddable":true,"href":"https:\/\/soydeaqui.ddns.net\/pachuca\/index.php\/wp-json\/wp\/v2\/product_cat?post=113773"},{"taxonomy":"product_tag","embeddable":true,"href":"https:\/\/soydeaqui.ddns.net\/pachuca\/index.php\/wp-json\/wp\/v2\/product_tag?post=113773"}],"curies":[{"name":"wp","href":"https:\/\/api.w.org\/{rel}","templated":true}]}}