{"id":113729,"date":"2026-03-20T22:55:49","date_gmt":"2026-03-20T22:55:49","guid":{"rendered":"https:\/\/soydeaqui.ddns.net\/pachuca\/index.php\/producto\/camara-ip-multisensor-6mp-3-sensores-de-2mp-wdr-150-db-lente-motorizado-3-6-mm-hpoe-ip66-ik10-nema-4x\/"},"modified":"2026-03-20T22:56:03","modified_gmt":"2026-03-20T22:56:03","slug":"camara-ip-multisensor-6mp-3-sensores-de-2mp-wdr-150-db-lente-motorizado-3-6-mm-hpoe-ip66-ik10-nema-4x","status":"publish","type":"product","link":"https:\/\/soydeaqui.ddns.net\/pachuca\/index.php\/producto\/camara-ip-multisensor-6mp-3-sensores-de-2mp-wdr-150-db-lente-motorizado-3-6-mm-hpoe-ip66-ik10-nema-4x\/","title":{"rendered":"C\u00e1mara IP Multisensor 6MP ( 3 Sensores de 2MP) WDR 150 DB, Lente Motorizado 3 &#8211; 6 MM \/  HPOE \/ IP66 \/ IK10 \/ NEMA 4X"},"content":{"rendered":"<div style='width: 100%; max-width: 1200px; margin: 0 auto; font-family: sans-serif; line-height: 1.6; color: inherit; background-color: transparent;'>\n<div style='display: flex; flex-wrap: wrap; gap: 30px; margin-bottom: 30px;'>\n<div style='flex: 1 1 300px; min-width: 280px;'>\n<h3 style='font-size: 22px; border-bottom: 2px solid currentColor; padding-bottom: 5px; margin-top: 0; color: inherit; opacity: 0.8;'>Caracter\u00edsticas principales<\/h3>\n<ul style='padding-left: 20px; font-size: 15px; color: inherit;'>\n<li style='margin-bottom: 5px;'><strong>Resoluci\u00f3n:<\/strong> 3 x 2MP (M\u00e1x. 6MP)<\/li>\n<li style='margin-bottom: 5px;'><strong>Lentes:<\/strong> 3 lentes varifocales motorizadas de 3 a 6 mm (2x)<\/li>\n<li style='margin-bottom: 5px;'><strong>Velocidad:<\/strong> 3 x M\u00e1x. 30 ips a 2 MP (H.265&comma; H.264)<\/li>\n<li style='margin-bottom: 5px;'><strong>Estabilizaci\u00f3n:<\/strong> Estabilizaci\u00f3n digital de imagen con sensor girosc\u00f3pico integrado<\/li>\n<li style='margin-bottom: 5px;'><strong>C\u00f3decs:<\/strong> Compatible con los c\u00f3decs H.265&comma; H.264 y MJPEG<\/li>\n<li style='margin-bottom: 5px;'><strong>Modo:<\/strong> D\u00eda\/Noche (ICR)<\/li>\n<li style='margin-bottom: 5px;'><strong>WDR:<\/strong> 120dB @8MP @60fps<\/li>\n<li style='margin-bottom: 5px;'><strong>Detecci\u00f3n:<\/strong> Detecci\u00f3n de movimiento&comma; manipulaci\u00f3n&comma; anal\u00edtica de v\u00eddeo avanzada<\/li>\n<li style='margin-bottom: 5px;'><strong>Protecci\u00f3n:<\/strong> IP66&comma; IK10&comma; NEMA4X<\/li>\n<li style='margin-bottom: 5px;'><strong>Memoria:<\/strong> Ranura para tarjeta de memoria SD \/ SDHC \/ SDXC&comma; WiseStreamII compatible<\/li>\n<li style='margin-bottom: 5px;'><strong>Alimentaci\u00f3n:<\/strong> HPOE<\/li>\n<\/ul><\/div>\n<\/p><\/div>\n<div style='display: flex; flex-wrap: wrap; gap: 30px; margin-bottom: 30px;'>\n<div style='flex: 1 1 300px; min-width: 280px;'>\n<h3 style='font-size: 22px; border-bottom: 2px solid currentColor; padding-bottom: 5px; margin-top: 0; color: inherit; opacity: 0.8;'>Garant\u00eda<\/h3>\n<ul style='padding-left: 20px; font-size: 15px; color: inherit;'>\n<li style='margin-bottom: 5px;'>3 a\u00f1os de garant\u00eda<\/li>\n<\/ul><\/div>\n<\/p><\/div>\n<div style='position: relative; padding-bottom: 56.25%; height: 0; overflow: hidden; margin-bottom: 30px;'>   <\/div>\n<\/p><\/div>\n","protected":false},"excerpt":{"rendered":"<p>C\u00e1mara IP Multisensor 6MP ( 3 Sensores de 2MP) WDR 150 DB, Lente Motorizado 3 &#8211; 6 MM \/  HPOE \/ IP66 \/ IK10 \/ NEMA 4X<\/p>\n","protected":false},"featured_media":113728,"comment_status":"open","ping_status":"closed","template":"","meta":[],"product_brand":[],"product_cat":[2248],"product_tag":[122,2249,1055],"class_list":{"0":"post-113729","1":"product","2":"type-product","3":"status-publish","4":"has-post-thumbnail","6":"product_cat-fisheye-y-hemisfericas","7":"product_tag-camaras-ip-y-nvrs","8":"product_tag-fisheye-y-hemisfericas","9":"product_tag-hanwha-vision","11":"first","12":"outofstock","13":"sale","14":"shipping-taxable","15":"purchasable","16":"product-type-simple"},"_links":{"self":[{"href":"https:\/\/soydeaqui.ddns.net\/pachuca\/index.php\/wp-json\/wp\/v2\/product\/113729","targetHints":{"allow":["GET"]}}],"collection":[{"href":"https:\/\/soydeaqui.ddns.net\/pachuca\/index.php\/wp-json\/wp\/v2\/product"}],"about":[{"href":"https:\/\/soydeaqui.ddns.net\/pachuca\/index.php\/wp-json\/wp\/v2\/types\/product"}],"replies":[{"embeddable":true,"href":"https:\/\/soydeaqui.ddns.net\/pachuca\/index.php\/wp-json\/wp\/v2\/comments?post=113729"}],"wp:featuredmedia":[{"embeddable":true,"href":"https:\/\/soydeaqui.ddns.net\/pachuca\/index.php\/wp-json\/wp\/v2\/media\/113728"}],"wp:attachment":[{"href":"https:\/\/soydeaqui.ddns.net\/pachuca\/index.php\/wp-json\/wp\/v2\/media?parent=113729"}],"wp:term":[{"taxonomy":"product_brand","embeddable":true,"href":"https:\/\/soydeaqui.ddns.net\/pachuca\/index.php\/wp-json\/wp\/v2\/product_brand?post=113729"},{"taxonomy":"product_cat","embeddable":true,"href":"https:\/\/soydeaqui.ddns.net\/pachuca\/index.php\/wp-json\/wp\/v2\/product_cat?post=113729"},{"taxonomy":"product_tag","embeddable":true,"href":"https:\/\/soydeaqui.ddns.net\/pachuca\/index.php\/wp-json\/wp\/v2\/product_tag?post=113729"}],"curies":[{"name":"wp","href":"https:\/\/api.w.org\/{rel}","templated":true}]}}