{"id":113610,"date":"2026-03-20T22:48:45","date_gmt":"2026-03-20T22:48:45","guid":{"rendered":"https:\/\/soydeaqui.ddns.net\/pachuca\/index.php\/producto\/dvr-4-canales-turbohd-2-canales-ip-5-megapixel-lite-3k-lite-acusense-evista-falsas-alarmas-audio-por-coaxitron-1-bahia-de-disco-duro-salida-de-video-en-full-hd\/"},"modified":"2026-03-20T22:48:57","modified_gmt":"2026-03-20T22:48:57","slug":"dvr-4-canales-turbohd-2-canales-ip-5-megapixel-lite-3k-lite-acusense-evista-falsas-alarmas-audio-por-coaxitron-1-bahia-de-disco-duro-salida-de-video-en-full-hd","status":"publish","type":"product","link":"https:\/\/soydeaqui.ddns.net\/pachuca\/index.php\/producto\/dvr-4-canales-turbohd-2-canales-ip-5-megapixel-lite-3k-lite-acusense-evista-falsas-alarmas-audio-por-coaxitron-1-bahia-de-disco-duro-salida-de-video-en-full-hd\/","title":{"rendered":"DVR 4 Canales TurboHD + 2 Canales IP \/ 5 Megapixel Lite &#8211; 3K Lite \/ Acusense (Evista falsas alarmas) \/ Audio por Coaxitron \/ 1 Bah\u00eda de Disco Duro \/ Salida de Video en Full HD"},"content":{"rendered":"<div style='width: 100%; max-width: 1200px; margin: 0 auto; font-family: sans-serif; line-height: 1.6; color: inherit; background-color: transparent;'> <!-- Logo --> <\/p>\n<p style='text-align: center; margin: 20px 0;'><img style='width: 45%; height: auto; border: 1px solid rgba(150&comma;150&comma;150&comma;0.3); border-radius: 8px;' src='https:\/\/ftp3.syscom.mx\/usuarios\/jsosa\/HIKVISION\/imagenes\/logo\/hikvision%20see%20far.png' alt='Logo Hikvision'><\/p>\n<p> <!-- Videos Secci\u00f3n 1 --> <\/p>\n<div style='display: grid; grid-template-columns: repeat(auto-fit&comma; minmax(300px&comma; 1fr)); gap: 30px; margin: 30px 0;'>\n<div style='border: 1px solid rgba(150&comma;150&comma;150&comma;0.3); border-radius: 8px; overflow: hidden;'>\n<h3 style='font-size: 18px; padding: 10px; margin: 0; text-align: center; background-color: rgba(150&comma;150&comma;150&comma;0.1);'>Filtrado de Humanos y Vehiculos desde Hik-Connect<\/h3>\n<div style='position: relative; padding-bottom: 56.25%; height: 0; overflow: hidden;'>   <\/div>\n<\/p><\/div>\n<div style='border: 1px solid rgba(150&comma;150&comma;150&comma;0.3); border-radius: 8px; overflow: hidden;'>\n<h3 style='font-size: 18px; padding: 10px; margin: 0; text-align: center; background-color: rgba(150&comma;150&comma;150&comma;0.1);'>Agregar Equipo a Hik-Connect desde Grabador<\/h3>\n<div style='position: relative; padding-bottom: 56.25%; height: 0; overflow: hidden;'>   <\/div>\n<\/p><\/div>\n<\/p><\/div>\n<p> <!-- Videos Secci\u00f3n 2 --> <\/p>\n<div style='display: grid; grid-template-columns: repeat(auto-fit&comma; minmax(300px&comma; 1fr)); gap: 30px; margin: 30px 0;'>\n<div style='border: 1px solid rgba(150&comma;150&comma;150&comma;0.3); border-radius: 8px; overflow: hidden;'>\n<h3 style='font-size: 18px; padding: 10px; margin: 0; text-align: center; background-color: rgba(150&comma;150&comma;150&comma;0.1);'>AcuSense vs Anal\u00edticos Tradicionales<\/h3>\n<div style='position: relative; padding-bottom: 56.25%; height: 0; overflow: hidden;'>   <\/div>\n<\/p><\/div>\n<div style='border: 1px solid rgba(150&comma;150&comma;150&comma;0.3); border-radius: 8px; overflow: hidden;'>\n<h3 style='font-size: 18px; padding: 10px; margin: 0; text-align: center; background-color: rgba(150&comma;150&comma;150&comma;0.1);'>Inteligencia Artificial con AcuSense<\/h3>\n<div style='position: relative; padding-bottom: 56.25%; height: 0; overflow: hidden;'>   <\/div>\n<\/p><\/div>\n<\/p><\/div>\n<p> <!-- Videos Secci\u00f3n 3 --> <\/p>\n<div style='display: grid; grid-template-columns: repeat(auto-fit&comma; minmax(300px&comma; 1fr)); gap: 30px; margin: 30px 0;'>\n<div style='border: 1px solid rgba(150&comma;150&comma;150&comma;0.3); border-radius: 8px; overflow: hidden;'>\n<h4 style='font-size: 16px; padding: 10px; margin: 0; text-align: center; background-color: rgba(150&comma;150&comma;150&comma;0.1);'>Crear Cuenta en Hik-Connect<\/h4>\n<div style='position: relative; padding-bottom: 56.25%; height: 0; overflow: hidden;'>   <\/div>\n<\/p><\/div>\n<div style='border: 1px solid rgba(150&comma;150&comma;150&comma;0.3); border-radius: 8px; overflow: hidden;'>\n<h4 style='font-size: 16px; padding: 10px; margin: 0; text-align: center; background-color: rgba(150&comma;150&comma;150&comma;0.1);'>Cruce de Linea en Menos de 90 Segundos<\/h4>\n<div style='position: relative; padding-bottom: 56.25%; height: 0; overflow: hidden;'>   <\/div>\n<\/p><\/div>\n<\/p><\/div>\n<p> <!-- Im\u00e1genes principales --> <\/p>\n<div style='display: grid; grid-template-columns: repeat(auto-fit&comma; minmax(300px&comma; 1fr)); gap: 20px; margin: 30px 0;'> <img style='width: 100%; height: auto; border: 1px solid rgba(150&comma;150&comma;150&comma;0.3); border-radius: 8px;' src='https:\/\/ftp3.syscom.mx\/usuarios\/fotos\/IDS7208HQHIM1\/S(C)\/192927-untitled.png' alt=''> <img style='width: 100%; height: auto; border: 1px solid rgba(150&comma;150&comma;150&comma;0.3); border-radius: 8px;' src='https:\/\/ftp3.syscom.mx\/usuarios\/fotos\/IDS7208HQHIM1\/S(C)\/192927-untitled_(2).png' alt=''> <\/div>\n<p> <!-- Nota importante --> <\/p>\n<div style='margin: 30px 0; padding: 15px; border-left: 5px solid #ff0000; background-color: rgba(255&comma;0&comma;0&comma;0.05);'>\n<p style='margin: 0; font-weight: bold; color: #ff0000;'>Nota importante:<\/p>\n<p style='margin: 10px 0 15px 0;'>Gracias a las nuevas actualizaciones (mejoras) ahora el DVR permite aceptar c\u00e1maras TURBOHD de 5 Megapixel que originalmente estaba dedicado a soportar 3 Megapixel&comma; el DVR podr\u00e1 grabar a 5 Megapixel Lite&comma; quiere decir que es un acoplamiento de se\u00f1al que permite aceptar c\u00e1maras de 5 Megapixel TURBOHD con grabaci\u00f3n Lite.<\/p>\n<ul style='margin: 0 0 15px 20px; padding: 0;'>\n<li style='margin: 5px 0;'><span style='color: #ff0000;'>5 Megapixel Real = 2560 X 1940.<\/span><\/li>\n<li style='margin: 5px 0;'><span style='color: #ff0000;'>5 Megapixel Lite = 1280 X 1940.<\/span><\/li>\n<\/ul><\/div>\n<p> <!-- Caracter\u00edsticas principales --> <\/p>\n<div style='display: grid; grid-template-columns: repeat(auto-fit&comma; minmax(250px&comma; 1fr)); gap: 20px; margin: 30px 0;'>\n<div style='border-left: 5px solid #ff0000; border-radius: 5px; padding: 10px; box-shadow: 2px 2px 10px rgba(216&comma;216&comma;216&comma;0.5);'>\n<h4 style='margin-top: 0; margin-bottom: 15px; font-size: 16px;'><strong>Caracter\u00edsticas principales:<\/strong><\/h4>\n<ul style='padding-left: 20px; margin: 0;'>\n<li style='margin: 5px 0;'>Serie Turbo HD Versi\u00f3n 5.0<\/li>\n<li style='margin: 5px 0;'><strong>Permite apagar canales anal\u00f3gicos TURBOHD y poder colocar c\u00e1maras IP en todos sus canales&comma; podemos colocar hasta 6 c\u00e1maras IP en total. Por cada canal anal\u00f3gico TURBOHD que se apague se genera una canal IP adicional.<\/strong><\/li>\n<li style='margin: 5px 0;'><strong>DVR pentah\u00edbrido: HD-TVI \/ HD-CVI \/ Analogico \/ IP \/ AHD.<\/strong><\/li>\n<li style='margin: 5px 0;'>Acceso remoto: PC (WINDOWS \/ MAC)&comma; Smart Phone (iPhone&comma; iPad&comma; Android).<\/li>\n<li style='margin: 5px 0;'>Compatibilidad con navegador Internet Explorer.<\/li>\n<li style='margin: 5px 0;'>Software cliente multi sitio de hasta 64 canales (iVMS-4200).<\/li>\n<li style='margin: 5px 0;'>Compatible con Hik-Connect P2P.<\/li>\n<li style='margin: 5px 0;'>Soporta servicio DDNS Hik-Connect Domain \/ DynDNS.<\/li>\n<li style='margin: 5px 0;'>Funciones Avanzadas: Detecci\u00f3n por cruce de l\u00ednea y detecci\u00f3n de instrusi\u00f3n.<\/li>\n<li style='margin: 5px 0;'>1 entrada y 1 salida de audio.<\/li>\n<li style='margin: 5px 0;'>Soporta 1 HDD de hasta 10 TB (no incluido).<\/li>\n<li style='margin: 5px 0;'>Interfaz serial: RS-485 (HIKVISION C&comma; COAXITRON&comma; PELCO D&comma; PELCO P&comma; etc).<\/li>\n<\/ul><\/div>\n<div style='border-left: 5px solid #ff0000; border-radius: 5px; padding: 10px; box-shadow: 2px 2px 10px rgba(216&comma;216&comma;216&comma;0.5);'>\n<h4 style='margin-top: 0; margin-bottom: 15px; font-size: 16px;'><strong>Caracter\u00edsticas F\u00edsicas y El\u00e9ctricas:<\/strong><\/h4>\n<ul style='padding-left: 20px; margin: 0;'>\n<li style='margin: 5px 0;'>Alimentaci\u00f3n: 12 Vcc (fuente incluida).<\/li>\n<li style='margin: 5px 0;'>Consumo sin HDD: 18 watts.<\/li>\n<li style='margin: 5px 0;'>Temperatura de operaci\u00f3n: -10 \u00baC hasta 55 \u00baC.<\/li>\n<li style='margin: 5px 0;'>Dimensiones: 315 x 242 x 45 mm (W \u00d7 D \u00d7 H)<\/li>\n<li style='margin: 5px 0;'>Peso: 1.78 Kg sin HDD.<\/li>\n<li style='margin: 5px 0;'>No compatible con control remoto<\/li>\n<\/ul>\n<h5 style='margin-top: 20px; margin-bottom: 10px; font-size: 14px;'><strong>Compresi\u00f3n y resoluci\u00f3n:<\/strong><\/h5>\n<ul style='padding-left: 20px; margin: 0;'>\n<li style='margin: 5px 0;'>Compresi\u00f3n: H.265+ \/ H.265 \/ H.264+ \/ H.264.<\/li>\n<li style='margin: 5px 0;'>Soporta 4 canales TURBOHD \/ anal\u00f3gicos + 2 canales IP = 6 canales en total.<\/li>\n<li style='margin: 5px 0;'><strong>Soporta 5 Tecnolog\u00edas (TVI \/ AHD \/ CVI \/ CVBS \/ IP):<\/strong>\n<ul style='margin: 5px 0 0 20px; padding: 0;'>\n<li style='margin: 5px 0;'>5 Megapixel Lite@ 15 IPS<\/li>\n<li style='margin: 5px 0;'>3k Lite@ 15 IPS<\/li>\n<li style='margin: 5px 0;'>4 Megapixel Lite@ 15 IPS<\/li>\n<li style='margin: 5px 0;'>3 Megapixel @ 15 IPS<\/li>\n<li style='margin: 5px 0;'>2 Megapixel @ 30 IPS<\/li>\n<li style='margin: 5px 0;'>1 Megapixel @ 30 IPS<\/li>\n<li style='margin: 5px 0;'>Analogico 1200TVL (CVBS) @ 30 IPS<\/li>\n<li style='margin: 5px 0;'>IP hasta 6 Megapixel<\/li>\n<\/ul>\n<\/li>\n<\/ul><\/div>\n<div style='border-left: 5px solid #ff0000; border-radius: 5px; padding: 10px; box-shadow: 2px 2px 10px rgba(216&comma;216&comma;216&comma;0.5);'>\n<h4 style='margin-top: 0; margin-bottom: 15px; font-size: 16px;'><strong>Caracter\u00edsticas Destacadas:<\/strong><\/h4>\n<p style='margin: 0 0 10px 0;'>El DVR soporta 2 canales de video con activaci\u00f3n de detecci\u00f3n de cuerpo humano o detecci\u00f3n de veh\u00edculos&comma; esto nos permite ser m\u00e1s precisos al momento de tener alguna grabaci\u00f3n de poder descargar cualquier otro tipo de movimientos.<\/p>\n<p style='margin: 0 0 10px 0;'>Es necesario contemplar cu\u00e1l de los anal\u00edticos se utilizaran ya que no es posible utilizar mas de uno al mismo tiempo.<\/p>\n<ul style='margin: 0 0 10px 20px; padding: 0;'>\n<li style='margin: 5px 0;'><a href='https:\/\/soporte.syscom.mx\/es\/articles\/5388340-hikvision-acusense-guia-de-configuracion' target='_blank' rel='noopener' style='color: #005cb9; text-decoration: none;'>Gu\u00eda de configuraci\u00f3n filtro de humanos y veh\u00edculos<\/a><\/li>\n<\/ul>\n<p style='margin: 0 0 10px 0;'>Soporta audio en todos sus canales por coaxitron utilizando camaras con audio integrado <a href='https:\/\/www.syscom.mx\/principal\/promociones\/camaras_con_audio_por_coaxitron_2_mp-5477.html?ordenar=Relevancia&#038;pag=1' target='_blank' rel='noopener' style='color: #005cb9; text-decoration: none;'>(ver modelos compatibles)<\/a>.<\/p>\n<p style='margin: 0;'>Para utilizar audio de 2 v\u00edas se recomienda colocar un micr\u00f3fono en la entrada de audio&comma; no se recomienda para audio de 2 v\u00edas una c\u00e1mara con audio por coaxitron<\/p>\n<\/p><\/div>\n<\/p><\/div>\n<p> <!-- Consideraciones --> <\/p>\n<div style='border-left: 5px solid #ff0000; border-radius: 5px; padding: 10px; box-shadow: 2px 2px 10px rgba(216&comma;216&comma;216&comma;0.5); margin: 30px 0;'>\n<h4 style='margin-top: 0; margin-bottom: 15px; font-size: 16px;'><strong>Consideraciones:<\/strong><\/h4>\n<ul style='padding-left: 20px; margin: 0;'>\n<li style='margin: 5px 0;'>El audio se recibe por la se\u00f1al TVI<\/li>\n<li style='margin: 5px 0;'><strong>Para conectar los canales IP requiere utilizar un switch\/switch poe (no incluido)<\/strong><\/li>\n<li style='margin: 5px 0;'><strong>Soporta 5 Tecnolog\u00edas (TVI \/ AHD \/ CVI \/ CVBS \/ IP):<\/strong>\n<ul style='margin: 5px 0 0 20px; padding: 0;'>\n<li style='margin: 5px 0;'>5 Megapixel Lite@ 15 IPS<\/li>\n<li style='margin: 5px 0;'>3k Lite@ 15 IPS<\/li>\n<li style='margin: 5px 0;'>4 Megapixel Lite@ 15 IPS<\/li>\n<li style='margin: 5px 0;'>3 Megapixel @ 15 IPS<\/li>\n<li style='margin: 5px 0;'>2 Megapixel @ 30 IPS<\/li>\n<li style='margin: 5px 0;'>1 Megapixel @ 30 IPS<\/li>\n<li style='margin: 5px 0;'>Analogico 1200TVL (CVBS) @ 30 IPS<\/li>\n<li style='margin: 5px 0;'>IP hasta 6 Megapixel<\/li>\n<li style='margin: 5px 0; color: #ff0000;'><strong>Acepta c\u00e1maras de 5MP&comma; 2MP y 1MP en todos sus canales BNC (C\u00e1maras de 3MP solo en el canal 1).<\/strong><\/li>\n<\/ul>\n<\/li>\n<li style='margin: 5px 0; color: #ff0000;'><strong>Los equipos con AcuSense pueden llegar a filtrar hasta el 95% de falsas alarmas&comma; la eficacia del filtrado depende de la distancia &#8211; \u00e1ngulo de visi\u00f3n del objetivo y la c\u00e1mara. Algunas mascotas&comma; insectos pueden generar alertamientos basados en lo anterior.<\/strong><\/li>\n<\/ul><\/div>\n<p> <!-- Recursos --> <\/p>\n<h2 style='font-size: 24px; text-align: center; margin: 40px 0 20px 0; border-bottom: 2px solid currentColor; padding-bottom: 10px; color: inherit; opacity: 0.8;'>Recursos<\/h2>\n<div style='display: grid; grid-template-columns: repeat(auto-fit&comma; minmax(200px&comma; 1fr)); gap: 20px; margin: 20px 0;'> <a href='https:\/\/www.hikvision.com\/es-la\/support\/download\/software\/ivms4200-series\/?q=serie%20ivms4200&#038;position=1' target='_blank' rel='noopener' style='text-decoration: none; color: inherit;'> <img style='width: 100%; height: auto; border: 1px solid rgba(150&comma;150&comma;150&comma;0.3); border-radius: 8px; margin-bottom: 10px;' src='https:\/\/ftp3.syscom.mx\/usuarios\/gmagos\/HIK\/IP\/IPC\/Imagenes%20pagina\/Descargas%20IVMS4200.jpg' alt='Descargas IVMS4200'> <\/p>\n<p style='text-align: center; margin: 0;'>IVMS 4200<\/p>\n<p> <\/a> <a href='https:\/\/appstore.hikvision.com\/' target='_blank' rel='noopener' style='text-decoration: none; color: inherit;'> <img style='width: 100%; height: auto; border: 1px solid rgba(150&comma;150&comma;150&comma;0.3); border-radius: 8px; margin-bottom: 10px;' src='https:\/\/ftp3.syscom.mx\/usuarios\/gmagos\/HIK\/IP\/IPC\/Imagenes%20pagina\/Descargas%20de%20app.jpg' alt='Descargas de App'> <\/p>\n<p style='text-align: center; margin: 0;'>App Store Hikvision<\/p>\n<p> <\/a> <a href='https:\/\/ftp3.syscom.mx\/usuarios\/ftp\/2020\/04\/15\/eb10b\/Especificaciones%20iDS-7200HQHI-M1S.pdf' target='_blank' rel='noopener' style='text-decoration: none; color: inherit;'> <img style='width: 100%; height: auto; border: 1px solid rgba(150&comma;150&comma;150&comma;0.3); border-radius: 8px; margin-bottom: 10px;' src='https:\/\/ftp3.syscom.mx\/usuarios\/gmagos\/HIK\/IP\/IPC\/Imagenes%20pagina\/Descarga%20de%20PDF.jpg' alt='Descarga de PDF'> <\/p>\n<p style='text-align: center; margin: 0;'>Especificaciones T\u00e9cnicas<\/p>\n<p> <\/a> <\/div>\n<p> <!-- Comparativo --> <\/p>\n<h3 style='color: #df001e; font-size: 20px; font-weight: bold; margin: 40px 0 20px 0; text-align: center; color: #000000;'><strong>Comparativo 3K Lite vs 3K Est\u00e1ndar<\/strong><\/h3>\n<div style='overflow-x: auto;'>\n<table style='width: 100%; border-collapse: collapse; border: 2px solid #df001e; margin-bottom: 30px;'>\n<thead>\n<tr>\n<th style='width: 33%; text-align: center; border: 1px solid #df001e; padding: 8px; background-color: #df001e; color: #ffffff;'>Caracter\u00edstica<\/th>\n<th style='width: 33%; text-align: center; border: 1px solid #df001e; padding: 8px; background-color: #df001e; color: #ffffff;'>3K Lite (2.5MP)<\/th>\n<th style='width: 33%; text-align: center; border: 1px solid #df001e; padding: 8px; background-color: #df001e; color: #ffffff;'>3K Est\u00e1ndar (5MP)<\/th>\n<\/tr>\n<\/thead>\n<tbody>\n<tr>\n<th style='text-align: center; border: 1px solid #df001e; padding: 8px; color: #000000; background-color: #ffffff;'>Resoluci\u00f3n<\/th>\n<td style='text-align: center; border: 1px solid #df001e; padding: 8px; color: #000000;'>2560\u00d71440<\/td>\n<td style='text-align: center; border: 1px solid #df001e; padding: 8px; color: #000000;'>2880\u00d71620<\/td>\n<\/tr>\n<tr>\n<th style='text-align: center; border: 1px solid #df001e; padding: 8px; color: #000000; background-color: #ffffff;'>Almacenamiento<\/th>\n<td style='text-align: center; border: 1px solid #df001e; padding: 8px; color: #000000;'>Optimizado (+30% duraci\u00f3n)<\/td>\n<td style='text-align: center; border: 1px solid #df001e; padding: 8px; color: #000000;'>Mayor espacio requerido<\/td>\n<\/tr>\n<tr>\n<th style='text-align: center; border: 1px solid #df001e; padding: 8px; color: #000000; background-color: #ffffff;'>Uso recomendado<\/th>\n<td style='text-align: center; border: 1px solid #df001e; padding: 8px; color: #000000;'>\u00c1reas medianas\/Interiores<\/td>\n<td style='text-align: center; border: 1px solid #df001e; padding: 8px; color: #000000;'>\u00c1reas extensas\/Exteriores<\/td>\n<\/tr>\n<\/tbody>\n<\/table><\/div>\n<p> <!-- Tecnolog\u00eda AcuSense --> <img style='width: 100%; height: auto; border: 1px solid rgba(150&comma;150&comma;150&comma;0.3); border-radius: 8px; margin: 20px 0;' src='https:\/\/ftp3.syscom.mx\/usuarios\/fotos\/S04TURBOG3\/195128-explicaci\u00f3n_acusense_turbohd.jpeg' alt='Tecnolog\u00eda AcuSense'> <img style='width: 50%; height: auto; border: 1px solid rgba(150&comma;150&comma;150&comma;0.3); border-radius: 8px; margin: 20px auto; display: block;' src='https:\/\/ftp3.syscom.mx\/usuarios\/jsosa\/HIKVISION\/imagenes\/Acusense%20Icon.png' alt='Icono AcuSense'> <\/p>\n<h3 style='margin: 20px 0 10px 0; font-size: 18px; color: inherit; opacity: 0.8;'>Tecnolog\u00eda AcuSense<\/h3>\n<p style='margin: 10px 0;'>La tecnolog\u00eda AcuSense se basa en el algoritmo <em><strong>Deep Learning<\/strong><\/em> de Hikvision. Los algoritmos de <strong><em>Deep Learning<\/em><\/strong> son mucho m\u00e1s profundos que los algoritmos inteligentes convencionales&comma; que solo operan de forma superficial. Estos realizan aprendizaje de caracter\u00edsticas&comma; proporcionando un rendimiento de an\u00e1lisis de contenido de video (VCA) asombrosamente preciso y consistente.<\/p>\n<p style='margin: 10px 0;'>AcuSense es capaz de diferenciar&comma; con gran precisi\u00f3n&comma; un cuerpo humano y un veh\u00edculo en un escenario con una gran cantidad de objetos. No solo puede detectar la intrusi\u00f3n humana y del veh\u00edculo&comma; sino que tambi\u00e9n puede filtrar falsas alarmas que podr\u00edan haber sido disparadas por objetos en movimiento que no presentan un riesgo.<\/p>\n<p style='margin: 10px 0;'>La tecnolog\u00eda tambi\u00e9n brinda una funci\u00f3n de b\u00fasqueda de objetivos poderosa y r\u00e1pida que es capaz de analizar grabaciones y seleccionar todas las im\u00e1genes humanas o de veh\u00edculos que se vinculan al video clip relacionado.<\/p>\n<p style='margin: 10px 0;'><a href='https:\/\/ftp3.syscom.mx\/usuarios\/jsosa\/HIKVISION\/presentaciones\/Presentation%20Turbo%20HD%205.0.pdf' target='_blank' rel='noopener' style='color: #005cb9; text-decoration: none;'>Ver presentaci\u00f3n AcuSense<\/a><\/p>\n<p> <!-- Im\u00e1genes AcuSense --> <\/p>\n<div style='display: grid; grid-template-columns: repeat(auto-fit&comma; minmax(250px&comma; 1fr)); gap: 20px; margin: 30px 0;'> <img style='width: 100%; height: auto; border: 1px solid rgba(150&comma;150&comma;150&comma;0.3); border-radius: 8px;' src='https:\/\/ftp3.syscom.mx\/usuarios\/jsosa\/josesosa\/Imagenes\/acusense1.jpg' alt=''> <img style='width: 100%; height: auto; border: 1px solid rgba(150&comma;150&comma;150&comma;0.3); border-radius: 8px;' src='https:\/\/ftp3.syscom.mx\/usuarios\/jsosa\/josesosa\/Imagenes\/acusense2.jpg' alt=''> <img style='width: 100%; height: auto; border: 1px solid rgba(150&comma;150&comma;150&comma;0.3); border-radius: 8px;' src='https:\/\/ftp3.syscom.mx\/usuarios\/jsosa\/josesosa\/Imagenes\/acusense3.jpg' alt=''> <\/div>\n<p> <!-- Im\u00e1genes adicionales --> <\/p>\n<div style='display: grid; grid-template-columns: repeat(auto-fit&comma; minmax(250px&comma; 1fr)); gap: 20px; margin: 30px 0;'>\n<div style='display: flex; justify-content: center; align-items: center;'> <img style='width: 100%; height: auto; border: 1px solid rgba(150&comma;150&comma;150&comma;0.3); border-radius: 8px;' src='https:\/\/ftp3.syscom.mx\/usuarios\/paginaweb\/Gifs\/Zi7LTq5.gif' alt=''> <\/div>\n<div style='display: flex; justify-content: center; align-items: center;'> <img style='width: 60%; height: auto; border: 1px solid rgba(150&comma;150&comma;150&comma;0.3); border-radius: 8px;' src='https:\/\/ftp3.syscom.mx\/usuarios\/fotos\/DS7208HQHIK1\/97560-pentahi.jpg' alt=''> <\/div>\n<div style='display: flex; justify-content: center; align-items: center;'> <img style='width: 100%; height: auto; border: 1px solid rgba(150&comma;150&comma;150&comma;0.3); border-radius: 8px;' src='https:\/\/ftp3.syscom.mx\/usuarios\/paginaweb\/Gifs\/tq5yYz4.gif' alt=''> <\/div>\n<\/p><\/div>\n<p> <!-- H.265 --> <\/p>\n<h3 style='margin: 40px 0 10px 0; font-size: 18px; color: inherit; opacity: 0.8;'>\u00bfQue es H.265+<\/h3>\n<p style='margin: 10px 0;'>Es un formato de compresi\u00f3n inteligente que <strong>permite ahorrar hasta 80% de almacenamiento y ancho de banda<\/strong>&comma; para que la compresi\u00f3n se pueda activa debemos de contar con c\u00e1mara IP y NVR que soporten el mismo formato de compresi\u00f3n.<\/p>\n<p> <!-- H.265 im\u00e1genes --> <\/p>\n<div style='display: grid; grid-template-columns: repeat(auto-fit&comma; minmax(250px&comma; 1fr)); gap: 20px; margin: 30px 0;'>\n<div style='text-align: center;'>\n<p style='margin: 0 0 10px 0;'>80% menos consumo que H.264<\/p>\n<p> <img style='width: 100%; height: auto; border: 1px solid rgba(150&comma;150&comma;150&comma;0.3); border-radius: 8px;' src='https:\/\/3.bp.blogspot.com\/-c6ufw54r2xk\/WW_f4nkqWQI\/AAAAAAAAKVY\/I0edD6XJMPM-KppoJFsy-aINcLNxg6opQCEwYBhgL\/s400\/primero.tiff' alt=''> <\/div>\n<div style='text-align: center;'>\n<p style='margin: 0 0 10px 0;'>Mismo dias de almacenamiento pero con menos discos duros<\/p>\n<p> <img style='width: 100%; height: auto; border: 1px solid rgba(150&comma;150&comma;150&comma;0.3); border-radius: 8px;' src='https:\/\/1.bp.blogspot.com\/-tJoVn4NunDQ\/WW_f4qn0b0I\/AAAAAAAAKVU\/8aiRMT3NK0wg2s2bSbQI7zAQrjGN0ZJ5wCEwYBhgL\/s400\/tercero.tiff' alt=''> <\/div>\n<div style='text-align: center;'>\n<p style='margin: 0 0 10px 0;'>Hasta 20 c\u00e1maras Full HD tiempo real en un ancho de banda de 20Mbps<\/p>\n<p> <img style='width: 100%; height: auto; border: 1px solid rgba(150&comma;150&comma;150&comma;0.3); border-radius: 8px;' src='https:\/\/2.bp.blogspot.com\/-4pPL-F39Ka4\/WW_f4Tqv-nI\/AAAAAAAAKVQ\/URQf8vDTvxM1pHB9hbg_DvHTemJ-B7isgCEwYBhgL\/s400\/segundo.tiff' alt=''> <\/div>\n<\/p><\/div>\n<p> <!-- Im\u00e1genes adicionales finales --> <img style='width: 100%; height: auto; border: 1px solid rgba(150&comma;150&comma;150&comma;0.3); border-radius: 8px; margin: 30px 0;' src='https:\/\/ftp3.syscom.mx\/usuarios\/jsosa\/josesosa\/Imagenes\/menosconsumoh.jpg' alt=''> <img style='width: 100%; height: auto; border: 1px solid rgba(150&comma;150&comma;150&comma;0.3); border-radius: 8px; margin: 30px 0;' src='https:\/\/ftp3.syscom.mx\/usuarios\/jsosa\/HIKVISION\/imagenes\/banners\/solution%20complete.png' alt=''> <\/div>\n","protected":false},"excerpt":{"rendered":"<p>DVR 4 Canales TurboHD + 2 Canales IP \/ 5 Megapixel Lite &#8211; 3K Lite \/ Acusense (Evista falsas alarmas) \/ Audio por Coaxitron \/ 1 Bah\u00eda de Disco Duro \/ Salida de Video en Full HD<\/p>\n","protected":false},"featured_media":113609,"comment_status":"open","ping_status":"closed","template":"","meta":[],"product_brand":[],"product_cat":[2254],"product_tag":[2255,54,2256],"class_list":{"0":"post-113610","1":"product","2":"type-product","3":"status-publish","4":"has-post-thumbnail","6":"product_cat-videograbadoras-analogicas-turbohd-tvi-ahd-cvi","7":"product_tag-camaras-y-dvrs-hd-turbohd-ahd-hd-tvi","8":"product_tag-hikvision","9":"product_tag-videograbadoras-analogicas-turbohd-tvi-ahd-cvi","11":"first","12":"outofstock","13":"sale","14":"shipping-taxable","15":"purchasable","16":"product-type-simple"},"_links":{"self":[{"href":"https:\/\/soydeaqui.ddns.net\/pachuca\/index.php\/wp-json\/wp\/v2\/product\/113610","targetHints":{"allow":["GET"]}}],"collection":[{"href":"https:\/\/soydeaqui.ddns.net\/pachuca\/index.php\/wp-json\/wp\/v2\/product"}],"about":[{"href":"https:\/\/soydeaqui.ddns.net\/pachuca\/index.php\/wp-json\/wp\/v2\/types\/product"}],"replies":[{"embeddable":true,"href":"https:\/\/soydeaqui.ddns.net\/pachuca\/index.php\/wp-json\/wp\/v2\/comments?post=113610"}],"wp:featuredmedia":[{"embeddable":true,"href":"https:\/\/soydeaqui.ddns.net\/pachuca\/index.php\/wp-json\/wp\/v2\/media\/113609"}],"wp:attachment":[{"href":"https:\/\/soydeaqui.ddns.net\/pachuca\/index.php\/wp-json\/wp\/v2\/media?parent=113610"}],"wp:term":[{"taxonomy":"product_brand","embeddable":true,"href":"https:\/\/soydeaqui.ddns.net\/pachuca\/index.php\/wp-json\/wp\/v2\/product_brand?post=113610"},{"taxonomy":"product_cat","embeddable":true,"href":"https:\/\/soydeaqui.ddns.net\/pachuca\/index.php\/wp-json\/wp\/v2\/product_cat?post=113610"},{"taxonomy":"product_tag","embeddable":true,"href":"https:\/\/soydeaqui.ddns.net\/pachuca\/index.php\/wp-json\/wp\/v2\/product_tag?post=113610"}],"curies":[{"name":"wp","href":"https:\/\/api.w.org\/{rel}","templated":true}]}}