{"id":113603,"date":"2026-03-20T22:48:19","date_gmt":"2026-03-20T22:48:19","guid":{"rendered":"https:\/\/soydeaqui.ddns.net\/pachuca\/index.php\/producto\/dvr-8-canales-turbohd-4-canales-ip-5-megapixel-3k-lite-acusense-evita-falsas-alarmas-audio-por-coaxitron-1-bahia-de-disco-duro-h-265-salida-de-video-en-full-hd\/"},"modified":"2026-03-20T22:48:39","modified_gmt":"2026-03-20T22:48:39","slug":"dvr-8-canales-turbohd-4-canales-ip-5-megapixel-3k-lite-acusense-evita-falsas-alarmas-audio-por-coaxitron-1-bahia-de-disco-duro-h-265-salida-de-video-en-full-hd","status":"publish","type":"product","link":"https:\/\/soydeaqui.ddns.net\/pachuca\/index.php\/producto\/dvr-8-canales-turbohd-4-canales-ip-5-megapixel-3k-lite-acusense-evita-falsas-alarmas-audio-por-coaxitron-1-bahia-de-disco-duro-h-265-salida-de-video-en-full-hd\/","title":{"rendered":"DVR 8 Canales TurboHD + 4 Canales IP \/ 5 Megapixel &#8211; 3K Lite \/ Acusense (Evita Falsas Alarmas) \/ Audio por Coaxitron \/ 1 Bah\u00eda de Disco Duro \/ H.265+ \/ Salida de Video en Full HD"},"content":{"rendered":"<p style='text-align: center;'><img class='fr-fic fr-dii' style='width: 45%;' src='https:\/\/ftp3.syscom.mx\/usuarios\/jsosa\/HIKVISION\/imagenes\/logo\/hikvision%20see%20far.png' \/><\/p>\n<\/p>\n<div class='row'>\n<div class='col-sm-6 '>\n<h3 style='text-align: center;'><strong><span style='font-family: verdana&comma; geneva&comma; sans-serif;'>Filtrado de Humanos y Vehiculos desde Hik-Connect<\/span><\/strong><\/h3>\n<div class='embed-responsive embed-responsive-16by9'> <\/div>\n<\/p><\/div>\n<div class='col-sm-6'>\n<h3 style='text-align: center;'><strong><span style='font-family: verdana&comma; geneva&comma; sans-serif;'>Agregar Equipo a Hik-Connect desde Grabador<\/span><\/strong><\/h3>\n<div class='embed-responsive embed-responsive-16by9'> <\/div>\n<\/p><\/div>\n<\/p><\/div>\n<div class='row'>\n<div class='col-sm-6 '>\n<h3 style='text-align: center;'><strong><span style='font-family: verdana&comma; geneva&comma; sans-serif;'>AcuSense vs Anal\u00edticos Tradicionales<\/span><\/strong><\/h3>\n<div class='embed-responsive embed-responsive-16by9'> <\/div>\n<\/p><\/div>\n<div class='col-sm-6'>\n<h3 style='text-align: center;'><strong><span style='font-family: verdana&comma; geneva&comma; sans-serif;'>Inteligencia Artificial con AcuSense<\/span><\/strong><\/h3>\n<div class='embed-responsive embed-responsive-16by9'> <\/div>\n<\/p><\/div>\n<\/p><\/div>\n<\/p>\n<div class='row'>\n<div class='col-sm-6 '>\n<h3 style='text-align: center;'><strong><span style='font-family: verdana&comma; geneva&comma; sans-serif;'>Crear Cuenta Hik-Connect<\/span><\/strong><\/h3>\n<div class='embed-responsive embed-responsive-16by9'> <\/div>\n<\/p><\/div>\n<div class='col-sm-6'>\n<h3 style='text-align: center;'><strong><span style='font-family: verdana&comma; geneva&comma; sans-serif;'>Cruce de Linea en 90 Segundos<\/span><\/strong><\/h3>\n<div class='embed-responsive embed-responsive-16by9'> <\/div>\n<\/p><\/div>\n<\/p><\/div>\n<div class='row mb-3'>\n<div class='col-12 col-md'><img class='img-fluid img-thumbnail' src='https:\/\/ftp3.syscom.mx\/usuarios\/fotos\/IDS7208HQHIM1\/S(C)\/192927-untitled.png' \/><\/div>\n<div class='col-12 col-md'><img class='img-fluid img-thumbnail' src='https:\/\/ftp3.syscom.mx\/usuarios\/fotos\/IDS7208HQHIM1\/S(C)\/192927-untitled_(2).png' \/><\/div>\n<\/p><\/div>\n<\/p>\n<div class='row'>\n<div class='col-sm-6 col-md-4'>\n<h4 style='text-align: center;'><strong><span style='font-family: verdana&comma; geneva&comma; sans-serif;'>AcuSense \u00c1reas Restringidas<\/span><\/strong><\/h4>\n<div class='embed-responsive embed-responsive-16by9'> <\/div>\n<\/p><\/div>\n<div class='col-sm-6 col-md-4'>\n<h4 style='text-align: center;'><strong><span style='font-family: verdana&comma; geneva&comma; sans-serif;'>AcuSense Almacenes<\/span><\/strong><\/h4>\n<div class='embed-responsive embed-responsive-16by9'> <\/div>\n<\/p><\/div>\n<div class='col-sm-6 col-md-4'>\n<h4 style='text-align: center;'><strong><span style='font-family: verdana&comma; geneva&comma; sans-serif;'>Evite Falsas Alarmas<\/span><\/strong><\/h4>\n<div class='embed-responsive embed-responsive-16by9'> <\/div>\n<\/p><\/div>\n<\/p><\/div>\n<\/p>\n<p style='text-align: center;'><span style='font-family: verdana&comma; geneva&comma; sans-serif;'><strong>Audio&comma; Video y Datos por el Mismo Cable<\/strong><\/span><\/p>\n<p><img class='fr-fic fr-dii' style='width: 100%;' src='https:\/\/ftp3.syscom.mx\/usuarios\/jsosa\/HIKVISION\/imagenes\/coaxitron\/coaxitron.jpg' \/><\/p>\n<\/p>\n<p><span style='font-family: verdana&comma; geneva&comma; sans-serif;'><strong><span style='color: #ff0000;'>Nota importante:<\/span><\/strong><\/span><\/p>\n<p><span style='font-family: verdana&comma; geneva&comma; sans-serif;'>Gracias a las nuevas actualizaciones (mejoras) ahora el DVR permite aceptar c\u00e1maras TURBOHD de 5 Megapixel que originalmente estaba dedicado a soportar 3 Megapixel&comma; el DVR podr\u00e1 grabar a 5 Megapixel Lite&comma; quiere decir que es un acoplamiento de se\u00f1al que permite aceptar c\u00e1maras de 5 Megapixel TURBOHD con grabaci\u00f3n Lite.<\/span><\/p>\n<ul>\n<li><span style='color: #ff0000; font-family: verdana&comma; geneva&comma; sans-serif;'>5 Megapixel Real = 2560 X 1940.<\/span><\/li>\n<li><span style='color: #ff0000; font-family: verdana&comma; geneva&comma; sans-serif;'>5 Megapixel Lite = 1280 X 1940.<\/span><\/li>\n<\/ul>\n<div class='row'>\n<div class='col-sm-4'>\n<div style='border-left: 5px solid #ff0000; border-radius: 5px; padding: 5px; box-shadow: 2px 2px 10px #d8d8d8; -webkit-box-shadow: 2px 2px 10px #d8d8d8;'><span style='font-family: verdana&comma; geneva&comma; sans-serif;'><strong>Caracter\u00edsticas principales:<\/strong><\/span> <\/p>\n<ul>\n<li><span style='font-family: verdana&comma; geneva&comma; sans-serif;'>Serie Turbo HD Versi\u00f3n 5.0<\/span><\/li>\n<li><span style='font-family: verdana&comma; geneva&comma; sans-serif;'><strong>Permite apagar canales anal\u00f3gicos TURBOHD y poder colocar c\u00e1maras IP en todos sus canales&comma; podemos colocar hasta 12 c\u00e1maras IP en total. Por cada canal anal\u00f3gico TURBOHD que se apague se genera una canal IP adicional.<\/strong><\/span><\/li>\n<li><span style='font-family: verdana&comma; geneva&comma; sans-serif;'><strong>DVR pentah\u00edbrido: HD-TVI \/ HD-CVI \/ Analogico \/ IP \/ AHD.<\/strong><\/span><\/li>\n<li><span style='font-family: verdana&comma; geneva&comma; sans-serif;'>Acceso remoto: PC (WINDOWS \/ MAC)&comma; Smart Phone (iPhone&comma; iPad&comma; Android).<\/span><\/li>\n<li><span style='font-family: verdana&comma; geneva&comma; sans-serif;'>Compatibilidad con navegador Internet Explorer.<\/span><\/li>\n<li><span style='font-family: verdana&comma; geneva&comma; sans-serif;'>Software cliente multi sitio de hasta 64 canales (iVMS-4200).<\/span><\/li>\n<li><span style='font-family: verdana&comma; geneva&comma; sans-serif;'>Compatible con Hik-Connect P2P.<\/span><\/li>\n<li><span style='font-family: verdana&comma; geneva&comma; sans-serif;'>Soporta servicio DDNS Hik-Connect Domain \/ DynDNS.<\/span><\/li>\n<li><span style='font-family: verdana&comma; geneva&comma; sans-serif;'>Funciones Avanzadas: Detecci\u00f3n por cruce de l\u00ednea y detecci\u00f3n de intrusi\u00f3n.<\/span><\/li>\n<li><span style='font-family: verdana&comma; geneva&comma; sans-serif;'>1 entrada y 1 salida de audio.<\/span><\/li>\n<li><span style='font-family: verdana&comma; geneva&comma; sans-serif;'>Soporta 1 HDD de hasta 10 TB (no incluido).<\/span><\/li>\n<li><span style='font-family: verdana&comma; geneva&comma; sans-serif;'>Interfaz serial: RS-485 (HIKVISION C&comma; COAXITRON&comma; PELCO D&comma; PELCO P&comma; etc).<\/span><\/li>\n<\/ul>\n<\/p><\/div>\n<\/p><\/div>\n<div class='col-sm-4'>\n<div style='border-left: 5px solid #ff0000; border-radius: 5px; padding: 5px; box-shadow: 2px 2px 10px #d8d8d8; -webkit-box-shadow: 2px 2px 10px #d8d8d8;'><span style='font-family: verdana&comma; geneva&comma; sans-serif;'><strong>Caracter\u00edsticas F\u00edsicas y El\u00e9ctricas:<\/strong><\/span> <\/p>\n<ul>\n<li><span style='font-family: verdana&comma; geneva&comma; sans-serif;'>Alimentaci\u00f3n: 12 Vcc (fuente incluida).<\/span><\/li>\n<li><span style='font-family: verdana&comma; geneva&comma; sans-serif;'>Consumo sin HDD: 18 watts.<\/span><\/li>\n<li><span style='font-family: verdana&comma; geneva&comma; sans-serif;'>Temperatura de operaci\u00f3n: -10 \u00baC hasta 55 \u00baC.<\/span><\/li>\n<li><span style='font-family: verdana&comma; geneva&comma; sans-serif;'>Dimensiones: 315 x 242 x 45 mm (W \u00d7 D \u00d7 H)<\/span><\/li>\n<li><span style='font-family: verdana&comma; geneva&comma; sans-serif;'>Peso: 1.78 Kg sin HDD.<\/span><\/li>\n<li><span style='font-family: verdana&comma; geneva&comma; sans-serif;'><strong>Garant\u00eda: 2 A\u00f1os.<\/strong><\/span><\/li>\n<\/ul>\n<p><span style='font-family: verdana&comma; geneva&comma; sans-serif;'><strong>Compresi\u00f3n y resoluci\u00f3n:<\/strong><\/span><\/p>\n<ul>\n<li><span style='font-family: verdana&comma; geneva&comma; sans-serif;'><strong>Compresi\u00f3n: H.265+ \/ H.265 \/ H.264+ \/ H.264.<\/strong><\/span><\/li>\n<li><span style='font-family: verdana&comma; geneva&comma; sans-serif;'><strong>Soporta 8 canales TURBOHD \/ anal\u00f3gicos + 4 canales IP = 12 canales en total.<\/strong><\/span><\/li>\n<li><span style='font-family: verdana&comma; geneva&comma; sans-serif;'><strong>Soporta 5 Tecnolog\u00edas (TVI \/ AHD \/ CVI \/ CVBS \/ IP):<\/strong><\/span>\n<ul>\n<li><span style='font-family: verdana&comma; geneva&comma; sans-serif;'><strong>5 Megapixel Lite@ 15 IPS<\/strong><\/span><\/li>\n<li><span style='font-family: verdana&comma; geneva&comma; sans-serif;'><strong>3k Lite@ 15 IPS<\/strong><\/span><\/li>\n<li><span style='font-family: verdana&comma; geneva&comma; sans-serif;'><strong>4 Megapixel Lite@ 15 IPS <\/strong><\/span><span style='font-family: verdana&comma; geneva&comma; sans-serif;'><strong> <\/strong><\/span><\/li>\n<li><span style='font-family: verdana&comma; geneva&comma; sans-serif;'><strong>3 Megapixel @ 15 IPS <\/strong><\/span><\/li>\n<li><span style='font-family: verdana&comma; geneva&comma; sans-serif;'><strong>2 Megapixel @ 30 IPS<\/strong><\/span><\/li>\n<li><span style='font-family: verdana&comma; geneva&comma; sans-serif;'><strong>1 Megapixel @ 30 IPS <\/strong><\/span><\/li>\n<li><span style='font-family: verdana&comma; geneva&comma; sans-serif;'><strong>Anal\u00f3gico 1200TVL (CVBS) @ 30 IPS <\/strong><\/span><\/li>\n<li><span style='font-family: verdana&comma; geneva&comma; sans-serif;'><strong>IP hasta 6 Megapixel<\/strong><\/span><\/li>\n<\/ul>\n<\/li>\n<\/ul><\/div>\n<\/p><\/div>\n<div class='col-sm-4'>\n<div style='border-left: 5px solid #ff0000; border-radius: 5px; padding: 5px; box-shadow: 2px 2px 10px #d8d8d8; -webkit-box-shadow: 2px 2px 10px #d8d8d8;'><span style='font-family: verdana&comma; geneva&comma; sans-serif;'><strong>Caracter\u00edsticas Destacadas:<\/strong><\/span> <\/p>\n<p><span style='font-family: verdana&comma; geneva&comma; sans-serif;'>El DVR soporta 4 canales de v\u00eddeo con activaci\u00f3n de detecci\u00f3n de cuerpo humano o detecci\u00f3n de veh\u00edculos&comma; esto nos permite ser m\u00e1s precisos al momento de tener alguna grabaci\u00f3n de poder descargar cualquier otro tipo de movimientos.<\/span><\/p>\n<p><span style='font-family: verdana&comma; geneva&comma; sans-serif;'>Es necesario contemplar cu\u00e1l de los anal\u00edticos se utilizar\u00e1n ya que no es posible utilizar m\u00e1s de uno al mismo tiempo. <\/span><\/p>\n<ul>\n<li><span style='box-sizing: border-box; font-family: verdana&comma; geneva&comma; sans-serif;'>Gu\u00eda de configuraci\u00f3n filtro de humanos y veh\u00edculos click <a style='box-sizing: border-box; color: #005cb9; text-decoration: none;' href='https:\/\/soporte.syscom.mx\/es\/articles\/5388340-hikvision-acusense-guia-de-configuracion' target='_blank' rel='noopener'>aqu\u00ed<\/a><\/span><\/li>\n<\/ul>\n<p><span style='font-family: verdana&comma; geneva&comma; sans-serif;'>Soporta audio en todos sus canales por coaxitron utilizando c\u00e1maras con audio integrado (<a href='https:\/\/www.syscom.mx\/principal\/promociones\/camaras_con_audio_por_coaxitron_2_mp-5477.html?ordenar=Relevancia&#038;pag=1' target='_blank' rel='noopener'>ver modelos compatibles<\/a>). <\/span><\/p>\n<p><span style='font-family: verdana&comma; geneva&comma; sans-serif;'><span style='font-family: verdana&comma; geneva&comma; sans-serif;'>Para utilizar audio de 2 v\u00edas se recomienda colocar un micr\u00f3fono en la entrada de audio&comma; no se recomienda para audio de 2 v\u00edas una c\u00e1mara con audio por coaxitron.<\/span><\/span><\/p>\n<\/p><\/div>\n<\/p><\/div>\n<\/p><\/div>\n<div class='row'>\n<div class='col-sm-12'>\n<div style='border-left: 5px solid #ff0000; border-radius: 5px; padding: 5px; box-shadow: 2px 2px 10px #d8d8d8; -webkit-box-shadow: 2px 2px 10px #d8d8d8;'><span style='font-family: verdana&comma; geneva&comma; sans-serif;'><strong>Consideraciones:<\/strong><\/span> <\/p>\n<ul>\n<li><span style='color: #202124; font-family: Roboto&comma; sans-serif; font-size: 14px; white-space: pre-wrap; background-color: rgba(32&comma; 33&comma; 36&comma; 0.04);'>Para conectar los canales IP requiere utilizar un switch\/switch poe (no incluido)<\/span><\/li>\n<li><span style='color: #202124; font-family: Roboto&comma; sans-serif; font-size: 14px; white-space: pre-wrap; background-color: rgba(32&comma; 33&comma; 36&comma; 0.04);'><strong style='color: #000000; font-family: verdana&comma; geneva&comma; sans-serif; font-size: medium; white-space: normal;'>El audio se recibe por la se\u00f1al TVI<\/strong><\/span><\/li>\n<li><span style='font-family: verdana&comma; geneva&comma; sans-serif;'><strong>Soporta 5 Tecnolog\u00edas (TVI \/ AHD \/ CVI \/ CVBS \/ IP):<\/strong><\/span>\n<ul>\n<li><span style='font-family: verdana&comma; geneva&comma; sans-serif;'><strong>5 Megapixel Lite@ 15 IPS <\/strong><\/span><\/li>\n<li><span style='font-family: verdana&comma; geneva&comma; sans-serif;'><strong>3k Lite@ 15 IPS<\/strong><\/span><\/li>\n<li><span style='font-family: verdana&comma; geneva&comma; sans-serif;'><strong>4 Megapixel Lite@ 15 IPS <\/strong><\/span><\/li>\n<li><span style='font-family: verdana&comma; geneva&comma; sans-serif;'><strong>3 Megapixel @ 15 IPS <\/strong><\/span><\/li>\n<li><span style='font-family: verdana&comma; geneva&comma; sans-serif;'><strong>2 Megapixel @ 30 IPS<\/strong><\/span><\/li>\n<li><span style='font-family: verdana&comma; geneva&comma; sans-serif;'><strong>1 Megapixel @ 30 IPS <\/strong><\/span><\/li>\n<li><span style='font-family: verdana&comma; geneva&comma; sans-serif;'><strong>Anal\u00f3gico 1200TVL (CVBS) @ 30 IPS <\/strong><\/span><\/li>\n<li><span style='font-family: verdana&comma; geneva&comma; sans-serif;'><strong>IP hasta 6 Megapixel<\/strong><\/span><\/li>\n<li><span style='color: #ff0000;'><span style='font-family: verdana&comma; geneva&comma; sans-serif;'><strong>Nota: Acepta c\u00e1maras de 5MP&comma; 2MP y 1MP en todos sus canales BNC (C\u00e1maras de 3MP solo en el canal 1 y 2).<\/strong><\/span><\/span><\/li>\n<\/ul>\n<\/li>\n<li><span style='color: #202124; font-family: Roboto&comma; sans-serif; font-size: 14px; white-space: pre-wrap; background-color: rgba(32&comma; 33&comma; 36&comma; 0.04);'><strong style='color: #000000; font-family: verdana&comma; geneva&comma; sans-serif; font-size: medium; white-space: normal;'><strong style='box-sizing: border-box; color: #333333; font-size: 14px; background-color: #ffffff;'>Los equipos con AcuSense pueden llegar a filtrar hasta el 95% de falsas alarmas&comma; la eficacia del filtrado depende de la distancia &#8211; \u00e1ngulo de visi\u00f3n del objetivo y la c\u00e1mara. Algunas mascotas&comma; insectos pueden generar alertamientos basados en lo anterior.<\/strong><\/strong><\/span><\/li>\n<\/ul><\/div>\n<\/p><\/div>\n<\/p><\/div>\n<p> <!-------------------------------------------------------Descarga de recursos------------------------------------------------ --> <\/p>\n<h1 style='text-align: center;'><strong><span style='font-family: verdana&comma; geneva&comma; sans-serif;'>Recursos<\/span><\/strong><\/h1>\n<\/p>\n<div class='row default_margin_bottom'>\n<div class='col-sm-4'><a href='https:\/\/www.hikvision.com\/es-la\/support\/download\/software\/ivms4200-series\/?q=serie%20ivms4200&#038;position=1' target='_blank' rel='noopener'><img class='img-responsive' src='https:\/\/ftp3.syscom.mx\/usuarios\/gmagos\/HIK\/IP\/IPC\/Imagenes%20pagina\/Descargas%20IVMS4200.jpg' \/><\/a><\/div>\n<div class='col-sm-4'><a href='https:\/\/appstore.hikvision.com\/' target='_blank' rel='noopener'><img class='img-responsive' src='https:\/\/ftp3.syscom.mx\/usuarios\/gmagos\/HIK\/IP\/IPC\/Imagenes%20pagina\/Descargas%20de%20app.jpg' \/><\/a><\/div>\n<div class='col-sm-4'><a href='https:\/\/ftp3.syscom.mx\/usuarios\/ftp\/2020\/04\/15\/eb10b\/Especificaciones%20iDS-7200HQHI-M1S.pdf' target='_blank' rel='noopener'><img class='img-responsive' src='https:\/\/ftp3.syscom.mx\/usuarios\/gmagos\/HIK\/IP\/IPC\/Imagenes%20pagina\/Descarga%20de%20PDF.jpg' \/><\/a><\/div>\n<\/p><\/div>\n<\/p>\n<p> <!------------------------------------------------------fin de descarga de recursos--------------------------------------------------- --> <\/p>\n<p><img src='https:\/\/ftp3.syscom.mx\/usuarios\/fotos\/S04TURBOG3\/195128-explicaci\u00f3n_acusense_turbohd.jpeg' alt='' width='100%' \/><\/p>\n<p><span style='font-family: verdana&comma; geneva&comma; sans-serif;'><img class='fr-fic fr-dii' style='width: 50%; display: block; margin-left: auto; margin-right: auto;' src='https:\/\/ftp3.syscom.mx\/usuarios\/jsosa\/HIKVISION\/imagenes\/Acusense%20Icon.png' \/><\/span><\/p>\n<p><span style='font-family: verdana&comma; geneva&comma; sans-serif;'>Tecnolog\u00eda AcuSense <\/span><\/p>\n<p><span style='font-family: verdana&comma; geneva&comma; sans-serif;'>La tecnolog\u00eda AcuSense se basa en el algoritmo <em><strong>Deep Learning<\/strong><\/em> de Hikvision. Los algoritmos de <strong><em>Deep Learning<\/em><\/strong> son mucho m\u00e1s profundos que los algoritmos inteligentes convencionales&comma; que solo operan de forma superficial. Estos realizan aprendizaje de caracter\u00edsticas&comma; proporcionando un rendimiento de an\u00e1lisis de contenido de v\u00eddeo (VCA) asombrosamente preciso y consistente.<\/span><\/p>\n<p><span style='font-family: verdana&comma; geneva&comma; sans-serif;'>AcuSense es capaz de diferenciar&comma; con gran precisi\u00f3n&comma; un cuerpo humano y un veh\u00edculo en un escenario con una gran cantidad de objetos. No solo puede detectar la intrusi\u00f3n humana y del veh\u00edculo&comma; sino que tambi\u00e9n puede filtrar falsas alarmas que podr\u00edan haber sido disparadas por objetos en movimiento que no presentan un riesgo.<\/span><\/p>\n<p><span style='font-family: verdana&comma; geneva&comma; sans-serif;'>La tecnolog\u00eda tambi\u00e9n brinda una funci\u00f3n de b\u00fasqueda de objetivos poderosa y r\u00e1pida que es capaz de analizar grabaciones y seleccionar todas las im\u00e1genes humanas o de veh\u00edculos que se vinculan al video clip relacionado.<\/span><\/p>\n<p><span style='font-family: verdana&comma; geneva&comma; sans-serif;'>(<a href='https:\/\/ftp3.syscom.mx\/usuarios\/jsosa\/HIKVISION\/presentaciones\/Presentation%20Turbo%20HD%205.0.pdf' target='_blank' rel='noopener'>Ver presentaci\u00f3n AcuSense<\/a>)<\/span><\/p>\n<\/p>\n<div class='row'>\n<div class='col-sm-6 col-md-4'>\n<p><img class='fr-fic fr-dii' style='width: 100%;' src='https:\/\/ftp3.syscom.mx\/usuarios\/jsosa\/josesosa\/Imagenes\/acusense1.jpg' \/><\/p>\n<\/p><\/div>\n<div class='col-sm-6 col-md-4'>\n<p><img class='fr-fic fr-dii' style='width: 100%;' src='https:\/\/ftp3.syscom.mx\/usuarios\/jsosa\/josesosa\/Imagenes\/acusense2.jpg' \/><\/p>\n<\/p><\/div>\n<div class='col-sm-6 col-md-4'>\n<p><img class='fr-fic fr-dii' style='width: 100%;' src='https:\/\/ftp3.syscom.mx\/usuarios\/jsosa\/josesosa\/Imagenes\/acusense3.jpg' \/><\/p>\n<\/p><\/div>\n<\/p><\/div>\n<\/p>\n<div class='row'>\n<div class='col-sm-6 col-md-4'>\n<div class='embed-responsive embed-responsive-16by9'>\n<p><img class='fr-fic fr-dii' style='width: 100%;' src='https:\/\/ftp3.syscom.mx\/usuarios\/paginaweb\/Gifs\/Zi7LTq5.gif' \/><\/p>\n<\/p><\/div>\n<\/p><\/div>\n<div class='col-sm-6 col-md-4'>\n<div class='embed-responsive embed-responsive-16by9'>\n<p><img class='fr-fic fr-dii' style='width: 60%; display: block; margin-left: auto; margin-right: auto;' src='https:\/\/ftp3.syscom.mx\/usuarios\/fotos\/DS7208HQHIK1\/97560-pentahi.jpg' \/><\/p>\n<\/p><\/div>\n<\/p><\/div>\n<div class='col-sm-6 col-md-4'>\n<div class='embed-responsive embed-responsive-16by9'>\n<p><img class='fr-fic fr-dii' style='width: 100%;' src='https:\/\/ftp3.syscom.mx\/usuarios\/paginaweb\/Gifs\/tq5yYz4.gif' \/><\/p>\n<\/p><\/div>\n<\/p><\/div>\n<\/p><\/div>\n<\/p>\n<h2><strong><span style='font-family: verdana&comma; geneva&comma; sans-serif;'>\u00bfQue es H.265+?<\/span><\/strong><\/h2>\n<p><span style='font-family: verdana&comma; geneva&comma; sans-serif;'>Es un formato de compresi\u00f3n inteligente que <strong>permite ahorrar hasta 80% de almacenamiento y ancho de banda<\/strong>&comma; para que la compresi\u00f3n se pueda activa debemos de contar con c\u00e1mara IP y NVR que soporten el mismo formato de compresi\u00f3n.<\/span><\/p>\n<\/p>\n<div class='row'>\n<div class='col-sm-6 col-md-4'>\n<p style='text-align: center;'><span style='font-family: verdana&comma; geneva&comma; sans-serif;'>80% menos consumo que H.264<\/span><\/p>\n<p><span style='font-family: verdana&comma; geneva&comma; sans-serif;'><img class='fr-fic fr-dii' style='width: 100%;' src='https:\/\/3.bp.blogspot.com\/-c6ufw54r2xk\/WW_f4nkqWQI\/AAAAAAAAKVY\/I0edD6XJMPM-KppoJFsy-aINcLNxg6opQCEwYBhgL\/s400\/primero.tiff' \/><\/span><\/p>\n<\/p><\/div>\n<div class='col-sm-6 col-md-4'>\n<p style='text-align: center;'><span style='font-family: verdana&comma; geneva&comma; sans-serif;'>Mismo dias de almacenamiento pero con menos discos duros<\/span><\/p>\n<p><span style='font-family: verdana&comma; geneva&comma; sans-serif;'><img class='fr-fic fr-dii' style='width: 100%;' src='https:\/\/1.bp.blogspot.com\/-tJoVn4NunDQ\/WW_f4qn0b0I\/AAAAAAAAKVU\/8aiRMT3NK0wg2s2bSbQI7zAQrjGN0ZJ5wCEwYBhgL\/s400\/tercero.tiff' \/><\/span><\/p>\n<\/p><\/div>\n<div class='col-sm-6 col-md-4'>\n<p style='text-align: center;'><span style='font-family: verdana&comma; geneva&comma; sans-serif;'>Hasta 20 c\u00e1maras Full HD tiempo real en un ancho de banda de 20Mbps<\/span><\/p>\n<p><span style='font-family: verdana&comma; geneva&comma; sans-serif;'><img class='fr-fic fr-dii' style='width: 100%;' src='https:\/\/2.bp.blogspot.com\/-4pPL-F39Ka4\/WW_f4Tqv-nI\/AAAAAAAAKVQ\/URQf8vDTvxM1pHB9hbg_DvHTemJ-B7isgCEwYBhgL\/s400\/segundo.tiff' \/><\/span><\/p>\n<\/p><\/div>\n<\/p><\/div>\n<\/p>\n<p><img class='fr-fic fr-dii' style='width: 100%;' src='https:\/\/ftp3.syscom.mx\/usuarios\/jsosa\/josesosa\/Imagenes\/menosconsumoh.jpg' \/><\/p>\n<\/p>\n<p><img class='fr-fic fr-dii' style='width: 100%;' src='https:\/\/ftp3.syscom.mx\/usuarios\/jsosa\/HIKVISION\/imagenes\/banners\/solution%20complete.png' \/><\/p><\/p>\n","protected":false},"excerpt":{"rendered":"<p>DVR 8 Canales TurboHD + 4 Canales IP \/ 5 Megapixel &#8211; 3K Lite \/ Acusense (Evita Falsas Alarmas) \/ Audio por Coaxitron \/ 1 Bah\u00eda de Disco Duro \/ H.265+ \/ Salida de Video en Full HD<\/p>\n","protected":false},"featured_media":113602,"comment_status":"open","ping_status":"closed","template":"","meta":[],"product_brand":[],"product_cat":[2254],"product_tag":[2255,54,2256],"class_list":{"0":"post-113603","1":"product","2":"type-product","3":"status-publish","4":"has-post-thumbnail","6":"product_cat-videograbadoras-analogicas-turbohd-tvi-ahd-cvi","7":"product_tag-camaras-y-dvrs-hd-turbohd-ahd-hd-tvi","8":"product_tag-hikvision","9":"product_tag-videograbadoras-analogicas-turbohd-tvi-ahd-cvi","11":"first","12":"outofstock","13":"sale","14":"shipping-taxable","15":"purchasable","16":"product-type-simple"},"_links":{"self":[{"href":"https:\/\/soydeaqui.ddns.net\/pachuca\/index.php\/wp-json\/wp\/v2\/product\/113603","targetHints":{"allow":["GET"]}}],"collection":[{"href":"https:\/\/soydeaqui.ddns.net\/pachuca\/index.php\/wp-json\/wp\/v2\/product"}],"about":[{"href":"https:\/\/soydeaqui.ddns.net\/pachuca\/index.php\/wp-json\/wp\/v2\/types\/product"}],"replies":[{"embeddable":true,"href":"https:\/\/soydeaqui.ddns.net\/pachuca\/index.php\/wp-json\/wp\/v2\/comments?post=113603"}],"wp:featuredmedia":[{"embeddable":true,"href":"https:\/\/soydeaqui.ddns.net\/pachuca\/index.php\/wp-json\/wp\/v2\/media\/113602"}],"wp:attachment":[{"href":"https:\/\/soydeaqui.ddns.net\/pachuca\/index.php\/wp-json\/wp\/v2\/media?parent=113603"}],"wp:term":[{"taxonomy":"product_brand","embeddable":true,"href":"https:\/\/soydeaqui.ddns.net\/pachuca\/index.php\/wp-json\/wp\/v2\/product_brand?post=113603"},{"taxonomy":"product_cat","embeddable":true,"href":"https:\/\/soydeaqui.ddns.net\/pachuca\/index.php\/wp-json\/wp\/v2\/product_cat?post=113603"},{"taxonomy":"product_tag","embeddable":true,"href":"https:\/\/soydeaqui.ddns.net\/pachuca\/index.php\/wp-json\/wp\/v2\/product_tag?post=113603"}],"curies":[{"name":"wp","href":"https:\/\/api.w.org\/{rel}","templated":true}]}}