{"id":113501,"date":"2026-03-20T22:42:26","date_gmt":"2026-03-20T22:42:26","guid":{"rendered":"https:\/\/soydeaqui.ddns.net\/pachuca\/index.php\/producto\/tiralineas-profesional-inoxidable-de-30-metros\/"},"modified":"2026-03-20T22:42:29","modified_gmt":"2026-03-20T22:42:29","slug":"tiralineas-profesional-inoxidable-de-30-metros","status":"publish","type":"product","link":"https:\/\/soydeaqui.ddns.net\/pachuca\/index.php\/producto\/tiralineas-profesional-inoxidable-de-30-metros\/","title":{"rendered":"Tiralineas profesional inoxidable de  30 metros."},"content":{"rendered":"<div style='width: 100%; max-width: 1200px; margin: 0 auto; font-family: sans-serif; line-height: 1.6; color: inherit; background-color: transparent;'>\n<div style='display: flex; flex-wrap: wrap; gap: 30px; margin-bottom: 30px;'>\n<div style='flex: 1 1 300px; min-width: 280px;'>\n<h3 style='font-size: 22px; border-bottom: 2px solid currentColor; padding-bottom: 5px; margin-top: 0; color: inherit; opacity: 0.8;'>Caracter\u00edsticas<\/h3>\n<ul style='padding-left: 20px; font-size: 15px; color: inherit;'>\n<li style='margin-bottom: 5px;'>Tiral\u00edneas Profesional de 30mts (100)<\/li>\n<li style='margin-bottom: 5px;'>Capacidad de tiza: 4oz (13grs)<\/li>\n<li style='margin-bottom: 5px;'>Cuerpo bimaterial de Acero Inoxidable y TPR<\/li>\n<li style='margin-bottom: 5px;'>Rebobinado 6X1 m\u00e1s r\u00e1pido con mecanismo de bloqueo<\/li>\n<li style='margin-bottom: 5px;'>Incluye nivel retr\u00e1ctil que entra dentro del tiral\u00edneas<\/li>\n<li style='margin-bottom: 5px;'>Hilo de poli\u00e9ster resistente al rompimiento y de f\u00e1cil absorci\u00f3n de tiza<\/li>\n<li style='margin-bottom: 5px;'>Gancho met\u00e1lico en el extremo&comma; permite fijarse en clavos y repisas&comma; se incrusta en tabla roca<\/li>\n<li style='margin-bottom: 5px;'><strong>Dimensiones (ancho&comma; largo&comma; alto):<\/strong> 28.20 x 5.80 x 16.40<\/li>\n<li style='margin-bottom: 5px;'><strong>Longitud de hilo:<\/strong> 30 m<\/li>\n<li style='margin-bottom: 5px;'><strong>Contenedor para tiza:<\/strong> 4 oz (113g)<\/li>\n<li style='margin-bottom: 5px;'><strong>Incluye:<\/strong> nivel de hilo<\/li>\n<li style='margin-bottom: 5px;'><strong>Material hilo:<\/strong> poli\u00e9ster<\/li>\n<li style='margin-bottom: 5px;'><strong>Tipo de mango:<\/strong> plegable<\/li>\n<li style='margin-bottom: 5px;'><strong>Material de cuerpo:<\/strong> bimaterial de acero inoxidable y TPR<\/li>\n<\/ul><\/div>\n<\/p><\/div>\n<\/p><\/div>\n","protected":false},"excerpt":{"rendered":"<p>Tiralineas profesional inoxidable de  30 metros.<\/p>\n","protected":false},"featured_media":113500,"comment_status":"open","ping_status":"closed","template":"","meta":[],"product_brand":[],"product_cat":[24],"product_tag":[26,25,446],"class_list":{"0":"post-113501","1":"product","2":"type-product","3":"status-publish","4":"has-post-thumbnail","6":"product_cat-accesorios-de-instalacion","7":"product_tag-accesorios-de-instalacion","8":"product_tag-herramientas","9":"product_tag-surtek","11":"first","12":"outofstock","13":"sale","14":"shipping-taxable","15":"purchasable","16":"product-type-simple"},"_links":{"self":[{"href":"https:\/\/soydeaqui.ddns.net\/pachuca\/index.php\/wp-json\/wp\/v2\/product\/113501","targetHints":{"allow":["GET"]}}],"collection":[{"href":"https:\/\/soydeaqui.ddns.net\/pachuca\/index.php\/wp-json\/wp\/v2\/product"}],"about":[{"href":"https:\/\/soydeaqui.ddns.net\/pachuca\/index.php\/wp-json\/wp\/v2\/types\/product"}],"replies":[{"embeddable":true,"href":"https:\/\/soydeaqui.ddns.net\/pachuca\/index.php\/wp-json\/wp\/v2\/comments?post=113501"}],"wp:featuredmedia":[{"embeddable":true,"href":"https:\/\/soydeaqui.ddns.net\/pachuca\/index.php\/wp-json\/wp\/v2\/media\/113500"}],"wp:attachment":[{"href":"https:\/\/soydeaqui.ddns.net\/pachuca\/index.php\/wp-json\/wp\/v2\/media?parent=113501"}],"wp:term":[{"taxonomy":"product_brand","embeddable":true,"href":"https:\/\/soydeaqui.ddns.net\/pachuca\/index.php\/wp-json\/wp\/v2\/product_brand?post=113501"},{"taxonomy":"product_cat","embeddable":true,"href":"https:\/\/soydeaqui.ddns.net\/pachuca\/index.php\/wp-json\/wp\/v2\/product_cat?post=113501"},{"taxonomy":"product_tag","embeddable":true,"href":"https:\/\/soydeaqui.ddns.net\/pachuca\/index.php\/wp-json\/wp\/v2\/product_tag?post=113501"}],"curies":[{"name":"wp","href":"https:\/\/api.w.org\/{rel}","templated":true}]}}