{"id":113409,"date":"2026-03-20T22:37:21","date_gmt":"2026-03-20T22:37:21","guid":{"rendered":"https:\/\/soydeaqui.ddns.net\/pachuca\/index.php\/producto\/switch-gigabit-poe-no-administrable-16-puertos-1000-mbps-poe-4-puertos-poe-90-w-2-puertos-1000-mbps-uplink-2-puertos-sfp-de-uplink-modo-extendido-hasta-300-metros-225-w\/"},"modified":"2026-03-20T22:37:31","modified_gmt":"2026-03-20T22:37:31","slug":"switch-gigabit-poe-no-administrable-16-puertos-1000-mbps-poe-4-puertos-poe-90-w-2-puertos-1000-mbps-uplink-2-puertos-sfp-de-uplink-modo-extendido-hasta-300-metros-225-w","status":"publish","type":"product","link":"https:\/\/soydeaqui.ddns.net\/pachuca\/index.php\/producto\/switch-gigabit-poe-no-administrable-16-puertos-1000-mbps-poe-4-puertos-poe-90-w-2-puertos-1000-mbps-uplink-2-puertos-sfp-de-uplink-modo-extendido-hasta-300-metros-225-w\/","title":{"rendered":"Switch Gigabit PoE+ \/ No Administrable \/ 16 Puertos 1000 Mbps PoE+ (4 Puertos PoE++ 90 W) \/ 2 Puertos 1000 Mbps Uplink + 2 Puertos SFP de Uplink \/ Modo Extendido hasta 300 Metros \/ 225 W"},"content":{"rendered":"<div style='width: 100%; max-width: 1200px; margin: 0 auto; font-family: sans-serif; line-height: 1.6; color: inherit; background-color: transparent;'>\n<p style='text-align: center; margin: 0; padding: 20px 0;'><img style='width: 45%; height: auto; border: 1px solid rgba(150&comma;150&comma;150&comma;0.3); border-radius: 8px;' src='https:\/\/ftp3.syscom.mx\/usuarios\/jsosa\/HIKVISION\/imagenes\/logo\/hikvision%20see%20far.png' alt='Logo Hikvision'><\/p>\n<div style='display: flex; flex-wrap: wrap; gap: 30px; margin-top: 30px;'>\n<div style='flex: 1 1 450px; min-width: 300px;'>\n<div style='border: 1px solid rgba(150&comma; 150&comma; 150&comma; 0.4); border-radius: 8px; overflow: hidden;'>\n<div style='padding: 15px; background: #df001e; color: #ffffff; font-size: 18px; font-weight: bold; border-bottom: 1px solid rgba(150&comma; 150&comma; 150&comma; 0.2);'>Caracter\u00edsticas Principales:<\/div>\n<div style='padding: 15px;'>\n<ul style='padding-left: 20px; margin: 0; font-size: 14px; list-style-type: disc;'>\n<li style='margin-bottom: 5px; color: inherit;'>Switch de 16 puertos 10\/100\/1000 Mbps PoE<\/li>\n<li style='margin-bottom: 5px; color: inherit;'>2 Puertos Uplink RJ45 10\/100\/1000<\/li>\n<li style='margin-bottom: 5px; color: inherit;'>2 Puertos SFP<\/li>\n<li style='margin-bottom: 5px; color: inherit;'>Modo Extendido HASTA 300 Metros<\/li>\n<li style='margin-bottom: 5px; color: inherit;'>Optimizaci\u00f3n de buffer para garantizar la transmisi\u00f3n de video<\/li>\n<li style='margin-bottom: 5px; color: inherit; font-weight: bold;'>NO CUENTA CON INTERFAZ WEB<\/li>\n<li style='margin-bottom: 5px; color: inherit; font-weight: bold;'>Tasa de reenv\u00edo de paquetes 26.76 MPPS<\/li>\n<\/ul><\/div>\n<\/p><\/div>\n<\/p><\/div>\n<div style='flex: 1 1 450px; min-width: 300px;'>\n<div style='border: 1px solid rgba(150&comma; 150&comma; 150&comma; 0.4); border-radius: 8px; overflow: hidden;'>\n<div style='padding: 15px; background: #df001e; color: #ffffff; font-size: 18px; font-weight: bold; border-bottom: 1px solid rgba(150&comma; 150&comma; 150&comma; 0.2);'>Caracter\u00edsticas F\u00edsicas y El\u00e9ctricas:<\/div>\n<div style='padding: 15px;'>\n<ul style='padding-left: 20px; margin: 0; font-size: 14px; list-style-type: disc;'>\n<li style='margin-bottom: 5px; color: inherit;'>Capacidad m\u00e1xima de Watts: 225 W<\/li>\n<li style='margin-bottom: 5px; color: inherit;'>Temperatura M\u00e1xima de operaci\u00f3n: -0 \u00b0C a 45 \u00b0C<\/li>\n<li style='margin-bottom: 5px; color: inherit;'>1-4 puertos PoE 802.3af\/at\/bt (hasta 90 W)<\/li>\n<li style='margin-bottom: 5px; color: inherit;'>5-16 puertos PoE 802.3af\/at (hasta 30 W)<\/li>\n<li style='margin-bottom: 5px; color: inherit;'>Alimentaci\u00f3n: 100~240 V AC&comma; 4 A<\/li>\n<li style='margin-bottom: 5px; color: inherit;'>Dimensiones: 440.0 mm \u00d7 44.0 mm \u00d7 220.8 mm<\/li>\n<li style='margin-bottom: 5px; color: inherit;'>Peso: 3.60 Kg<\/li>\n<\/ul><\/div>\n<\/p><\/div>\n<\/p><\/div>\n<\/p><\/div>\n<div style='margin-top: 30px;'>\n<div style='border: 1px solid rgba(150&comma; 150&comma; 150&comma; 0.4); border-radius: 8px; overflow: hidden;'>\n<div style='padding: 15px; background: #df001e; color: #ffffff; font-size: 18px; font-weight: bold; border-bottom: 1px solid rgba(150&comma; 150&comma; 150&comma; 0.2);'>Caracter\u00edsticas Avanzadas<\/div>\n<div style='padding: 15px;'>\n<ul style='padding-left: 20px; margin: 0; font-size: 14px; list-style-type: disc;'>\n<li style='margin-bottom: 5px; color: inherit; font-weight: bold;'>Aislado de puertos<\/li>\n<li style='margin-bottom: 5px; color: inherit; font-weight: bold;'>PoE Watchdog<\/li>\n<\/ul><\/div>\n<\/p><\/div>\n<\/p><\/div>\n<div style='margin-top: 30px;'>\n<div style='border: 1px solid rgba(150&comma; 150&comma; 150&comma; 0.4); border-radius: 8px; overflow: hidden;'>\n<div style='padding: 15px; background: #df001e; color: #ffffff; font-size: 18px; font-weight: bold; border-bottom: 1px solid rgba(150&comma; 150&comma; 150&comma; 0.2);'>Consideraciones<\/div>\n<div style='padding: 15px;'>\n<ul style='padding-left: 20px; margin: 0; font-size: 14px; list-style-type: disc;'>\n<li style='margin-bottom: 5px; color: inherit;'>Nota: Las distancias del modo extendido pueden variar seg\u00fan las condiciones de instalaci\u00f3n y los dispositivos utilizados&comma; es necesario usar cable UTP CAT 6 100% COBRE<\/li>\n<li style='margin-bottom: 5px; color: inherit;'>El switch suministra PoE Estandarizado (PoE Activo) no puede alimentar equipos que manejen PoE Pasivo<\/li>\n<li style='margin-bottom: 5px; color: inherit; font-weight: bold;'>NO CUENTA CON INTERFAZ WEB<\/li>\n<li style='margin-bottom: 5px; color: #e74c3c; font-weight: bold;'>Montable en rack<\/li>\n<\/ul><\/div>\n<\/p><\/div>\n<\/p><\/div>\n<div style='margin-top: 30px;'>\n<h3 style='font-size: 20px; border-bottom: 2px solid currentColor; padding-bottom: 5px; margin-top: 0; color: inherit; opacity: 0.8;'>Distancias Modo Extendido<\/h3>\n<p style='text-align: center; margin: 20px 0 0 0; padding: 0;'> <img style='width: 100%; height: auto; border: 1px solid rgba(150&comma;150&comma;150&comma;0.3); border-radius: 8px;' src='https:\/\/ftp3.syscom.mx\/usuarios\/jsosa\/HIKVISION\/redes\/poeextended.PNG' alt='Distancias Modo Extendido'> <\/p>\n<\/p><\/div>\n<div style='margin-top: 30px;'>\n<h3 style='font-size: 20px; border-bottom: 2px solid currentColor; padding-bottom: 5px; margin-top: 0; color: inherit; opacity: 0.8;'>Funcionamiento PoE Extended<\/h3>\n<p style='margin-top: 15px; color: inherit;'>Los Switches PoE de Hikvision permiten al momento de utilizar un extensor PoE Hikvision modelo <a href='https:\/\/www.syscom.mx\/producto\/DS-3E0103DP-E-R-HIKVISION-230170.html' style='color: #df001e; text-decoration: none;'>DS-3E0103DP-E\/R<\/a> o <a href='https:\/\/www.syscom.mx\/producto\/DS-3E0503DP-E-R-HIKVISION-230171.html' style='color: #df001e; text-decoration: none;'>DS-3E0503DP-E\/R<\/a> alcanzar distancias de hasta <strong style='color: inherit;'>200 metros<\/strong><\/p>\n<p style='text-align: center; margin: 20px 0 0 0; padding: 0;'> <img style='width: 100%; height: auto; border: 1px solid rgba(150&comma;150&comma;150&comma;0.3); border-radius: 8px;' src='https:\/\/ftp3.syscom.mx\/usuarios\/alexh\/Hikvision\/imagen\/Distancias.PNG' alt='Funcionamiento PoE Extended'> <\/p>\n<\/p><\/div>\n<\/p><\/div>\n","protected":false},"excerpt":{"rendered":"<p>Switch Gigabit PoE+ \/ No Administrable \/ 16 Puertos 1000 Mbps PoE+ (4 Puertos PoE++ 90 W) \/ 2 Puertos 1000 Mbps Uplink + 2 Puertos SFP de Uplink \/ Modo Extendido hasta 300 Metros \/ 225 W<\/p>\n","protected":false},"featured_media":113408,"comment_status":"open","ping_status":"closed","template":"","meta":[],"product_brand":[],"product_cat":[1986],"product_tag":[54,664,1987],"class_list":{"0":"post-113409","1":"product","2":"type-product","3":"status-publish","4":"has-post-thumbnail","6":"product_cat-switches-poe","7":"product_tag-hikvision","8":"product_tag-networking","9":"product_tag-switches-poe","11":"first","12":"outofstock","13":"sale","14":"shipping-taxable","15":"purchasable","16":"product-type-simple"},"_links":{"self":[{"href":"https:\/\/soydeaqui.ddns.net\/pachuca\/index.php\/wp-json\/wp\/v2\/product\/113409","targetHints":{"allow":["GET"]}}],"collection":[{"href":"https:\/\/soydeaqui.ddns.net\/pachuca\/index.php\/wp-json\/wp\/v2\/product"}],"about":[{"href":"https:\/\/soydeaqui.ddns.net\/pachuca\/index.php\/wp-json\/wp\/v2\/types\/product"}],"replies":[{"embeddable":true,"href":"https:\/\/soydeaqui.ddns.net\/pachuca\/index.php\/wp-json\/wp\/v2\/comments?post=113409"}],"wp:featuredmedia":[{"embeddable":true,"href":"https:\/\/soydeaqui.ddns.net\/pachuca\/index.php\/wp-json\/wp\/v2\/media\/113408"}],"wp:attachment":[{"href":"https:\/\/soydeaqui.ddns.net\/pachuca\/index.php\/wp-json\/wp\/v2\/media?parent=113409"}],"wp:term":[{"taxonomy":"product_brand","embeddable":true,"href":"https:\/\/soydeaqui.ddns.net\/pachuca\/index.php\/wp-json\/wp\/v2\/product_brand?post=113409"},{"taxonomy":"product_cat","embeddable":true,"href":"https:\/\/soydeaqui.ddns.net\/pachuca\/index.php\/wp-json\/wp\/v2\/product_cat?post=113409"},{"taxonomy":"product_tag","embeddable":true,"href":"https:\/\/soydeaqui.ddns.net\/pachuca\/index.php\/wp-json\/wp\/v2\/product_tag?post=113409"}],"curies":[{"name":"wp","href":"https:\/\/api.w.org\/{rel}","templated":true}]}}