{"id":113014,"date":"2026-03-20T22:14:45","date_gmt":"2026-03-20T22:14:45","guid":{"rendered":"https:\/\/soydeaqui.ddns.net\/pachuca\/index.php\/producto\/bobina-de-cable-utp-305-m-de-cobre-tx6000-pannet-reelex-blanco-categoria-6-mejorado-23-awg-lszh-bajo-humo-cero-halogenos-de-4-pares\/"},"modified":"2026-03-20T22:14:48","modified_gmt":"2026-03-20T22:14:48","slug":"bobina-de-cable-utp-305-m-de-cobre-tx6000-pannet-reelex-blanco-categoria-6-mejorado-23-awg-lszh-bajo-humo-cero-halogenos-de-4-pares","status":"publish","type":"product","link":"https:\/\/soydeaqui.ddns.net\/pachuca\/index.php\/producto\/bobina-de-cable-utp-305-m-de-cobre-tx6000-pannet-reelex-blanco-categoria-6-mejorado-23-awg-lszh-bajo-humo-cero-halogenos-de-4-pares\/","title":{"rendered":"Bobina de Cable UTP 305 m. de Cobre, TX6000\u2122 PanNet, Reelex, Blanco, Categor\u00eda 6 Mejorado (23 AWG), LSZH (Bajo Humo, Cero Hal\u00f3genos), de 4 pares"},"content":{"rendered":"<div style='width: 100%; max-width: 1200px; margin: 0 auto; font-family: sans-serif; line-height: 1.6; color: inherit; background-color: transparent;'>\n<div style='display: flex; flex-wrap: wrap; gap: 30px; margin-bottom: 30px;'>\n<div style='flex: 1 1 300px; min-width: 280px;'>\n<h3 style='font-size: 22px; border-bottom: 2px solid currentColor; padding-bottom: 5px; margin-top: 0; color: inherit; opacity: 0.8;'>Caracter\u00edsticas principales<\/h3>\n<ul style='padding-left: 20px; font-size: 15px; color: inherit;'>\n<li style='margin-bottom: 5px;'>Los sistemas de cableado de cobre Panduit \u2122 TX6000\u2122 U\/UTP est\u00e1n dise\u00f1ados para un rendimiento \u00f3ptimo de la red&comma; flexibilidad de dise\u00f1o y confiabilidad para proteger las inversiones de la red en el futuro.<\/li>\n<li style='margin-bottom: 5px;'>Cada sistema proporciona a los usuarios una garant\u00eda de espacio libre que exceder\u00e1 los est\u00e1ndares ANSI\/TIA-568-2.D Categor\u00eda 6 e ISO 11801 Edici\u00f3n 2.1 Clase E para los siguientes par\u00e1metros el\u00e9ctricos clave: p\u00e9rdida de inserci\u00f3n (IL)&comma; diafon\u00eda de extremo cercano (NEXT)&comma; Power Sum NEXT&comma; ACR-N&comma; Power Sum ACR-N&comma; ACR-F&comma; Power Sum ACR-F y p\u00e9rdida de retorno.<\/li>\n<li style='margin-bottom: 5px;'>Tiene marcas de longitud del cable descendentes&comma; lo que facilita la identificaci\u00f3n del cable restante&comma; reduciendo el tiempo de instalaci\u00f3n y desperdicio de cable.<\/li>\n<li style='margin-bottom: 5px;'>Cuenta con una cinta divisioria que separa los pares trenzados para proporcionar un rendimiento robusto. Con una atenuaci\u00f3n reducida&comma; maximiza la cantidad de se\u00f1al que llega al receptor al igual que el ancho de banda.<\/li>\n<\/ul><\/div>\n<\/p><\/div>\n<div style='display: flex; flex-wrap: wrap; gap: 20px; margin-bottom: 30px;'>\n<div style='flex: 1 1 250px; border: 1px solid rgba(150&comma; 150&comma; 150&comma; 0.4); border-radius: 8px; overflow: hidden; display: flex; flex-direction: column;'>\n<div style='padding: 15px; border-bottom: 1px solid rgba(150&comma; 150&comma; 150&comma; 0.2); font-weight: bold; font-size: 18px; color: inherit;'>Aplicaciones<\/div>\n<div style='padding: 15px; color: inherit;'>\n<ul style='padding-left: 20px; margin: 0; font-size: 14px; list-style-type: disc;'>\n<li style='margin-bottom: 5px;'>Redes Voz\/Datos\/Video de Alta Velocidad<\/li>\n<li style='margin-bottom: 5px;'>Instalaciones CCTV IP Megapixel&comma; TurboHD(TVI)<\/li>\n<li style='margin-bottom: 5px;'>Redes inal\u00e1mbricas<\/li>\n<li style='margin-bottom: 5px;'>Aplicaciones Power over Ethernet IEEE 802.3af y 802.3at<\/li>\n<\/ul><\/div>\n<\/p><\/div>\n<div style='flex: 1 1 250px; border: 1px solid rgba(150&comma; 150&comma; 150&comma; 0.4); border-radius: 8px; overflow: hidden; display: flex; flex-direction: column;'>\n<div style='padding: 15px; border-bottom: 1px solid rgba(150&comma; 150&comma; 150&comma; 0.2); font-weight: bold; font-size: 18px; color: inherit;'>Especificaciones t\u00e9cnicas<\/div>\n<div style='padding: 15px; color: inherit;'>\n<ul style='padding-left: 20px; margin: 0; font-size: 14px; list-style-type: disc;'>\n<li style='margin-bottom: 5px;'><strong>Rendimiento el\u00e9ctrico:<\/strong> Rendimiento certificado hasta 100 metros<\/li>\n<li style='margin-bottom: 5px;'><strong>Color:<\/strong> Azul<\/li>\n<li style='margin-bottom: 5px;'><strong>Conductor:<\/strong> Cobre s\u00f3lido 23 AWG aislado con pol\u00edmero HDPE<\/li>\n<li style='margin-bottom: 5px;'><strong>Recubrimiento:<\/strong> LSZH<\/li>\n<li style='margin-bottom: 5px;'><strong>Clasificaci\u00f3n de flama:<\/strong> LSZH-1 (IEC 60332-1)<\/li>\n<li style='margin-bottom: 5px;'><strong>Di\u00e1metro:<\/strong> 5.7 mm (0.224&#8242;) nominal<\/li>\n<li style='margin-bottom: 5px;'><strong>Peso:<\/strong> 12 kg\/305m (26 lbs.\/1000 ft.)<\/li>\n<li style='margin-bottom: 5px;'><strong>Tensi\u00f3n de instalaci\u00f3n:<\/strong> 110N (25lbf) m\u00e1ximo<\/li>\n<li style='margin-bottom: 5px;'><strong>Clasificaci\u00f3n de temperatura:<\/strong> 0 a 50\u00b0C (32\u00b0F a 122\u00b0F) en instalaci\u00f3n; -20\u00b0 a 60\u00b0C (14\u00b0 a 140\u00b0F) en operaci\u00f3n<\/li>\n<li style='margin-bottom: 5px;'><strong>Frecuencia:<\/strong> 250 Mhz<\/li>\n<\/ul><\/div>\n<\/p><\/div>\n<div style='flex: 1 1 250px; border: 1px solid rgba(150&comma; 150&comma; 150&comma; 0.4); border-radius: 8px; overflow: hidden; display: flex; flex-direction: column;'>\n<div style='padding: 15px; border-bottom: 1px solid rgba(150&comma; 150&comma; 150&comma; 0.2); font-weight: bold; font-size: 18px; color: inherit;'>Cumplimiento<\/div>\n<div style='padding: 15px; color: inherit;'>\n<ul style='padding-left: 20px; margin: 0; font-size: 14px; list-style-type: disc;'>\n<li style='margin-bottom: 5px;'>UL 1685&comma; ANSI\/TIA-568-C.2&comma; ISO 11801<\/li>\n<\/ul><\/div>\n<\/p><\/div>\n<\/p><\/div>\n<hr style='border: 0; border-top: 1px solid rgba(150&comma; 150&comma; 150&comma; 0.3); margin: 30px 0;'> <\/div>\n","protected":false},"excerpt":{"rendered":"<p>Bobina de Cable UTP 305 m. de Cobre, TX6000\u2122 PanNet, Reelex, Blanco, Categor\u00eda 6 Mejorado (23 AWG), LSZH (Bajo Humo, Cero Hal\u00f3genos), de 4 pares<\/p>\n","protected":false},"featured_media":113013,"comment_status":"open","ping_status":"closed","template":"","meta":[],"product_brand":[],"product_cat":[576],"product_tag":[488,577,445],"class_list":{"0":"post-113014","1":"product","2":"type-product","3":"status-publish","4":"has-post-thumbnail","6":"product_cat-categoria-6","7":"product_tag-cables-y-conectores","8":"product_tag-categoria-6","9":"product_tag-panduit","11":"first","12":"outofstock","13":"sale","14":"shipping-taxable","15":"purchasable","16":"product-type-simple"},"_links":{"self":[{"href":"https:\/\/soydeaqui.ddns.net\/pachuca\/index.php\/wp-json\/wp\/v2\/product\/113014","targetHints":{"allow":["GET"]}}],"collection":[{"href":"https:\/\/soydeaqui.ddns.net\/pachuca\/index.php\/wp-json\/wp\/v2\/product"}],"about":[{"href":"https:\/\/soydeaqui.ddns.net\/pachuca\/index.php\/wp-json\/wp\/v2\/types\/product"}],"replies":[{"embeddable":true,"href":"https:\/\/soydeaqui.ddns.net\/pachuca\/index.php\/wp-json\/wp\/v2\/comments?post=113014"}],"wp:featuredmedia":[{"embeddable":true,"href":"https:\/\/soydeaqui.ddns.net\/pachuca\/index.php\/wp-json\/wp\/v2\/media\/113013"}],"wp:attachment":[{"href":"https:\/\/soydeaqui.ddns.net\/pachuca\/index.php\/wp-json\/wp\/v2\/media?parent=113014"}],"wp:term":[{"taxonomy":"product_brand","embeddable":true,"href":"https:\/\/soydeaqui.ddns.net\/pachuca\/index.php\/wp-json\/wp\/v2\/product_brand?post=113014"},{"taxonomy":"product_cat","embeddable":true,"href":"https:\/\/soydeaqui.ddns.net\/pachuca\/index.php\/wp-json\/wp\/v2\/product_cat?post=113014"},{"taxonomy":"product_tag","embeddable":true,"href":"https:\/\/soydeaqui.ddns.net\/pachuca\/index.php\/wp-json\/wp\/v2\/product_tag?post=113014"}],"curies":[{"name":"wp","href":"https:\/\/api.w.org\/{rel}","templated":true}]}}