{"id":112997,"date":"2026-03-20T22:13:43","date_gmt":"2026-03-20T22:13:43","guid":{"rendered":"https:\/\/soydeaqui.ddns.net\/pachuca\/index.php\/producto\/kit-extensor-hdmi-para-distancias-de-70-metros-resolucion-4k-x-2k-60-hz-cat-6-6a-y-7-ipcolor-cero-latencia-sin-comprimir-uso-24-7-puerto-s-pdif-salida-loop-alimente-solo-el-tx-poc\/"},"modified":"2026-03-20T22:13:52","modified_gmt":"2026-03-20T22:13:52","slug":"kit-extensor-hdmi-para-distancias-de-70-metros-resolucion-4k-x-2k-60-hz-cat-6-6a-y-7-ipcolor-cero-latencia-sin-comprimir-uso-24-7-puerto-s-pdif-salida-loop-alimente-solo-el-tx-poc","status":"publish","type":"product","link":"https:\/\/soydeaqui.ddns.net\/pachuca\/index.php\/producto\/kit-extensor-hdmi-para-distancias-de-70-metros-resolucion-4k-x-2k-60-hz-cat-6-6a-y-7-ipcolor-cero-latencia-sin-comprimir-uso-24-7-puerto-s-pdif-salida-loop-alimente-solo-el-tx-poc\/","title":{"rendered":"Kit Extensor HDMI para distancias de 70 metros \/ Resoluci\u00f3n 4K x 2K@ 60 Hz\/ Cat 6, 6a y 7 \/ IPCOLOR \/ CERO LATENCIA \/ SIN COMPRIMIR \/ Uso 24\/7 \/ Puerto S\/PDIF \/ Salida Loop \/ Alimente solo el Tx (PoC) \/ Control IR"},"content":{"rendered":"<div style='width: 100%; max-width: 1200px; margin: 0 auto; font-family: sans-serif; line-height: 1.6; color: inherit; background-color: transparent;'> <!-- Secci\u00f3n de video y descripci\u00f3n --> <\/p>\n<div style='display: flex; flex-wrap: wrap; gap: 30px; margin-bottom: 30px;'>\n<div style='flex: 1 1 400px; min-width: 300px;'>\n<h3 style='font-size: 20px; border-bottom: 2px solid currentColor; padding-bottom: 5px; margin-top: 0; color: inherit; opacity: 0.8; text-align: center;'>CLICK EN EL VIDEO<\/h3>\n<div style='position: relative; padding-bottom: 56.25%; height: 0; overflow: hidden; margin-bottom: 15px;'>   <\/div>\n<\/p><\/div>\n<div style='flex: 1 1 400px; min-width: 300px;'>\n<h2 style='font-size: 24px; margin-top: 0; color: inherit;'>Kit extensor HDMI ipcolor a 70 Metros&comma; 4K @ 60 Hz&comma; Cero Latencia<\/h2>\n<p style='color: inherit; font-size: 15px;'>El kit TT676E es un extensor HDMI que adopta la tecnolog\u00eda ipcolor&comma; la cual es una tecnolog\u00eda innovadora y l\u00edder mundial para transmisi\u00f3n digital de video de ultra alta definici\u00f3n&comma; se centra en la transmisi\u00f3n 4K SIN COMPRIMIR Y CON CERO LATENCIA&comma; en comparaci\u00f3n con otros los productos ipcolor tienen una mayor calidad en video y mayor distancia. La se\u00f1al HDMI se puede extender hasta 70 metros a trav\u00e9s de un cable de red CAT6 \/ 6A \/ 7.<\/p>\n<p style='color: inherit; font-size: 15px;'>Admite transferencia de infrarrojos para el control de su dispositivo fuente si este cuenta con control remoto. Est\u00e1 dise\u00f1ado para operar 24\/7. Por lo tanto&comma; es ampliamente utilizado en centros de comando&comma; centros de control de datos&comma; bancos&comma; gobiernos&comma; empresas&comma; etc.<\/p>\n<\/p><\/div>\n<\/p><\/div>\n<p> <!-- Secci\u00f3n de caracter\u00edsticas --> <\/p>\n<div style='display: flex; flex-wrap: wrap; gap: 20px; margin-bottom: 30px;'>\n<div style='flex: 1 1 300px; border: 1px solid rgba(150&comma; 150&comma; 150&comma; 0.4); border-radius: 8px; overflow: hidden; display: flex; flex-direction: column; min-width: 280px;'> <img style='width: 100%; height: auto; border: 1px solid rgba(150&comma;150&comma;150&comma;0.3); border-radius: 0;' src='https:\/\/ftp3.syscom.mx\/usuarios\/luis.vargas\/HDMI\/EpcomProAudio\/TT676E-1.jpg' alt=''> <\/p>\n<div style='padding: 15px; border-top: 5px solid #005a9c; font-weight: bold; font-size: 18px; color: inherit;'>Caracter\u00edsticas principales:<\/div>\n<div style='padding: 15px; color: inherit;'>\n<ul style='padding-left: 20px; margin: 0; font-size: 14px; list-style-type: disc;'>\n<li style='margin-bottom: 5px;'><strong>Cuenta con tecnologia ipcolor lo que garantiza Cero latencia y Sin comprimir<\/strong><\/li>\n<li style='margin-bottom: 5px;'><strong>Resolucion 4K @ 60Hz (3840&#215;2160@24\/25\/30\/50\/60Hz)<\/strong><\/li>\n<li style='margin-bottom: 5px;'>HDR10 para un rango din\u00e1mico y una gama de colores m\u00e1s amplios<\/li>\n<li style='margin-bottom: 5px;'><strong>Extiende la se\u00f1al HDMI hasta 70m\/229 pies usando un solo cable de red<\/strong><\/li>\n<li style='margin-bottom: 5px;'>Compatible con cables de red UTP CAT6\/6A\/7.<\/li>\n<li style='margin-bottom: 5px;'>Soporta HDCP 2.2 \/ HDMI 2.0<\/li>\n<li style='margin-bottom: 5px;'>Longitud del cable HDMI de entrada y salida \u22648m (24AWG)<\/li>\n<li style='margin-bottom: 5px;'>Soporta PoC<\/li>\n<\/ul><\/div>\n<\/p><\/div>\n<div style='flex: 1 1 300px; border: 1px solid rgba(150&comma; 150&comma; 150&comma; 0.4); border-radius: 8px; overflow: hidden; display: flex; flex-direction: column; min-width: 280px;'> <img style='width: 100%; height: auto; border: 1px solid rgba(150&comma;150&comma;150&comma;0.3); border-radius: 0;' src='https:\/\/ftp3.syscom.mx\/usuarios\/luis.vargas\/HDMI\/EpcomProAudio\/TT676E-2.jpg' alt=''> <\/p>\n<div style='padding: 15px; border-top: 5px solid #005a9c; font-weight: bold; font-size: 18px; color: inherit;'>Caracter\u00edsticas f\u00edsicas y el\u00e9ctricas:<\/div>\n<div style='padding: 15px; color: inherit;'>\n<ul style='padding-left: 20px; margin: 0; font-size: 14px; list-style-type: disc;'>\n<li style='margin-bottom: 5px;'><strong>Alimentaci\u00f3n incluida de 12 Vcc&comma; 2 A<\/strong>\n<div style='color: #007bff;'>(solo requiere alimentaci\u00f3n el Transmisor)<\/div>\n<\/li>\n<li style='margin-bottom: 5px;'>Potencia de consumo TX:4 W RX:4 W<\/li>\n<li style='margin-bottom: 5px;'>Dimensiones TX;RX 106 (L) x 99 (W) x 26.2 (H) mm<\/li>\n<li style='margin-bottom: 5px;'>Peso TX : 210g ; RX : 210g<\/li>\n<li style='margin-bottom: 5px;'>Temperatura de operaci\u00f3n 0~60\u00b0<\/li>\n<li style='margin-bottom: 5px;'>Temperatura de almacenamiento -30~70\u00b0C<\/li>\n<li style='margin-bottom: 5px;'>Color Negro<\/li>\n<li style='margin-bottom: 5px;'><strong>1 A\u00f1o de Garant\u00eda por defectos de fabrica<\/strong><\/li>\n<\/ul><\/div>\n<\/p><\/div>\n<div style='flex: 1 1 300px; border: 1px solid rgba(150&comma; 150&comma; 150&comma; 0.4); border-radius: 8px; overflow: hidden; display: flex; flex-direction: column; min-width: 280px;'> <img style='width: 100%; height: auto; border: 1px solid rgba(150&comma;150&comma;150&comma;0.3); border-radius: 0;' src='https:\/\/ftp3.syscom.mx\/usuarios\/luis.vargas\/HDMI\/EpcomProAudio\/TT676E-3.jpg' alt=''> <\/p>\n<div style='padding: 15px; border-top: 5px solid #005a9c; font-weight: bold; font-size: 18px; color: inherit;'>Caracter\u00edsticas destacadas:<\/div>\n<div style='padding: 15px; color: inherit;'>\n<ul style='padding-left: 20px; margin: 0; font-size: 14px; list-style-type: disc;'>\n<li style='margin-bottom: 5px;'>Admite formatos de audio (Dolby TrueHD 7.1CH \/Dolby Digital 5.1CH)<\/li>\n<li style='margin-bottom: 5px;'>El receptor puede extraer el audio digital del transmisor a trav\u00e9s del puerto S\/PDIF.<\/li>\n<li style='margin-bottom: 5px;'>El transmisor admite una salida de bucle (Loop) HDMI.<\/li>\n<li style='margin-bottom: 5px;'>Admite la funci\u00f3n de transferencia de infrarrojos bidireccional (20 &#8211; 60 KHz).<\/li>\n<li style='margin-bottom: 5px;'>Bajo consumo de energia<\/li>\n<li style='margin-bottom: 5px;'>Uso 24\/7<\/li>\n<li style='margin-bottom: 5px;'>Dise\u00f1o de carcasa de aleaci\u00f3n de aluminio&comma; estable y duradero<\/li>\n<li style='margin-bottom: 5px;'>Protecci\u00f3n contra rayos&comma; sobretensiones y ESD.<\/li>\n<\/ul><\/div>\n<\/p><\/div>\n<\/p><\/div>\n<p> <!-- Imagen adicional --> <\/p>\n<div style='margin-bottom: 30px;'> <img style='width: 100%; height: auto; border: 1px solid rgba(150&comma;150&comma;150&comma;0.3); border-radius: 8px;' src='http:\/\/ftp3.syscom.mx\/usuarios\/hallende\/EPCOM%20Titanium\/TT-676-E\/TT676E-POC%20Esp%20Rev.2.0.jpg' alt=''> <\/div>\n<p> <!-- Folleto interactivo --> <\/p>\n<div style='margin-bottom: 30px;'>\n<div style='position: relative; padding-bottom: 56.25%; height: 0; overflow: hidden;'>   <\/div>\n<\/p><\/div>\n<p> <!-- Secci\u00f3n de videos adicionales --> <\/p>\n<div style='display: flex; flex-wrap: wrap; gap: 20px; margin-bottom: 30px;'>\n<div style='flex: 1 1 300px; min-width: 280px;'>\n<h4 style='font-size: 20px; margin-top: 0; color: inherit; text-align: center;'>ipcolor epcom TITANIUM<\/h4>\n<div style='position: relative; padding-bottom: 56.25%; height: 0; overflow: hidden;'>   <\/div>\n<\/p><\/div>\n<div style='flex: 1 1 300px; min-width: 280px;'>\n<h4 style='font-size: 20px; margin-top: 0; color: inherit; text-align: center;'>ipcolor Testing<\/h4>\n<div style='position: relative; padding-bottom: 56.25%; height: 0; overflow: hidden;'>   <\/div>\n<\/p><\/div>\n<div style='flex: 1 1 300px; min-width: 280px;'>\n<h4 style='font-size: 20px; margin-top: 0; color: inherit; text-align: center;'>ipcolor UHD<\/h4>\n<div style='position: relative; padding-bottom: 56.25%; height: 0; overflow: hidden;'>   <\/div>\n<\/p><\/div>\n<\/p><\/div>\n<p> <!-- Separador final --> <\/p>\n<hr style='border: 0; border-top: 1px solid rgba(150&comma; 150&comma; 150&comma; 0.3); margin: 30px 0;'> <\/div>\n","protected":false},"excerpt":{"rendered":"<p>Kit Extensor HDMI para distancias de 70 metros \/ Resoluci\u00f3n 4K x 2K@ 60 Hz\/ Cat 6, 6a y 7 \/ IPCOLOR \/ CERO LATENCIA \/ SIN COMPRIMIR \/ Uso 24\/7 \/ Puerto S\/PDIF \/ Salida Loop \/ Alimente solo el Tx (PoC) \/ Control IR<\/p>\n","protected":false},"featured_media":112996,"comment_status":"open","ping_status":"closed","template":"","meta":[],"product_brand":[],"product_cat":[2073,2074,2077,2075,2072,2076],"product_tag":[417,2079,2080,2083,507,2081,2078,2082],"class_list":{"0":"post-112997","1":"product","2":"type-product","3":"status-publish","4":"has-post-thumbnail","6":"product_cat-convertidores","7":"product_cat-divisores","8":"product_cat-dvi","9":"product_cat-hdmi","10":"product_cat-kits-extensores","11":"product_cat-vga","12":"product_tag-accesorios-generales","13":"product_tag-convertidores","14":"product_tag-divisores","15":"product_tag-dvi","16":"product_tag-epcom-titanium","17":"product_tag-hdmi","18":"product_tag-kits-extensores","19":"product_tag-vga","21":"first","22":"instock","23":"sale","24":"shipping-taxable","25":"purchasable","26":"product-type-simple"},"_links":{"self":[{"href":"https:\/\/soydeaqui.ddns.net\/pachuca\/index.php\/wp-json\/wp\/v2\/product\/112997","targetHints":{"allow":["GET"]}}],"collection":[{"href":"https:\/\/soydeaqui.ddns.net\/pachuca\/index.php\/wp-json\/wp\/v2\/product"}],"about":[{"href":"https:\/\/soydeaqui.ddns.net\/pachuca\/index.php\/wp-json\/wp\/v2\/types\/product"}],"replies":[{"embeddable":true,"href":"https:\/\/soydeaqui.ddns.net\/pachuca\/index.php\/wp-json\/wp\/v2\/comments?post=112997"}],"wp:featuredmedia":[{"embeddable":true,"href":"https:\/\/soydeaqui.ddns.net\/pachuca\/index.php\/wp-json\/wp\/v2\/media\/112996"}],"wp:attachment":[{"href":"https:\/\/soydeaqui.ddns.net\/pachuca\/index.php\/wp-json\/wp\/v2\/media?parent=112997"}],"wp:term":[{"taxonomy":"product_brand","embeddable":true,"href":"https:\/\/soydeaqui.ddns.net\/pachuca\/index.php\/wp-json\/wp\/v2\/product_brand?post=112997"},{"taxonomy":"product_cat","embeddable":true,"href":"https:\/\/soydeaqui.ddns.net\/pachuca\/index.php\/wp-json\/wp\/v2\/product_cat?post=112997"},{"taxonomy":"product_tag","embeddable":true,"href":"https:\/\/soydeaqui.ddns.net\/pachuca\/index.php\/wp-json\/wp\/v2\/product_tag?post=112997"}],"curies":[{"name":"wp","href":"https:\/\/api.w.org\/{rel}","templated":true}]}}