{"id":112947,"date":"2026-03-20T22:10:59","date_gmt":"2026-03-20T22:10:59","guid":{"rendered":"https:\/\/soydeaqui.ddns.net\/pachuca\/index.php\/producto\/solo-receptor-transceptor-activo-de-16-canales-videopoder-en-un-solo-cable-utp-150-metros-en-4k-200-metros-en-5-mp-envia-36-vcc-y-recibe-12-vcc-todo-incluido-para-rack-hd-tvi-cvi-ahd-cvbs\/"},"modified":"2026-03-20T22:11:15","modified_gmt":"2026-03-20T22:11:15","slug":"solo-receptor-transceptor-activo-de-16-canales-videopoder-en-un-solo-cable-utp-150-metros-en-4k-200-metros-en-5-mp-envia-36-vcc-y-recibe-12-vcc-todo-incluido-para-rack-hd-tvi-cvi-ahd-cvbs","status":"publish","type":"product","link":"https:\/\/soydeaqui.ddns.net\/pachuca\/index.php\/producto\/solo-receptor-transceptor-activo-de-16-canales-videopoder-en-un-solo-cable-utp-150-metros-en-4k-200-metros-en-5-mp-envia-36-vcc-y-recibe-12-vcc-todo-incluido-para-rack-hd-tvi-cvi-ahd-cvbs\/","title":{"rendered":"(SOLO RECEPTOR) TRANSCEPTOR ACTIVO DE 16 CANALES \/ VIDEO+PODER en un solo Cable UTP \/ 150 metros en 4K, 200 metros en 5 MP\/ Env\u00eda 36 Vcc y Recibe 12 Vcc \/ TODO INCLUIDO PARA RACK \/ HD-TVI\/CVI\/AHD\/CVBS \/ SIN RUIDO \/ INSTALACI\u00d3N LIMPIA."},"content":{"rendered":"<div style='width: 100%; max-width: 1200px; margin: 0 auto; font-family: sans-serif; line-height: 1.6; color: inherit; background-color: transparent;'> <!-- Video section --> <\/p>\n<div style='display: flex; flex-wrap: wrap; gap: 30px; margin-bottom: 30px;'>\n<div style='flex: 1 1 300px; min-width: 280px;'>\n<h3 style='font-size: 22px; border-bottom: 2px solid currentColor; padding-bottom: 5px; margin-top: 0; color: inherit; opacity: 0.8; text-align: center;'>CLICK EN EL VIDEO<\/h3>\n<div style='position: relative; padding-bottom: 56.25%; height: 0; overflow: hidden; margin-bottom: 30px;'>   <\/div>\n<\/p><\/div>\n<p> <!-- Product description --> <\/p>\n<div style='flex: 1 1 300px; min-width: 280px;'>\n<h2 style='font-size: 24px; color: inherit; margin-top: 0;'>Kit de TRANSCEPTOR ACTIVO DE 16 CANALES (SOLO RECEPTOR)\/ VIDEO+PODER en un solo Cable UTP<\/h2>\n<p>El KIT-TT16PVTURBOX-RX es un transceptor de video Activo de 16 canales (Balun) que te permite enviar el video de tus c\u00e1maras an\u00e1logas y energ\u00eda por un mismo cable de red (UTP) Cat 5e \u00f3 6&comma; alcanzando distancias de 150 metros en 4K&comma; 200 metros en 5Mp y 250 metros en 1080P. Esto es posible ya que el equipo receptor genera y env\u00eda 36 Vcc a los transmisores y este regula el voltaje a 12 Vcc permitiendo con ello el envi\u00f3 a largas distancias.<\/p>\n<p>El equipo est\u00e1 dise\u00f1ado para que sea colocado en su SITE de Telecomunicaciones ya que cuenta con los accesorios para ser instalado en un Rack Standard&comma; permitiendo consolidar todo el cableado del sistema de CCTV en un solo punto teniendo como resultado una instalaci\u00f3n limpia&comma; ordenada&comma; sin cables a\u00f1adidos o sueltos.<\/p>\n<\/p><\/div>\n<\/p><\/div>\n<p> <!-- Features sections --> <\/p>\n<div style='display: flex; flex-wrap: wrap; gap: 20px; margin-bottom: 30px;'> <!-- Caracter\u00edsticas Principales --> <\/p>\n<div style='flex: 1 1 250px; border: 1px solid rgba(150&comma; 150&comma; 150&comma; 0.4); border-radius: 8px; overflow: hidden; display: flex; flex-direction: column;'>\n<div style='padding: 15px; border-bottom: 1px solid rgba(150&comma; 150&comma; 150&comma; 0.2); font-weight: bold; font-size: 18px; color: inherit;'>Caracter\u00edsticas Principales<\/div>\n<div style='padding: 15px; color: inherit;'> <img style='width: 100%; height: auto; border: 1px solid rgba(150&comma;150&comma;150&comma;0.3); border-radius: 8px;' src='http:\/\/ftp3.syscom.mx\/usuarios\/hallende\/FolkTitanium\/KIT-TT16PV-TURBOX-RX\/KITTT16PVTURBOX-RX-1.png' alt=''> <\/p>\n<ul style='padding-left: 20px; margin-top: 20px; font-size: 14px; list-style-type: disc; color: inherit;'>\n<li style='margin-bottom: 5px;'>Receptor ACTIVO de 16 canales<\/li>\n<li style='margin-bottom: 5px;'><strong> Video y alimentaci\u00f3n de la c\u00e1mara por un cable de Red <\/strong><\/li>\n<li style='margin-bottom: 5px;'>150 metros en 4K&comma; 200 metros en 5Mp y 250 metros en 1080P.<\/li>\n<li style='margin-bottom: 5px;'>Salida de voltaje del receptor: 36Vcc<\/li>\n<li style='margin-bottom: 5px;'><strong> Se requiere el transmisor TT4816PVTURBOTX (Adquieralo por separado) <\/strong><\/li>\n<li style='margin-bottom: 5px;'>El receptor envia 36Vcc de esta forma se garantiza que el voltaje llegue a 150 m en 4K utilizando cable 100% Cobre.<\/li>\n<li style='margin-bottom: 5px;'>El transmisor recibe los 36Vcc y regula a 12Vcc para alimentar la camara sin comprometer el funcionamiento.<\/li>\n<li style='margin-bottom: 5px;'><strong> Soporta OSD ( On Screen Display ) <\/strong><\/li>\n<li style='margin-bottom: 5px;'>Conectores BNC y RJ45<\/li>\n<li style='margin-bottom: 5px;'>Transmisi\u00f3n en tiempo real&comma; sin retrazos<\/li>\n<\/ul><\/div>\n<\/p><\/div>\n<p> <!-- Caracter\u00edsticas F\u00edsicas y El\u00e9ctricas --> <\/p>\n<div style='flex: 1 1 250px; border: 1px solid rgba(150&comma; 150&comma; 150&comma; 0.4); border-radius: 8px; overflow: hidden; display: flex; flex-direction: column;'>\n<div style='padding: 15px; border-bottom: 1px solid rgba(150&comma; 150&comma; 150&comma; 0.2); font-weight: bold; font-size: 18px; color: inherit;'>Caracter\u00edsticas F\u00edsicas y El\u00e9ctricas<\/div>\n<div style='padding: 15px; color: inherit;'> <img style='width: 100%; height: auto; border: 1px solid rgba(150&comma;150&comma;150&comma;0.3); border-radius: 8px;' src='http:\/\/ftp3.syscom.mx\/usuarios\/hallende\/FolkTitanium\/KIT-TT16PV-TURBOX-RX\/KITTT16PVTURBOX-RX-2.png' alt=''> <\/p>\n<ul style='padding-left: 20px; margin-top: 20px; font-size: 14px; list-style-type: disc; color: inherit;'>\n<li style='margin-bottom: 5px;'><strong> Alimentaci\u00f3n 110- 220 Vca; 50\/60 Hz <\/strong><\/li>\n<li style='margin-bottom: 5px;'><strong> Consumo de potencia : 150 W <\/strong><\/li>\n<li style='margin-bottom: 5px;'>Salida de voltaje del receptor: 36Vcc<\/li>\n<li style='margin-bottom: 5px;'>Salida de potencia por canal : 18.5 W<\/li>\n<li style='margin-bottom: 5px;'>Dimensiones del Receptor 557 mm ( L ) x 245 mm ( W ) x 66.5 mm ( H ) sin incluir montaje<\/li>\n<li style='margin-bottom: 5px;'>Peso Neto 3.890 Kg.<\/li>\n<li style='margin-bottom: 5px;'>Color negro<\/li>\n<li style='margin-bottom: 5px;'><strong> 1 A\u00f1o de Garant\u00eda por defectos de f\u00e1bricaci\u00f3n <\/strong><\/li>\n<\/ul><\/div>\n<\/p><\/div>\n<p> <!-- Caracter\u00edsticas Destacadas --> <\/p>\n<div style='flex: 1 1 250px; border: 1px solid rgba(150&comma; 150&comma; 150&comma; 0.4); border-radius: 8px; overflow: hidden; display: flex; flex-direction: column;'>\n<div style='padding: 15px; border-bottom: 1px solid rgba(150&comma; 150&comma; 150&comma; 0.2); font-weight: bold; font-size: 18px; color: inherit;'>Caracter\u00edsticas Destacadas<\/div>\n<div style='padding: 15px; color: inherit;'> <img style='width: 100%; height: auto; border: 1px solid rgba(150&comma;150&comma;150&comma;0.3); border-radius: 8px;' src='http:\/\/ftp3.syscom.mx\/usuarios\/hallende\/FolkTitanium\/KIT-TT16PV-TURBOX-RX\/KITTT16PVTURBOX-RX-3.png' alt=''> <\/p>\n<p style='margin-top: 20px; margin-bottom: 10px;'><span style='color: #0f1ca8;'><strong>El Kit incluye:<\/strong><\/span><\/p>\n<ul style='padding-left: 20px; margin-top: 0; font-size: 14px; list-style-type: square; color: inherit;'>\n<li style='margin-bottom: 5px;'><strong> 1 Receptor activo de 16 canales <\/strong><\/li>\n<li style='margin-bottom: 5px;'>Orejas para Rack y tornilleria<\/li>\n<li style='margin-bottom: 5px;'>Cable de alimentaci\u00f3n<\/li>\n<\/ul>\n<p style='margin-top: 15px; margin-bottom: 10px;'><span style='color: #0f1ca8;'><strong>Notas:<\/strong><\/span><\/p>\n<ul style='padding-left: 20px; margin-top: 0; font-size: 14px; list-style-type: square; color: inherit;'>\n<li style='margin-bottom: 5px;'><strong> Si llegar\u00e1 a conectar este equipo a un UPS&comma; aseg\u00farese que sea de onda senoidal pura. <\/strong><\/li>\n<li style='margin-bottom: 5px;'><strong> No soporta Coaxitron <\/strong><\/li>\n<li style='margin-bottom: 5px;'><strong> Certificaciones: CE&comma; FCC&comma; RoHS <\/strong><\/li>\n<li style='margin-bottom: 5px;'><strong> Para domos PTZ ( Considere la distancia y el consumo de corriente) <\/strong><\/li>\n<li style='margin-bottom: 5px;'><strong> Se requiere de transmisores del modelo TT4816PVTURBOTX click <a style='color: #fc1e0a; text-decoration: none;' href='https:\/\/www.syscom.mx\/producto\/TT4816PVTURBOTX-EPCOM-POWERLINE-202697.html' target='_blank' rel='noopener'>aqu\u00ed<\/a><\/strong><\/li>\n<li style='margin-bottom: 5px;'><strong> Mas informacion del producto click <a style='color: #fc1e0a; text-decoration: none;' href='https:\/\/ftp3.syscom.mx\/usuarios\/ftp\/2021\/01\/30\/c3121\/KIT-TT16PVTURBOX_Espan%CC%83ol%20.pdf' target='_blank' rel='noopener'>aqu\u00ed<\/a><\/strong><\/li>\n<\/ul><\/div>\n<\/p><\/div>\n<\/p><\/div>\n<p> <!-- Additional image --> <\/p>\n<div style='margin-bottom: 30px;'> <img style='width: 100%; height: auto; border: 1px solid rgba(150&comma;150&comma;150&comma;0.3); border-radius: 8px;' src='https:\/\/ftp3.syscom.mx\/usuarios\/ccasares\/CCTVS\/DISTANCIA%20DE%20TRANSCEPTORES-3.jpg' alt=''> <\/div>\n<p> <!-- Separador final --> <\/p>\n<hr style='border: 0; border-top: 1px solid rgba(150&comma; 150&comma; 150&comma; 0.3); margin: 30px 0;'> <\/div>\n","protected":false},"excerpt":{"rendered":"<p>(SOLO RECEPTOR) TRANSCEPTOR ACTIVO DE 16 CANALES \/ VIDEO+PODER en un solo Cable UTP \/ 150 metros en 4K, 200 metros en 5 MP\/ Env\u00eda 36 Vcc y Recibe 12 Vcc \/ TODO INCLUIDO PARA RACK \/ HD-TVI\/CVI\/AHD\/CVBS \/ SIN RUIDO \/ INSTALACI\u00d3N LIMPIA.<\/p>\n","protected":false},"featured_media":112946,"comment_status":"open","ping_status":"closed","template":"","meta":[],"product_brand":[],"product_cat":[2327],"product_tag":[417,507,2328],"class_list":{"0":"post-112947","1":"product","2":"type-product","3":"status-publish","4":"has-post-thumbnail","6":"product_cat-transceptores-de-video","7":"product_tag-accesorios-generales","8":"product_tag-epcom-titanium","9":"product_tag-transceptores-de-video","11":"first","12":"outofstock","13":"sale","14":"shipping-taxable","15":"purchasable","16":"product-type-simple"},"_links":{"self":[{"href":"https:\/\/soydeaqui.ddns.net\/pachuca\/index.php\/wp-json\/wp\/v2\/product\/112947","targetHints":{"allow":["GET"]}}],"collection":[{"href":"https:\/\/soydeaqui.ddns.net\/pachuca\/index.php\/wp-json\/wp\/v2\/product"}],"about":[{"href":"https:\/\/soydeaqui.ddns.net\/pachuca\/index.php\/wp-json\/wp\/v2\/types\/product"}],"replies":[{"embeddable":true,"href":"https:\/\/soydeaqui.ddns.net\/pachuca\/index.php\/wp-json\/wp\/v2\/comments?post=112947"}],"wp:featuredmedia":[{"embeddable":true,"href":"https:\/\/soydeaqui.ddns.net\/pachuca\/index.php\/wp-json\/wp\/v2\/media\/112946"}],"wp:attachment":[{"href":"https:\/\/soydeaqui.ddns.net\/pachuca\/index.php\/wp-json\/wp\/v2\/media?parent=112947"}],"wp:term":[{"taxonomy":"product_brand","embeddable":true,"href":"https:\/\/soydeaqui.ddns.net\/pachuca\/index.php\/wp-json\/wp\/v2\/product_brand?post=112947"},{"taxonomy":"product_cat","embeddable":true,"href":"https:\/\/soydeaqui.ddns.net\/pachuca\/index.php\/wp-json\/wp\/v2\/product_cat?post=112947"},{"taxonomy":"product_tag","embeddable":true,"href":"https:\/\/soydeaqui.ddns.net\/pachuca\/index.php\/wp-json\/wp\/v2\/product_tag?post=112947"}],"curies":[{"name":"wp","href":"https:\/\/api.w.org\/{rel}","templated":true}]}}