{"id":112311,"date":"2026-03-20T21:34:52","date_gmt":"2026-03-20T21:34:52","guid":{"rendered":"https:\/\/soydeaqui.ddns.net\/pachuca\/index.php\/producto\/desarmador-multipunta-11-en-1-con-puntas-phillips-ranuradas-cuadradas-y-torx\/"},"modified":"2026-03-20T21:35:06","modified_gmt":"2026-03-20T21:35:06","slug":"desarmador-multipunta-11-en-1-con-puntas-phillips-ranuradas-cuadradas-y-torx","status":"publish","type":"product","link":"https:\/\/soydeaqui.ddns.net\/pachuca\/index.php\/producto\/desarmador-multipunta-11-en-1-con-puntas-phillips-ranuradas-cuadradas-y-torx\/","title":{"rendered":"Desarmador Multipunta, 11 en 1, con Puntas Phillips, Ranuradas, Cuadradas y Torx."},"content":{"rendered":"<div style='width: 100%; max-width: 1200px; margin: 0 auto; font-family: sans-serif; line-height: 1.6; color: inherit; background-color: transparent;'> <!-- Secci\u00f3n de caracter\u00edsticas --> <\/p>\n<div style='display: flex; flex-wrap: wrap; gap: 30px; margin-bottom: 30px;'>\n<div style='flex: 1 1 300px; min-width: 280px;'>\n<h3 style='font-size: 22px; border-bottom: 2px solid currentColor; padding-bottom: 5px; margin-top: 0; color: inherit; opacity: 0.8;'>Caracter\u00edsticas<\/h3>\n<ul style='padding-left: 20px; font-size: 15px; color: inherit;'>\n<li style='margin-bottom: 5px;'>La barra del desarmador de caja\/desarmador multipunta sujeta 8 puntas comunes y puede convertirse en un desarmador de caja de 3 tama\u00f1os<\/li>\n<li style='margin-bottom: 5px;'>Incluye puntas con tratamiento t\u00e9rmico y grado industrial de resistencia: desarmadores de caja de 3\/8&#8221;&comma; 5\/16&#8221; y 1\/4&#8221;&comma; puntas Phillips n.\u00ba 1 y n.\u00ba 2&comma; puntas ranuradas de 1\/4&#8221; y 3\/16&#8221;&comma; puntas T10 y T15 TORX&comma; y puntas cuadradas n.\u00ba 1 y n.\u00ba 2<\/li>\n<li style='margin-bottom: 5px;'>La barra se puede cambiar de manera r\u00e1pida y f\u00e1cil; c\u00f3modo mango acojinado<\/li>\n<li style='margin-bottom: 5px;'>Puntas con acabado por inyecci\u00f3n de aire que proporcionan un agarre firme para evitar que se desprendan; busque la Cat. n.\u00ba 32526 para un juego completo de puntas de repuesto<\/li>\n<li style='margin-bottom: 5px;'>Puntas de repuesto disp.: Cat. n.\u00ba 32482 (Phillips n.\u00ba 1 y ranurada de 3\/16&#8221;)&comma; Cat. n.\u00ba 32483 (Phillips n.\u00ba 2 y ranurada de 1\/4&#8221;)&comma; Cat. n.\u00ba 32484 (cuadrada n.\u00ba 1 y cuadrada n.\u00ba 2) y Cat. n.\u00ba 32485 (TORX T10 y TORX T15)<\/li>\n<li style='margin-bottom: 5px;'>TORX\u00ae es una marca registrada de Acument Intellectual Properties&comma; LLC.<\/li>\n<li style='margin-bottom: 5px;'>Componentes importados y estadounidenses ensamblados en EE. UU.<\/li>\n<li style='margin-bottom: 5px;'>Mango acojinado para proporcionar mayor torsi\u00f3n y comodidad<\/li>\n<\/ul><\/div>\n<\/p><\/div>\n<p> <!-- Secci\u00f3n de especificaciones --> <\/p>\n<div style='display: flex; flex-wrap: wrap; gap: 20px; margin-bottom: 30px;'>\n<div style='flex: 1 1 250px; border: 1px solid rgba(150&comma; 150&comma; 150&comma; 0.4); border-radius: 8px; overflow: hidden; display: flex; flex-direction: column;'>\n<div style='padding: 15px; border-bottom: 1px solid rgba(150&comma; 150&comma; 150&comma; 0.2); font-weight: bold; font-size: 18px; color: inherit;'>Dimensiones<\/div>\n<div style='padding: 15px; color: inherit;'>\n<ul style='padding-left: 20px; margin: 0; font-size: 14px; list-style-type: disc;'>\n<li style='margin-bottom: 5px;'><strong>Longitud total:<\/strong> 7.25&#8242; (184 mm)<\/li>\n<li style='margin-bottom: 5px;'><strong>Longitud de la barra:<\/strong> 3&#8242; (76 mm)<\/li>\n<li style='margin-bottom: 5px;'><strong>Tipo de mango:<\/strong> Mango acojinado<\/li>\n<li style='margin-bottom: 5px;'><strong>Retenci\u00f3n de la punta:<\/strong> De cambio r\u00e1pido<\/li>\n<li style='margin-bottom: 5px;'><strong>Aislado:<\/strong> No<\/li>\n<li style='margin-bottom: 5px;'><strong>Peso:<\/strong> 227 g (8 oz)<\/li>\n<\/ul><\/div>\n<\/p><\/div>\n<\/p><\/div>\n<p> <!-- Separador --> <\/p>\n<hr style='border: 0; border-top: 1px solid rgba(150&comma; 150&comma; 150&comma; 0.3); margin: 30px 0;'> <\/div>\n","protected":false},"excerpt":{"rendered":"<p>Desarmador Multipunta, 11 en 1, con Puntas Phillips, Ranuradas, Cuadradas y Torx.<\/p>\n","protected":false},"featured_media":112310,"comment_status":"open","ping_status":"closed","template":"","meta":[],"product_brand":[],"product_cat":[24],"product_tag":[26,25,432],"class_list":{"0":"post-112311","1":"product","2":"type-product","3":"status-publish","4":"has-post-thumbnail","6":"product_cat-accesorios-de-instalacion","7":"product_tag-accesorios-de-instalacion","8":"product_tag-herramientas","9":"product_tag-klein-tools","11":"first","12":"instock","13":"sale","14":"shipping-taxable","15":"purchasable","16":"product-type-simple"},"_links":{"self":[{"href":"https:\/\/soydeaqui.ddns.net\/pachuca\/index.php\/wp-json\/wp\/v2\/product\/112311","targetHints":{"allow":["GET"]}}],"collection":[{"href":"https:\/\/soydeaqui.ddns.net\/pachuca\/index.php\/wp-json\/wp\/v2\/product"}],"about":[{"href":"https:\/\/soydeaqui.ddns.net\/pachuca\/index.php\/wp-json\/wp\/v2\/types\/product"}],"replies":[{"embeddable":true,"href":"https:\/\/soydeaqui.ddns.net\/pachuca\/index.php\/wp-json\/wp\/v2\/comments?post=112311"}],"wp:featuredmedia":[{"embeddable":true,"href":"https:\/\/soydeaqui.ddns.net\/pachuca\/index.php\/wp-json\/wp\/v2\/media\/112310"}],"wp:attachment":[{"href":"https:\/\/soydeaqui.ddns.net\/pachuca\/index.php\/wp-json\/wp\/v2\/media?parent=112311"}],"wp:term":[{"taxonomy":"product_brand","embeddable":true,"href":"https:\/\/soydeaqui.ddns.net\/pachuca\/index.php\/wp-json\/wp\/v2\/product_brand?post=112311"},{"taxonomy":"product_cat","embeddable":true,"href":"https:\/\/soydeaqui.ddns.net\/pachuca\/index.php\/wp-json\/wp\/v2\/product_cat?post=112311"},{"taxonomy":"product_tag","embeddable":true,"href":"https:\/\/soydeaqui.ddns.net\/pachuca\/index.php\/wp-json\/wp\/v2\/product_tag?post=112311"}],"curies":[{"name":"wp","href":"https:\/\/api.w.org\/{rel}","templated":true}]}}