{"id":112222,"date":"2026-03-20T21:30:09","date_gmt":"2026-03-20T21:30:09","guid":{"rendered":"https:\/\/soydeaqui.ddns.net\/pachuca\/index.php\/producto\/nvr-12-megapixel-4k-reconocimiento-facial-16-canales-ip-16-puertos-poe-2-bahias-de-disco-duro-filtro-de-falsas-alarmas-deteccion-de-cuerpo-humano-y-vehiculos-time-lapse\/"},"modified":"2026-03-20T21:30:22","modified_gmt":"2026-03-20T21:30:22","slug":"nvr-12-megapixel-4k-reconocimiento-facial-16-canales-ip-16-puertos-poe-2-bahias-de-disco-duro-filtro-de-falsas-alarmas-deteccion-de-cuerpo-humano-y-vehiculos-time-lapse","status":"publish","type":"product","link":"https:\/\/soydeaqui.ddns.net\/pachuca\/index.php\/producto\/nvr-12-megapixel-4k-reconocimiento-facial-16-canales-ip-16-puertos-poe-2-bahias-de-disco-duro-filtro-de-falsas-alarmas-deteccion-de-cuerpo-humano-y-vehiculos-time-lapse\/","title":{"rendered":"NVR 12 Megapixel (4K) \/ Reconocimiento Facial \/ 16 Canales IP \/ 16 Puertos PoE+ \/ 2 Bah\u00edas de Disco Duro \/ Filtro de Falsas Alarmas \/ Detecci\u00f3n de Cuerpo Humano y Veh\u00edculos \/ Time Lapse"},"content":{"rendered":"<div style='width: 100%; max-width: 1200px; margin: 0 auto; font-family: sans-serif; line-height: 1.6; color: inherit; background-color: transparent;'>\n<div style='text-align: center; margin-bottom: 30px;'> <img style='width: 45%; height: auto; border: 1px solid rgba(150&comma;150&comma;150&comma;0.3); border-radius: 8px;' src='https:\/\/ftp3.syscom.mx\/usuarios\/jsosa\/HIKVISION\/imagenes\/logo\/hikvision%20see%20far.png' alt='Logo Hikvision'> <\/div>\n<div style='margin-bottom: 30px;'>\n<h3 style='font-size: 22px; border-bottom: 2px solid currentColor; padding-bottom: 5px; margin-top: 0; color: inherit; opacity: 0.8; text-align: center;'>Funci\u00f3n Time-Lapse<\/h3>\n<div style='position: relative; padding-bottom: 56.25%; height: 0; overflow: hidden; margin-top: 15px;'> <video style='position: absolute; top: 0; left: 0; width: 100%; height: 100%; border: none; border-radius: 8px;' controls><source src='http:\/\/ftp3.syscom.mx\/usuarios\/roberto.espino\/videos\/Time-Lapse%20NVR.mp4' type='video\/mp4'>Tu navegador no soporta el elemento de video.<\/video> <\/div>\n<\/p><\/div>\n<div style='display: flex; flex-wrap: wrap; gap: 30px; margin-bottom: 30px;'>\n<div style='flex: 1 1 45%; min-width: 300px;'>\n<h3 style='font-size: 22px; border-bottom: 2px solid currentColor; padding-bottom: 5px; margin-top: 0; color: inherit; opacity: 0.8; text-align: center;'>Video Vigilancia Inteligente<\/h3>\n<div style='position: relative; padding-bottom: 56.25%; height: 0; overflow: hidden; margin-top: 15px;'>   <\/div>\n<\/p><\/div>\n<div style='flex: 1 1 45%; min-width: 300px;'>\n<h3 style='font-size: 22px; border-bottom: 2px solid currentColor; padding-bottom: 5px; margin-top: 0; color: inherit; opacity: 0.8; text-align: center;'>Evite Falsas Alarmas<\/h3>\n<div style='position: relative; padding-bottom: 56.25%; height: 0; overflow: hidden; margin-top: 15px;'>   <\/div>\n<\/p><\/div>\n<\/p><\/div>\n<div style='display: flex; flex-wrap: wrap; gap: 20px; margin-bottom: 30px;'>\n<div style='flex: 1 1 30%; min-width: 280px; border: 1px solid rgba(150&comma; 150&comma; 150&comma; 0.4); border-radius: 8px; overflow: hidden; display: flex; flex-direction: column;'>\n<div style='padding: 15px; border-bottom: 1px solid rgba(150&comma; 150&comma; 150&comma; 0.2); font-weight: bold; font-size: 18px; color: inherit;'>Caracter\u00edsticas principales<\/div>\n<div style='padding: 15px; color: inherit; flex-grow: 1;'>\n<ul style='padding-left: 20px; margin: 0; font-size: 14px; list-style-type: disc;'>\n<li style='margin-bottom: 5px;'>Gesti\u00f3n de almacenamiento de im\u00e1genes (rostros) de gran capacidad<\/li>\n<li style='margin-bottom: 5px;'>Comparaci\u00f3n de rostros (base de datos) y acci\u00f3n de evento (alarmas)<\/li>\n<li style='margin-bottom: 5px;'>Reconocimiento f\u00e1cil y an\u00e1lisis mas precisos basados en algoritmos de Deep Learning (algoritmo de aprendizaje)<\/li>\n<li style='margin-bottom: 5px;'>Alarmas de audio&comma; aviso al centro de monitoreo (iVMS-4200&comma; envi\u00f3 de correo electr\u00f3nico y salidas de alarma)<\/li>\n<li style='margin-bottom: 5px;'>Compatible con Hik-Connect P2P <a href='https:\/\/appstore.hikvision.com\/' target='_blank' rel='noopener' style='color: inherit; text-decoration: underline;'>https:\/\/appstore.hikvision.com\/<\/a><\/li>\n<\/ul><\/div>\n<\/p><\/div>\n<div style='flex: 1 1 30%; min-width: 280px; border: 1px solid rgba(150&comma; 150&comma; 150&comma; 0.4); border-radius: 8px; overflow: hidden; display: flex; flex-direction: column;'>\n<div style='padding: 15px; border-bottom: 1px solid rgba(150&comma; 150&comma; 150&comma; 0.2); font-weight: bold; font-size: 18px; color: inherit;'>Caracter\u00edsticas F\u00edsicas y El\u00e9ctricas<\/div>\n<div style='padding: 15px; color: inherit; flex-grow: 1;'>\n<ul style='padding-left: 20px; margin: 0; font-size: 14px; list-style-type: disc;'>\n<li style='margin-bottom: 5px;'>Alimentaci\u00f3n y consumo: 100 a 240 VAC<\/li>\n<li style='margin-bottom: 5px;'>Temperatura de operaci\u00f3n: -10\u00ba a 55\u00ba C<\/li>\n<li style='margin-bottom: 5px;'>Dimensiones: 385 x 315 x 52 mm<\/li>\n<li style='margin-bottom: 5px;'>Peso: 3 kg<\/li>\n<li style='margin-bottom: 5px;'>Soporta 2 HDD\u00b4s de hasta 6 TB. (no incluido)<\/li>\n<li style='margin-bottom: 5px;'>Salida HDMI: 4K \/ 2K \/ 1080p \/ 720p<\/li>\n<li style='margin-bottom: 5px;'>Salida independiente HDMI y VGA<\/li>\n<li style='margin-bottom: 5px;'>Entrada de Audio: 1 Canal<\/li>\n<li style='margin-bottom: 5px;'>Salida de Audio: 1 Canal<\/li>\n<li style='margin-bottom: 5px;'>Soporta audio bidireccional (audio de dos v\u00edas)<\/li>\n<\/ul><\/div>\n<\/p><\/div>\n<div style='flex: 1 1 30%; min-width: 280px; border: 1px solid rgba(150&comma; 150&comma; 150&comma; 0.4); border-radius: 8px; overflow: hidden; display: flex; flex-direction: column;'>\n<div style='padding: 15px; border-bottom: 1px solid rgba(150&comma; 150&comma; 150&comma; 0.2); font-weight: bold; font-size: 18px; color: inherit;'>Capacidad de procesamiento y funciones de red<\/div>\n<div style='padding: 15px; color: inherit; flex-grow: 1;'>\n<ul style='padding-left: 20px; margin: 0; font-size: 14px; list-style-type: disc;'>\n<li style='margin-bottom: 5px;'>Throughput entrada: 160 Mbps<\/li>\n<li style='margin-bottom: 5px;'>Throughput salida: 256 Mbps<\/li>\n<li style='margin-bottom: 5px;'>El Modo Extendido solo puede alimentar c\u00e1maras IP fijas (no PTZ)<\/li>\n<li style='margin-bottom: 5px;'>1 puerto red 10 \/ 100 \/ 1000 Mbps. (LAN)<\/li>\n<li style='margin-bottom: 5px;'>16 Puertos PoE Interconstruidos 802.3 af\/at<\/li>\n<li style='margin-bottom: 5px;'>M\u00e1xima capacidad de suministros en puertos PoE: 200 W<\/li>\n<li style='margin-bottom: 5px;'>Soporta compresi\u00f3n: H.265+ \/ H.265 \/ H.264+ \/ H.264<\/li>\n<li style='margin-bottom: 5px;'>Soporta resoluci\u00f3n: 12MP \/ 8 MP \/ 6 MP \/ 5 MP \/ 4 MP \/ 3 MP \/ 1080p \/ 720p<\/li>\n<li style='margin-bottom: 5px;'>Entrada y salida de alarmas: 4 \/ 1<\/li>\n<\/ul><\/div>\n<\/p><\/div>\n<\/p><\/div>\n<div style='border: 1px solid rgba(150&comma; 150&comma; 150&comma; 0.4); border-radius: 8px; overflow: hidden; margin-bottom: 30px;'>\n<div style='padding: 15px; border-bottom: 1px solid rgba(150&comma; 150&comma; 150&comma; 0.2); font-weight: bold; font-size: 18px; color: inherit;'>Caracter\u00edsticas Destacadas<\/div>\n<div style='padding: 15px; color: inherit;'>\n<h4 style='font-size: 18px; margin-top: 20px; margin-bottom: 10px; color: inherit; opacity: 0.9;'>Reconocimiento Facial<\/h4>\n<ul style='padding-left: 20px; margin: 0; font-size: 14px; list-style-type: disc;'>\n<li style='margin-bottom: 5px;'>Podemos almacenar hasta 16 librer\u00edas<\/li>\n<li style='margin-bottom: 5px;'>Podemos almacenar hasta 100&comma;000 im\u00e1genes (fotos)<\/li>\n<li style='margin-bottom: 5px;'>16 canales de video con reconocimiento de rostros<\/li>\n<li style='margin-bottom: 5px;'>Al momento de detectar la c\u00e1mara el rostro y coincide con un rostros en la base de datos podemos: grabar&comma; notificar al software (iVMS-4200)&comma; envio de email&comma; activar alguna salida de alarma&comma; etc.<\/li>\n<li style='margin-bottom: 5px;'>Se recomienda colocar el modelo de c\u00e1maras IDS-2CD7 para poder tener los 16 canales de video con la funci\u00f3n de reconocimiento facial. Cada c\u00e1mara permite tener un canal con reconocimiento facial.<\/li>\n<li style='margin-bottom: 5px;'>Podemos tener hasta 8 canales de reconocimiento facial si manejamos c\u00e1maras de la serie DS-2CD2XX3G0 \/ DS-2CD2XX3G2 \/ DS-2CD2XX5 \/ DS-2CD2XX7G2<\/li>\n<\/ul>\n<h4 style='font-size: 18px; margin-top: 20px; margin-bottom: 10px; color: inherit; opacity: 0.9;'>ACUSENSE (Filtro de Falsas Alarmas)<\/h4>\n<ul style='padding-left: 20px; margin: 0; font-size: 14px; list-style-type: disc;'>\n<li style='margin-bottom: 5px;'>Con tecnolog\u00eda ACUSENSE podemos evitar falsas alarmas como movimiento de \u00e1rboles&comma; animales&comma; etc.<\/li>\n<li style='margin-bottom: 5px;'>Al activar la tecnolog\u00eda ACUSENSE solo detecta cuerpo humano y veh\u00edculos para detectar realmente eventos importantes y as\u00ed eliminar falsas alarmas<\/li>\n<li style='margin-bottom: 5px;'>Soporta hasta 8 canales con ACUSENSE utilizando c\u00e1maras de m\u00e1ximo 4 Megapixel: DS-2CD2XX3G0 \/ DS-2CD2XX3G2 \/ DS-2CD2XX5<\/li>\n<li style='margin-bottom: 5px;'>Soporta hasta 16 canales con ACUSENSE utilizando c\u00e1maras: DS-2CD3XX \/ DS-2CD2XX7G2 (que soporte ACUSENSE)<\/li>\n<\/ul>\n<p style='margin-top: 15px; margin-bottom: 0;'><strong>Nota:<\/strong> Solo es posible habilitar reconocimiento facial o ACUSENSE (no se puede tener ambos al mismo tiempo)<\/p>\n<\/p><\/div>\n<\/p><\/div>\n<div style='margin-bottom: 30px;'>\n<h3 style='font-size: 22px; border-bottom: 2px solid currentColor; padding-bottom: 5px; margin-top: 0; color: inherit; opacity: 0.8; text-align: center;'>Consideraciones<\/h3>\n<div style='border: 1px solid rgba(150&comma; 150&comma; 150&comma; 0.4); border-radius: 8px; overflow: hidden; margin-top: 15px;'>\n<div style='padding: 15px; color: inherit;'>\n<p>No hay consideraciones espec\u00edficas mencionadas en el documento original<\/p>\n<\/p><\/div>\n<\/p><\/div>\n<\/p><\/div>\n<div style='display: flex; flex-wrap: wrap; gap: 30px; margin-bottom: 30px;'>\n<div style='flex: 1 1 45%; min-width: 300px;'>\n<h3 style='font-size: 22px; border-bottom: 2px solid currentColor; padding-bottom: 5px; margin-top: 0; color: inherit; opacity: 0.8; text-align: center;'>AcuSense \u00c1reas Restringidas<\/h3>\n<div style='position: relative; padding-bottom: 56.25%; height: 0; overflow: hidden; margin-top: 15px;'>   <\/div>\n<\/p><\/div>\n<div style='flex: 1 1 45%; min-width: 300px;'>\n<h3 style='font-size: 22px; border-bottom: 2px solid currentColor; padding-bottom: 5px; margin-top: 0; color: inherit; opacity: 0.8; text-align: center;'>AcuSense Almacenes<\/h3>\n<div style='position: relative; padding-bottom: 56.25%; height: 0; overflow: hidden; margin-top: 15px;'>   <\/div>\n<\/p><\/div>\n<\/p><\/div>\n<div style='margin-bottom: 30px; text-align: center;'> <img style='width: 100%; height: auto; border: 1px solid rgba(150&comma;150&comma;150&comma;0.3); border-radius: 8px;' src='https:\/\/ftp3.syscom.mx\/usuarios\/jsosa\/HIKVISION\/imagenes\/banners\/solution%20complete.png' alt='Soluci\u00f3n completa Hikvision'> <\/div>\n<\/p><\/div>\n","protected":false},"excerpt":{"rendered":"<p>NVR 12 Megapixel (4K) \/ Reconocimiento Facial \/ 16 Canales IP \/ 16 Puertos PoE+ \/ 2 Bah\u00edas de Disco Duro \/ Filtro de Falsas Alarmas \/ Detecci\u00f3n de Cuerpo Humano y Veh\u00edculos \/ Time Lapse<\/p>\n","protected":false},"featured_media":112221,"comment_status":"open","ping_status":"closed","template":"","meta":[],"product_brand":[],"product_cat":[2234],"product_tag":[122,54,2235],"class_list":{"0":"post-112222","1":"product","2":"type-product","3":"status-publish","4":"has-post-thumbnail","6":"product_cat-nvrs-network-video-recorders","7":"product_tag-camaras-ip-y-nvrs","8":"product_tag-hikvision","9":"product_tag-nvrs-network-video-recorders","11":"first","12":"outofstock","13":"sale","14":"shipping-taxable","15":"purchasable","16":"product-type-simple"},"_links":{"self":[{"href":"https:\/\/soydeaqui.ddns.net\/pachuca\/index.php\/wp-json\/wp\/v2\/product\/112222","targetHints":{"allow":["GET"]}}],"collection":[{"href":"https:\/\/soydeaqui.ddns.net\/pachuca\/index.php\/wp-json\/wp\/v2\/product"}],"about":[{"href":"https:\/\/soydeaqui.ddns.net\/pachuca\/index.php\/wp-json\/wp\/v2\/types\/product"}],"replies":[{"embeddable":true,"href":"https:\/\/soydeaqui.ddns.net\/pachuca\/index.php\/wp-json\/wp\/v2\/comments?post=112222"}],"wp:featuredmedia":[{"embeddable":true,"href":"https:\/\/soydeaqui.ddns.net\/pachuca\/index.php\/wp-json\/wp\/v2\/media\/112221"}],"wp:attachment":[{"href":"https:\/\/soydeaqui.ddns.net\/pachuca\/index.php\/wp-json\/wp\/v2\/media?parent=112222"}],"wp:term":[{"taxonomy":"product_brand","embeddable":true,"href":"https:\/\/soydeaqui.ddns.net\/pachuca\/index.php\/wp-json\/wp\/v2\/product_brand?post=112222"},{"taxonomy":"product_cat","embeddable":true,"href":"https:\/\/soydeaqui.ddns.net\/pachuca\/index.php\/wp-json\/wp\/v2\/product_cat?post=112222"},{"taxonomy":"product_tag","embeddable":true,"href":"https:\/\/soydeaqui.ddns.net\/pachuca\/index.php\/wp-json\/wp\/v2\/product_tag?post=112222"}],"curies":[{"name":"wp","href":"https:\/\/api.w.org\/{rel}","templated":true}]}}