{"id":112198,"date":"2026-03-20T21:28:49","date_gmt":"2026-03-20T21:28:49","guid":{"rendered":"https:\/\/soydeaqui.ddns.net\/pachuca\/index.php\/producto\/bala-ip-2-megapixel-lente-motorizado-2-8-12-mm-50-mts-ir-exir-poe-exterior-ip67-dwdr-micro-sd-ultra-baja-iluminacion-onvif\/"},"modified":"2026-03-20T21:29:08","modified_gmt":"2026-03-20T21:29:08","slug":"bala-ip-2-megapixel-lente-motorizado-2-8-12-mm-50-mts-ir-exir-poe-exterior-ip67-dwdr-micro-sd-ultra-baja-iluminacion-onvif","status":"publish","type":"product","link":"https:\/\/soydeaqui.ddns.net\/pachuca\/index.php\/producto\/bala-ip-2-megapixel-lente-motorizado-2-8-12-mm-50-mts-ir-exir-poe-exterior-ip67-dwdr-micro-sd-ultra-baja-iluminacion-onvif\/","title":{"rendered":"Bala IP 2 Megapixel \/ Lente Motorizado 2.8 &#8211; 12 mm \/ 50 mts IR EXIR \/ PoE \/ Exterior IP67 \/ dWDR \/ Micro SD \/ Ultra Baja Iluminaci\u00f3n \/ Onvif"},"content":{"rendered":"<div style='width: 100%; max-width: 1200px; margin: 0 auto; font-family: sans-serif; line-height: 1.6; color: inherit; background-color: transparent;'>\n<div style='display: flex; flex-wrap: wrap; justify-content: center; margin-bottom: 30px;'>\n<div style='flex: 1 1 300px; max-width: 600px;'> <img style='width: 100%; height: auto; border: 1px solid rgba(150&comma;150&comma;150&comma;0.3); border-radius: 8px;' src='https:\/\/ftp3.syscom.mx\/usuarios\/fotos\/IPCB120\/143291-hilook.png' alt='Imagen del producto'> <\/div>\n<\/p><\/div>\n<div style='position: relative; padding-bottom: 56.25%; height: 0; overflow: hidden; margin-bottom: 30px;'>   <\/div>\n<div style='display: flex; flex-wrap: wrap; gap: 30px; margin-bottom: 30px;'>\n<div style='flex: 1 1 500px;'>\n<div style='position: relative; padding-bottom: 56.25%; height: 0; overflow: hidden; margin-bottom: 15px;'>   <\/div>\n<\/p><\/div>\n<div style='flex: 1 1 500px;'>\n<div style='position: relative; padding-bottom: 56.25%; height: 0; overflow: hidden; margin-bottom: 15px;'>   <\/div>\n<\/p><\/div>\n<\/p><\/div>\n<div style='display: flex; flex-wrap: wrap; gap: 30px; margin-bottom: 30px;'>\n<div style='flex: 1 1 500px;'>\n<div style='position: relative; padding-bottom: 56.25%; height: 0; overflow: hidden; margin-bottom: 15px;'>   <\/div>\n<\/p><\/div>\n<div style='flex: 1 1 500px;'>\n<div style='position: relative; padding-bottom: 56.25%; height: 0; overflow: hidden; margin-bottom: 15px;'>   <\/div>\n<\/p><\/div>\n<\/p><\/div>\n<div style='display: flex; flex-wrap: wrap; gap: 30px; margin-bottom: 30px;'>\n<div style='flex: 1 1 500px; min-width: 280px;'>\n<div style='border: 1px solid rgba(150&comma; 150&comma; 150&comma; 0.4); border-radius: 8px; overflow: hidden; display: flex; flex-direction: column;'>\n<div style='padding: 15px; border-bottom: 1px solid rgba(150&comma; 150&comma; 150&comma; 0.2); font-weight: bold; font-size: 18px; background-color: #266ca9; color: white;'>Caracter\u00edsticas Principales<\/div>\n<div style='padding: 15px; flex-grow: 1;'>\n<ul style='padding-left: 20px; margin: 0; font-size: 14px; list-style-type: disc; color: inherit;'>\n<li style='margin-bottom: 5px; text-align: left;'><strong>Resoluci\u00f3n m\u00e1xima:<\/strong> 1920 x 1080 (2 Megapixel).<\/li>\n<li style='margin-bottom: 5px; text-align: left;'><strong>Iluminaci\u00f3n m\u00ednima:<\/strong> color 0.005 Lux @ (F1.6&comma; AGC ON).<\/li>\n<li style='margin-bottom: 5px; text-align: left;'><strong>Iluminaci\u00f3n m\u00ednima:<\/strong> B\/N 0.0 Lux con IR.<\/li>\n<li style='margin-bottom: 5px; text-align: left;'><strong>D\u00eda \/ Noche Real:<\/strong> filtro ICR.<\/li>\n<li style='margin-bottom: 5px; text-align: left;'><strong>Lente motorizado:<\/strong> 2.8 a 12 mm (\u00e1ngulo de visi\u00f3n de: 96 a 36\u00ba).<\/li>\n<li style='margin-bottom: 5px; text-align: left;'><strong>Distancia de infrarrojo:<\/strong> 50 mts Smart IR.<\/li>\n<li style='margin-bottom: 5px; text-align: left;'><strong>Funciones normales:<\/strong> dWDR \/ BLC \/ 3D-DNR.<\/li>\n<li style='margin-bottom: 5px; text-align: left;'><strong>Compresi\u00f3n:<\/strong> H.265+ \/ H.265 \/ H.264.<\/li>\n<li style='margin-bottom: 5px; text-align: left;'><strong>Compatible con:<\/strong> plataforma de Hilook\/Hik-Connect.<\/li>\n<li style='margin-bottom: 5px; text-align: left;'><strong>Soporta memoria micro SD:<\/strong> hasta 256 GB (no incluida).<\/li>\n<\/ul><\/div>\n<\/p><\/div>\n<\/p><\/div>\n<div style='flex: 1 1 500px; min-width: 280px;'>\n<div style='border: 1px solid rgba(150&comma; 150&comma; 150&comma; 0.4); border-radius: 8px; overflow: hidden; display: flex; flex-direction: column;'>\n<div style='padding: 15px; border-bottom: 1px solid rgba(150&comma; 150&comma; 150&comma; 0.2); font-weight: bold; font-size: 18px; background-color: #266ca9; color: white;'>Caracter\u00edsticas F\u00edsicas y El\u00e9ctricas<\/div>\n<div style='padding: 15px; flex-grow: 1;'>\n<ul style='padding-left: 20px; margin: 0; font-size: 14px; list-style-type: disc; color: inherit;'>\n<li style='margin-bottom: 5px; text-align: left;'><strong>Alimentaci\u00f3n:<\/strong> 12 Vcc \/ 11 W \/ PoE (802.3 af).<\/li>\n<li style='margin-bottom: 5px; text-align: left;'><strong>Temperatura de operaci\u00f3n:<\/strong> -30\u00b0C a 50\u00b0C \/ Humedad al 90% m\u00e1ximo.<\/li>\n<li style='margin-bottom: 5px; text-align: left;'><strong>Uso en exterior:<\/strong> IP67.<\/li>\n<li style='margin-bottom: 5px; text-align: left;'><strong>Dimensiones:<\/strong> 105 x 244.4 mm<\/li>\n<li style='margin-bottom: 5px; text-align: left;'><strong>Fabricado en:<\/strong> material de metal.<\/li>\n<li style='margin-bottom: 5px; text-align: left;'><strong>Peso:<\/strong> 700 grs.<\/li>\n<\/ul><\/div>\n<\/p><\/div>\n<div style='margin-top: 20px; border: 1px solid rgba(150&comma; 150&comma; 150&comma; 0.4); border-radius: 8px; overflow: hidden; display: flex; flex-direction: column;'>\n<div style='padding: 15px; border-bottom: 1px solid rgba(150&comma; 150&comma; 150&comma; 0.2); font-weight: bold; font-size: 18px; background-color: #266ca9; color: white;'>Accesorios<\/div>\n<div style='padding: 15px; min-height: 165px;'>\n<ul style='padding-left: 20px; margin: 0; font-size: 14px; list-style-type: disc; color: inherit;'>\n<li style='margin-bottom: 5px; text-align: left;'>Caja de conexiones&comma; modelo: <a href='https:\/\/www.syscom.mx\/producto\/DS-1280ZJ-S-HIKVISION-84927.html' target='_blank' rel='noopener' style='color: inherit; text-decoration: underline;'>DS-1280ZJ-S<\/a><\/li>\n<li style='margin-bottom: 5px; text-align: left;'>Montaje de poste vertical&comma; modelo: <a href='https:\/\/www.syscom.mx\/producto\/DS-1275ZJ-SUS-HIKVISION-156172.html' target='_blank' rel='noopener' style='color: inherit; text-decoration: underline;'>DS-1275ZJ-SUS<\/a><\/li>\n<li style='margin-bottom: 5px; text-align: left;'>Montaje de esquina&comma; modelo: <a href='https:\/\/www.syscom.mx\/producto\/DS-1276ZJ-SUS-HIKVISION-156173.html' target='_blank' rel='noopener' style='color: inherit; text-decoration: underline;'>DS-1276ZJ-SUS<\/a><\/li>\n<li style='margin-bottom: 5px; text-align: left;'>Caja de conexiones&comma; modelo: <a href='https:\/\/www.syscom.mx\/producto\/DS-1260ZJ-HIKVISION-72308.html' target='_blank' rel='noopener' style='color: inherit; text-decoration: underline;'>DS-1260ZJ<\/a><\/li>\n<\/ul><\/div>\n<\/p><\/div>\n<\/p><\/div>\n<\/p><\/div>\n<div style='display: flex; flex-wrap: wrap; gap: 30px; margin-bottom: 30px;'>\n<div style='flex: 1 1 500px; min-width: 280px;'>\n<div style='border: 1px solid rgba(150&comma; 150&comma; 150&comma; 0.4); border-radius: 8px; overflow: hidden; display: flex; flex-direction: column;'>\n<div style='padding: 15px; border-bottom: 1px solid rgba(150&comma; 150&comma; 150&comma; 0.2); font-weight: bold; font-size: 18px; background-color: #266ca9; color: white;'>Caracter\u00edsticas Destacadas<\/div>\n<div style='padding: 15px;'>\n<ul style='padding-left: 20px; margin: 0; font-size: 14px; list-style-type: disc; color: inherit;'>\n<li style='margin-bottom: 5px; text-align: left;'><strong>Main Stream:<\/strong> 30 fps (1920 \u00d7 1080&comma; 1280 \u00d7 960&comma; 1280 \u00d7 720).<\/li>\n<li style='margin-bottom: 5px; text-align: left;'><strong>Sub Steam:<\/strong> 30 fps (640 \u00d7 480&comma; 352 \u00d7 240).<\/li>\n<li style='margin-bottom: 5px; text-align: left;'><strong>Soporta hasta:<\/strong> 6 usuarios simult\u00e1neos.<\/li>\n<li style='margin-bottom: 5px; text-align: left;'><strong>Entradas de alarma:<\/strong> N\/A.<\/li>\n<li style='margin-bottom: 5px; text-align: left;'><strong>Salidas de alarma:<\/strong> N\/A.<\/li>\n<li style='margin-bottom: 5px; text-align: left;'><strong>Entradas de audio:<\/strong> N\/A.<\/li>\n<li style='margin-bottom: 5px; text-align: left;'><strong>Salidas de audio:<\/strong> N\/A.<\/li>\n<li style='margin-bottom: 5px; text-align: left;'><strong>Puerto de red:<\/strong> 1 (10 \/ 100 Mbps).<\/li>\n<li style='margin-bottom: 5px; text-align: left;'><strong>Soporta:<\/strong> Onvif Profile S &#8211; G \/ ISAPI.<\/li>\n<\/ul><\/div>\n<\/p><\/div>\n<\/p><\/div>\n<\/p><\/div>\n<div style='display: flex; flex-wrap: wrap; justify-content: center; margin-bottom: 30px;'>\n<div style='flex: 1 1 300px; max-width: 600px;'> <img style='width: 100%; height: auto; border: 1px solid rgba(150&comma;150&comma;150&comma;0.3); border-radius: 8px;' src='https:\/\/ftp3.syscom.mx\/usuarios\/yvalenzuela\/Hilook\/hiklook.jpg' alt='Imagen de marca'> <\/div>\n<\/p><\/div>\n<\/p><\/div>\n","protected":false},"excerpt":{"rendered":"<p>Bala IP 2 Megapixel \/ Lente Motorizado 2.8 &#8211; 12 mm \/ 50 mts IR EXIR \/ PoE \/ Exterior IP67 \/ dWDR \/ Micro SD \/ Ultra Baja Iluminaci\u00f3n \/ Onvif<\/p>\n","protected":false},"featured_media":112197,"comment_status":"open","ping_status":"closed","template":"","meta":[],"product_brand":[],"product_cat":[438],"product_tag":[439,122,715],"class_list":{"0":"post-112198","1":"product","2":"type-product","3":"status-publish","4":"has-post-thumbnail","6":"product_cat-bala","7":"product_tag-bala","8":"product_tag-camaras-ip-y-nvrs","9":"product_tag-hilook-by-hikvision","11":"first","12":"outofstock","13":"sale","14":"shipping-taxable","15":"purchasable","16":"product-type-simple"},"_links":{"self":[{"href":"https:\/\/soydeaqui.ddns.net\/pachuca\/index.php\/wp-json\/wp\/v2\/product\/112198","targetHints":{"allow":["GET"]}}],"collection":[{"href":"https:\/\/soydeaqui.ddns.net\/pachuca\/index.php\/wp-json\/wp\/v2\/product"}],"about":[{"href":"https:\/\/soydeaqui.ddns.net\/pachuca\/index.php\/wp-json\/wp\/v2\/types\/product"}],"replies":[{"embeddable":true,"href":"https:\/\/soydeaqui.ddns.net\/pachuca\/index.php\/wp-json\/wp\/v2\/comments?post=112198"}],"wp:featuredmedia":[{"embeddable":true,"href":"https:\/\/soydeaqui.ddns.net\/pachuca\/index.php\/wp-json\/wp\/v2\/media\/112197"}],"wp:attachment":[{"href":"https:\/\/soydeaqui.ddns.net\/pachuca\/index.php\/wp-json\/wp\/v2\/media?parent=112198"}],"wp:term":[{"taxonomy":"product_brand","embeddable":true,"href":"https:\/\/soydeaqui.ddns.net\/pachuca\/index.php\/wp-json\/wp\/v2\/product_brand?post=112198"},{"taxonomy":"product_cat","embeddable":true,"href":"https:\/\/soydeaqui.ddns.net\/pachuca\/index.php\/wp-json\/wp\/v2\/product_cat?post=112198"},{"taxonomy":"product_tag","embeddable":true,"href":"https:\/\/soydeaqui.ddns.net\/pachuca\/index.php\/wp-json\/wp\/v2\/product_tag?post=112198"}],"curies":[{"name":"wp","href":"https:\/\/api.w.org\/{rel}","templated":true}]}}