{"id":112102,"date":"2026-03-20T21:23:32","date_gmt":"2026-03-20T21:23:32","guid":{"rendered":"https:\/\/soydeaqui.ddns.net\/pachuca\/index.php\/producto\/inclinometro-y-nivel-digital-con-magneto-y-pantalla-digital-que-gira-en-posicion-invertida\/"},"modified":"2026-03-20T21:23:58","modified_gmt":"2026-03-20T21:23:58","slug":"inclinometro-y-nivel-digital-con-magneto-y-pantalla-digital-que-gira-en-posicion-invertida","status":"publish","type":"product","link":"https:\/\/soydeaqui.ddns.net\/pachuca\/index.php\/producto\/inclinometro-y-nivel-digital-con-magneto-y-pantalla-digital-que-gira-en-posicion-invertida\/","title":{"rendered":"Inclin\u00f3metro y Nivel digital con Magneto y Pantalla Digital que Gira en Posici\u00f3n Invertida"},"content":{"rendered":"<div style='width: 100%; max-width: 1200px; margin: 0 auto; font-family: sans-serif; line-height: 1.6; color: inherit; background-color: transparent;'> <!-- Secci\u00f3n de caracter\u00edsticas --> <\/p>\n<div style='display: flex; flex-wrap: wrap; gap: 30px; margin-bottom: 30px;'>\n<div style='flex: 1 1 300px; min-width: 280px;'>\n<h3 style='font-size: 22px; border-bottom: 2px solid currentColor; padding-bottom: 5px; margin-top: 0; color: inherit; opacity: 0.8;'>Caracter\u00edsticas<\/h3>\n<ul style='padding-left: 20px; font-size: 15px; color: inherit;'>\n<li style='margin-bottom: 5px;'><span style='color: inherit;'>Este inclin\u00f3metro y nivel digital puede medir o fijar \u00e1ngulos&comma; verificar \u00e1ngulos relativos o puede usarse como un nivel digital.<\/span><\/li>\n<li style='margin-bottom: 5px;'><span style='color: inherit;'>Pantalla de alta visibilidad y contraste invertido que mejora la visibilidad en ambientes de trabajo con poca luz.<\/span><\/li>\n<li style='margin-bottom: 5px;'><span style='color: inherit;'>Resistente base magn\u00e9tica que se ajusta a tubos conduit&comma; tuber\u00edas&comma; hojas de sierra&comma; ventilaciones&comma; conductos y otras superficies ferromagn\u00e9ticas.<\/span><\/li>\n<li style='margin-bottom: 5px;'><span style='color: inherit;'>Los bordes con muesca en V permiten una alineaci\u00f3n \u00f3ptima sobre tubos conduit y tuber\u00edas para doblado y alineaci\u00f3n.<\/span><\/li>\n<li style='margin-bottom: 5px;'><span style='color: inherit;'>Rango de medici\u00f3n de 0 a 90 grados y 0 a 180 grados que facilitan m\u00faltiples y diversas aplicaciones.<\/span><\/li>\n<li style='margin-bottom: 5px;'><span style='color: inherit;'>El rango de 0 a 180 grados es \u00fatil cuando se tiene en cuenta el contraflujo en aplicaciones de doblado de tuber\u00edas cuando se dobla a 90 grados o m\u00e1s.<\/span><\/li>\n<li style='margin-bottom: 5px;'><span style='color: inherit;'>La pantalla gira autom\u00e1ticamente cuando se pone en posici\u00f3n invertida para una f\u00e1cil visualizaci\u00f3n.<\/span><\/li>\n<li style='margin-bottom: 5px;'><span style='color: inherit;'>Resistente al agua y al polvo con clasificaci\u00f3n IP42.<\/span><\/li>\n<li style='margin-bottom: 5px;'><span style='color: inherit;'>Incluye estuche blando para transporte y 2 bater\u00edas AAA.<\/span><\/li>\n<\/ul><\/div>\n<\/p><\/div>\n<p> <!-- Secci\u00f3n de especificaciones --> <\/p>\n<div style='display: flex; flex-wrap: wrap; gap: 20px; margin-bottom: 30px;'>\n<div style='flex: 1 1 250px; border: 1px solid rgba(150&comma; 150&comma; 150&comma; 0.4); border-radius: 8px; overflow: hidden; display: flex; flex-direction: column;'>\n<div style='padding: 15px; border-bottom: 1px solid rgba(150&comma; 150&comma; 150&comma; 0.2); font-weight: bold; font-size: 18px; color: inherit;'>Dimensiones<\/div>\n<div style='padding: 15px; color: inherit;'>\n<ul style='padding-left: 20px; margin: 0; font-size: 14px; list-style-type: disc;'>\n<li style='margin-bottom: 5px;'><span style='color: inherit;'>Longitud total: 2.36&#8242; (60 mm)<\/span><\/li>\n<li style='margin-bottom: 5px;'><span style='color: inherit;'>Ancho total: 2.2&#8242; (56 mm)<\/span><\/li>\n<li style='margin-bottom: 5px;'><span style='color: inherit;'>Altura total: 1.2&#8242; (30 mm)<\/span><\/li>\n<li style='margin-bottom: 5px;'><span style='color: inherit;'>Material: Carcaza de pl\u00e1stico ABS&comma; y componentes electr\u00f3nicos<\/span><\/li>\n<li style='margin-bottom: 5px;'><span style='color: inherit;'>Tipo de im\u00e1n: De tierra rara permanente<\/span><\/li>\n<li style='margin-bottom: 5px;'><span style='color: inherit;'>Precisi\u00f3n: \u00b10.1\u00b0 de 0\u00b0 a 1\u00b0&comma; 89\u00b0 a 91\u00b0&comma; 179\u00b0 a 180\u00b0&comma; \u00b1 0.2\u00b0 para los dem\u00e1s \u00e1ngulos<\/span><\/li>\n<li style='margin-bottom: 5px;'><span style='color: inherit;'>Protecci\u00f3n ante ca\u00eddas: 6.6\u00b4 (2 m)<\/span><\/li>\n<li style='margin-bottom: 5px;'><span style='color: inherit;'>Protecci\u00f3n de ingreso: IP42: resistente al agua y al polvo<\/span><\/li>\n<li style='margin-bottom: 5px;'><span style='color: inherit;'>Indicador de bater\u00eda baja: S\u00ed<\/span><\/li>\n<li style='margin-bottom: 5px;'><span style='color: inherit;'>Bater\u00edas: 2 AAA de 1.5 V<\/span><\/li>\n<li style='margin-bottom: 5px;'><span style='color: inherit;'>Peso: 99.2 g (3.5 oz)<\/span><\/li>\n<\/ul><\/div>\n<\/p><\/div>\n<\/p><\/div>\n<p> <!-- Contenedor de video --> <\/p>\n<div style='position: relative; padding-bottom: 56.25%; height: 0; overflow: hidden; margin-bottom: 30px;'>   <\/div>\n<p> <!-- Separador --> <\/p>\n<hr style='border: 0; border-top: 1px solid rgba(150&comma; 150&comma; 150&comma; 0.3); margin: 30px 0;'> <\/div>\n","protected":false},"excerpt":{"rendered":"<p>Inclin\u00f3metro y Nivel digital con Magneto y Pantalla Digital que Gira en Posici\u00f3n Invertida<\/p>\n","protected":false},"featured_media":112101,"comment_status":"open","ping_status":"closed","template":"","meta":[],"product_brand":[],"product_cat":[24],"product_tag":[26,25,432],"class_list":{"0":"post-112102","1":"product","2":"type-product","3":"status-publish","4":"has-post-thumbnail","6":"product_cat-accesorios-de-instalacion","7":"product_tag-accesorios-de-instalacion","8":"product_tag-herramientas","9":"product_tag-klein-tools","11":"first","12":"instock","13":"sale","14":"shipping-taxable","15":"purchasable","16":"product-type-simple"},"_links":{"self":[{"href":"https:\/\/soydeaqui.ddns.net\/pachuca\/index.php\/wp-json\/wp\/v2\/product\/112102","targetHints":{"allow":["GET"]}}],"collection":[{"href":"https:\/\/soydeaqui.ddns.net\/pachuca\/index.php\/wp-json\/wp\/v2\/product"}],"about":[{"href":"https:\/\/soydeaqui.ddns.net\/pachuca\/index.php\/wp-json\/wp\/v2\/types\/product"}],"replies":[{"embeddable":true,"href":"https:\/\/soydeaqui.ddns.net\/pachuca\/index.php\/wp-json\/wp\/v2\/comments?post=112102"}],"wp:featuredmedia":[{"embeddable":true,"href":"https:\/\/soydeaqui.ddns.net\/pachuca\/index.php\/wp-json\/wp\/v2\/media\/112101"}],"wp:attachment":[{"href":"https:\/\/soydeaqui.ddns.net\/pachuca\/index.php\/wp-json\/wp\/v2\/media?parent=112102"}],"wp:term":[{"taxonomy":"product_brand","embeddable":true,"href":"https:\/\/soydeaqui.ddns.net\/pachuca\/index.php\/wp-json\/wp\/v2\/product_brand?post=112102"},{"taxonomy":"product_cat","embeddable":true,"href":"https:\/\/soydeaqui.ddns.net\/pachuca\/index.php\/wp-json\/wp\/v2\/product_cat?post=112102"},{"taxonomy":"product_tag","embeddable":true,"href":"https:\/\/soydeaqui.ddns.net\/pachuca\/index.php\/wp-json\/wp\/v2\/product_tag?post=112102"}],"curies":[{"name":"wp","href":"https:\/\/api.w.org\/{rel}","templated":true}]}}