{"id":111926,"date":"2026-03-20T21:13:49","date_gmt":"2026-03-20T21:13:49","guid":{"rendered":"https:\/\/soydeaqui.ddns.net\/pachuca\/index.php\/producto\/switch-administrable-l3-24-puertos-gigabit-poe-802-3bt-2-puertos-10g-sfp-pantalla-tactil-fuente-redundante-600w\/"},"modified":"2026-03-20T21:14:01","modified_gmt":"2026-03-20T21:14:01","slug":"switch-administrable-l3-24-puertos-gigabit-poe-802-3bt-2-puertos-10g-sfp-pantalla-tactil-fuente-redundante-600w","status":"publish","type":"product","link":"https:\/\/soydeaqui.ddns.net\/pachuca\/index.php\/producto\/switch-administrable-l3-24-puertos-gigabit-poe-802-3bt-2-puertos-10g-sfp-pantalla-tactil-fuente-redundante-600w\/","title":{"rendered":"Switch Administrable L3, 24 puertos Gigabit PoE 802.3bt, 2 puertos 10G SFP+, Pantalla Tactil, Fuente Redundante, (600W)"},"content":{"rendered":"<div style='width: 100%; max-width: 1200px; margin: 0 auto; font-family: sans-serif; line-height: 1.6; color: inherit; background-color: transparent;'>\n<div style='display: flex; flex-wrap: wrap; gap: 30px; margin-bottom: 30px;'>\n<div style='flex: 1 1 300px; min-width: 280px;'>\n<h3 style='font-size: 22px; border-bottom: 2px solid currentColor; padding-bottom: 5px; margin-top: 0; color: inherit; opacity: 0.8;'>Descripci\u00f3n general<\/h3>\n<p style='font-size: 15px; color: inherit; margin-top: 15px; margin-bottom: 15px;'>Potente conmutador gestionado PoE 802.3bt con conmutaci\u00f3n avanzada L2 + \/ L4 y seguridad<\/p>\n<p style='font-size: 15px; color: inherit; margin-top: 15px; margin-bottom: 15px;'>PLANET GS-6320-24UP2T2XV es un conmutador gestionado PoE Gigabit 802.3bt con pantalla t\u00e1ctil LCD de 1.25U&comma; con optimizaci\u00f3n de costos y funciones t\u00e1ctiles inteligentes de PLANET para mejorar la disponibilidad de aplicaciones comerciales cr\u00edticas. Proporciona administraci\u00f3n de doble pila IPv6 \/ IPv4 y motor de conmutaci\u00f3n Gigabit L2 + \/ L4 incorporado junto con 24 puertos 10\/100\/1000BASE-T 802.3bt PoE ++&comma; 2 puertos 10GBASE-T RJ45 y 2 puertos 10Gigabit SFP + adicionales. Con un presupuesto de energ\u00eda total de hasta 600 vatios para diferentes tipos de aplicaciones PoE&comma; el GS-6320-24UP2T2XV proporciona una soluci\u00f3n de red PoE 802.3bt r\u00e1pida&comma; segura y rentable para peque\u00f1as empresas y empresas.<\/p>\n<\/p><\/div>\n<\/p><\/div>\n<div style='display: flex; flex-wrap: wrap; gap: 30px; margin-bottom: 30px;'>\n<div style='flex: 1 1 300px; min-width: 280px;'>\n<h3 style='font-size: 22px; border-bottom: 2px solid currentColor; padding-bottom: 5px; margin-top: 0; color: inherit; opacity: 0.8;'>Soluciones IEEE 802.3bt PoE<\/h3>\n<p style='font-size: 15px; color: inherit; margin-top: 15px; margin-bottom: 15px;'>El GS-6320-24UP2T2XV es compatible con el est\u00e1ndar 802.3bt&comma; suministrando hasta 95 vatios por puerto para mayores requisitos de dispositivos. Puede ofrecer m\u00e1s aplicaciones PoE&comma; como:<\/p>\n<ul style='padding-left: 20px; font-size: 15px; color: inherit; margin-top: 15px; margin-bottom: 15px; list-style-type: disc;'>\n<li style='margin-bottom: 5px;'><strong>C\u00e1maras domo de velocidad PoE PTZ<\/strong><\/li>\n<li style='margin-bottom: 5px;'><strong>Cualquier dispositivo de red que necesite mayor potencia PoE para funcionar normalmente<\/strong><\/li>\n<li style='margin-bottom: 5px;'><strong>Cliente ligero<\/strong><\/li>\n<li style='margin-bottom: 5px;'><strong>PC t\u00e1ctil AIO (todo en uno)<\/strong><\/li>\n<li style='margin-bottom: 5px;'><strong>Pantalla de se\u00f1alizaci\u00f3n digital remota<\/strong><\/li>\n<\/ul><\/div>\n<div style='flex: 1 1 300px; min-width: 280px;'> <img style='width: 100%; height: auto; border: 1px solid rgba(150&comma;150&comma;150&comma;0.3); border-radius: 8px;' src='https:\/\/www.planet.com.tw\/storage\/products\/49268\/edm_GS-6320-24UP2T2XV.jpg' alt=''> <\/div>\n<div style='flex: 1 1 300px; min-width: 280px;'> <img style='width: 100%; height: auto; border: 1px solid rgba(150&comma;150&comma;150&comma;0.3); border-radius: 8px;' src='https:\/\/www.planet.com.tw\/storage\/products\/49268\/GS-6320-24UP2T2XV_Front-Panel-Introducton.png' alt=''> <\/div>\n<\/p><\/div>\n<div style='display: flex; flex-wrap: wrap; gap: 30px; margin-bottom: 30px;'>\n<div style='flex: 1 1 300px; min-width: 280px;'>\n<h3 style='font-size: 22px; border-bottom: 2px solid currentColor; padding-bottom: 5px; margin-top: 0; color: inherit; opacity: 0.8;'>Nueva pantalla t\u00e1ctil LCD a color<\/h3>\n<p style='font-size: 15px; color: inherit; margin-top: 15px; margin-bottom: 15px;'>El exclusivo conmutador Smart LCD PoE proporciona un panel t\u00e1ctil intuitivo en su panel frontal que facilita la administraci\u00f3n de Ethernet y la administraci\u00f3n de PoE PD. Promueve en gran medida la eficiencia de la gesti\u00f3n en redes a gran escala&comma; como empresas&comma; hoteles&comma; centros comerciales&comma; edificios gubernamentales y otras \u00e1reas p\u00fablicas&comma; y presenta las siguientes funciones especiales de gesti\u00f3n y estado:<\/p>\n<ul style='padding-left: 20px; font-size: 15px; color: inherit; margin-top: 15px; margin-bottom: 15px; list-style-type: disc;'>\n<li style='margin-bottom: 5px;'><strong>Direcci\u00f3n IP&comma; VLAN y configuraci\u00f3n de QoS<\/strong><\/li>\n<li style='margin-bottom: 5px;'><strong>Gesti\u00f3n y estado de PoE<\/strong><\/li>\n<li style='margin-bottom: 5px;'><strong>Gesti\u00f3n de puertos e informaci\u00f3n de estado \/ SFP<\/strong><\/li>\n<li style='margin-bottom: 5px;'><strong>Soluci\u00f3n de problemas: diagn\u00f3stico de cable y ping IP remoto<\/strong><\/li>\n<li style='margin-bottom: 5px;'><strong>Mantenimiento: reinicio&comma; configuraci\u00f3n predeterminada de f\u00e1brica y guardar configuraci\u00f3n<\/strong><\/li>\n<\/ul><\/div>\n<div style='flex: 1 1 300px; min-width: 280px;'> <img style='width: 100%; height: auto; border: 1px solid rgba(150&comma;150&comma;150&comma;0.3); border-radius: 8px;' src='https:\/\/www.planet.com.tw\/storage\/products\/49268\/GS-6320-24UP2T2XV-2.png' alt=''> <\/div>\n<\/p><\/div>\n<div style='display: flex; flex-wrap: wrap; gap: 30px; margin-bottom: 30px;'>\n<div style='flex: 1 1 300px; min-width: 280px;'>\n<h3 style='font-size: 22px; border-bottom: 2px solid currentColor; padding-bottom: 5px; margin-top: 0; color: inherit; opacity: 0.8;'>Capacidad Ethernet de alto rendimiento a 10 Gbps<\/h3>\n<p style='font-size: 15px; color: inherit; margin-top: 15px; margin-bottom: 15px;'>El GS-6320-24UP2T2XV ofrece un rendimiento de transferencia de paquetes a velocidad de cable sin el riesgo de p\u00e9rdida de paquetes. El alto rendimiento de datos del dispositivo lo hace ideal para la mayor\u00eda de los entornos Gigabit. Con una estructura interna de 20 Gbps y soporte de negociaci\u00f3n autom\u00e1tica en su puerto de 10 Gigabits&comma; el GS-6320-24UP2T2XV puede manejar cantidades extremadamente grandes de transmisi\u00f3n de datos en una topolog\u00eda segura que se vincula a la computaci\u00f3n en la nube del centro de datos&comma; redes troncales empresariales&comma; redes de campus e infraestructura de operadores.<\/p>\n<\/p><\/div>\n<\/p><\/div>\n<div style='display: flex; flex-wrap: wrap; gap: 30px; margin-bottom: 30px;'>\n<div style='flex: 1 1 300px; min-width: 280px;'>\n<h3 style='font-size: 22px; border-bottom: 2px solid currentColor; padding-bottom: 5px; margin-top: 0; color: inherit; opacity: 0.8;'>Dispositivos ONVIF convenientes e inteligentes con funci\u00f3n de detecci\u00f3n<\/h3>\n<p style='font-size: 15px; color: inherit; margin-top: 15px; margin-bottom: 15px;'>PLANET ha desarrollado recientemente una caracter\u00edstica incre\u00edble: Soporte ONVIF&comma; que est\u00e1 espec\u00edficamente dise\u00f1ado para cooperar con Video Vigilancias IP. Desde la GUI GS-6320-24UP2T2XV&comma; los clientes solo necesitan un clic para buscar y mostrar todos los dispositivos ONVIF a trav\u00e9s de la aplicaci\u00f3n de red. Adem\u00e1s&comma; los clientes pueden cargar im\u00e1genes de piso a un conmutador y le permite implementar cualquier dispositivo de vigilancia para facilitar la inspecci\u00f3n y la planificaci\u00f3n. Adem\u00e1s&comma; los clientes pueden obtener informaci\u00f3n de vigilancia en tiempo real y estado en l\u00ednea \/ fuera de l\u00ednea&comma; y tambi\u00e9n permite el control de reinicio de PoE desde la GUI.<\/p>\n<\/p><\/div>\n<div style='flex: 1 1 300px; min-width: 280px;'> <img style='width: 100%; height: auto; border: 1px solid rgba(150&comma;150&comma;150&comma;0.3); border-radius: 8px;' src='https:\/\/www.planet.com.tw\/storage\/products\/49268\/GS-6320-24UP2T2XV-10.png' alt=''> <\/div>\n<div style='flex: 1 1 300px; min-width: 280px;'> <img style='width: 100%; height: auto; border: 1px solid rgba(150&comma;150&comma;150&comma;0.3); border-radius: 8px;' src='https:\/\/www.planet.com.tw\/storage\/products\/49268\/GS-6320-24UP2T2XV-3.png' alt=''> <\/div>\n<\/p><\/div>\n<div style='display: flex; flex-wrap: wrap; gap: 30px; margin-bottom: 30px;'>\n<div style='flex: 1 1 300px; min-width: 280px;'>\n<h3 style='font-size: 22px; border-bottom: 2px solid currentColor; padding-bottom: 5px; margin-top: 0; color: inherit; opacity: 0.8;'>Funciones PoE \u00fanicas incorporadas para la gesti\u00f3n de dispositivos con alimentaci\u00f3n<\/h3>\n<p style='font-size: 15px; color: inherit; margin-top: 15px; margin-bottom: 15px;'>Al ser los conmutadores PoE administrados para redes de vigilancia&comma; inal\u00e1mbricas y VoIP&comma; el GS-6320-24UP2T2XV presenta las siguientes funciones especiales de administraci\u00f3n de PoE:<\/p>\n<ul style='padding-left: 20px; font-size: 15px; color: inherit; margin-top: 15px; margin-bottom: 15px; list-style-type: disc;'>\n<li style='margin-bottom: 5px;'><strong>Control de PD vivo<\/strong><\/li>\n<li style='margin-bottom: 5px;'><strong>Reciclado de energ\u00eda programado<\/strong><\/li>\n<li style='margin-bottom: 5px;'><strong>Horario PoE<\/strong><\/li>\n<li style='margin-bottom: 5px;'><strong>Monitoreo de uso de PoE<\/strong><\/li>\n<\/ul><\/div>\n<\/p><\/div>\n<div style='display: flex; flex-wrap: wrap; gap: 30px; margin-bottom: 30px;'>\n<div style='flex: 1 1 300px; min-width: 280px;'>\n<h3 style='font-size: 22px; border-bottom: 2px solid currentColor; padding-bottom: 5px; margin-top: 0; color: inherit; opacity: 0.8;'>Comprobaci\u00f3n activa del dispositivo con alimentaci\u00f3n inteligente<\/h3>\n<p style='font-size: 15px; color: inherit; margin-top: 15px; margin-bottom: 15px;'>El GS-6320-24UP2T2XV se puede configurar para monitorear el estado del PD (dispositivo alimentado) conectado en tiempo real a trav\u00e9s de la acci\u00f3n de ping. Una vez que el PD deja de funcionar y responde&comma; el GS-6320-24UP2T2XV reanudar\u00e1 la alimentaci\u00f3n del puerto PoE y har\u00e1 que el PD vuelva a funcionar. Mejorar\u00e1 en gran medida la confiabilidad de la red a trav\u00e9s del puerto PoE que restablece la fuente de alimentaci\u00f3n del PD y reduce la carga de administraci\u00f3n del administrador.<\/p>\n<\/p><\/div>\n<div style='flex: 1 1 300px; min-width: 280px;'> <img style='width: 100%; height: auto; border: 1px solid rgba(150&comma;150&comma;150&comma;0.3); border-radius: 8px;' src='https:\/\/www.planet.com.tw\/storage\/products\/49268\/SGS-5220-24T2X-8_L.png' alt=''> <\/div>\n<\/p><\/div>\n<div style='display: flex; flex-wrap: wrap; gap: 30px; margin-bottom: 30px;'>\n<div style='flex: 1 1 300px; min-width: 280px;'>\n<h3 style='font-size: 22px; border-bottom: 2px solid currentColor; padding-bottom: 5px; margin-top: 0; color: inherit; opacity: 0.8;'>Reciclado programado de energ\u00eda<\/h3>\n<p style='font-size: 15px; color: inherit; margin-top: 15px; margin-bottom: 15px;'>El GS-6320-24UP2T2XV permite que cada una de las c\u00e1maras IP PoE conectadas o puntos de acceso inal\u00e1mbrico PoE se reinicien a una hora espec\u00edfica cada semana. Por lo tanto&comma; reducir\u00e1n la posibilidad de que la c\u00e1mara IP o el AP se bloqueen como resultado del desbordamiento del b\u00fafer.<\/p>\n<\/p><\/div>\n<div style='flex: 1 1 300px; min-width: 280px;'> <img style='width: 100%; height: auto; border: 1px solid rgba(150&comma;150&comma;150&comma;0.3); border-radius: 8px;' src='https:\/\/www.planet.com.tw\/storage\/products\/49268\/WGSW-20160HP-8_L.gif' alt=''> <\/div>\n<\/p><\/div>\n<div style='display: flex; flex-wrap: wrap; gap: 30px; margin-bottom: 30px;'>\n<div style='flex: 1 1 300px; min-width: 280px;'>\n<h3 style='font-size: 22px; border-bottom: 2px solid currentColor; padding-bottom: 5px; margin-top: 0; color: inherit; opacity: 0.8;'>Programa de PoE para ahorro de energ\u00eda<\/h3>\n<p style='font-size: 15px; color: inherit; margin-top: 15px; margin-bottom: 15px;'>Bajo la tendencia de ahorro de energ\u00eda en todo el mundo y contribuyendo a la protecci\u00f3n del medio ambiente&comma; el GS-6320-24UP2T2XV puede controlar de manera efectiva la fuente de alimentaci\u00f3n adem\u00e1s de su capacidad de proporcionar una alta potencia de vatios. La funci\u00f3n &#8216;Programaci\u00f3n PoE&#8217; lo ayuda a habilitar o deshabilitar la alimentaci\u00f3n de energ\u00eda PoE para cada puerto PoE durante intervalos de tiempo espec\u00edficos y es una funci\u00f3n poderosa para ayudar a las PYMES o empresas a ahorrar energ\u00eda y dinero. Tambi\u00e9n aumenta la seguridad al apagar las PD que no deber\u00edan estar en uso fuera del horario comercial.<\/p>\n<\/p><\/div>\n<div style='flex: 1 1 300px; min-width: 280px;'> <img style='width: 100%; height: auto; border: 1px solid rgba(150&comma;150&comma;150&comma;0.3); border-radius: 8px;' src='https:\/\/www.planet.com.tw\/storage\/products\/49268\/SGS-5220-24T2X-6_L.png' alt=''> <\/div>\n<\/p><\/div>\n<div style='display: flex; flex-wrap: wrap; gap: 30px; margin-bottom: 30px;'>\n<div style='flex: 1 1 300px; min-width: 280px;'>\n<h3 style='font-size: 22px; border-bottom: 2px solid currentColor; padding-bottom: 5px; margin-top: 0; color: inherit; opacity: 0.8;'>Monitoreo de uso de PoE<\/h3>\n<p style='font-size: 15px; color: inherit; margin-top: 15px; margin-bottom: 15px;'>A trav\u00e9s de la tabla de uso de energ\u00eda en la interfaz de administraci\u00f3n web&comma; el GS-6320-24UP2T2XV le permite al administrador monitorear el estado del uso de energ\u00eda de los PD conectados en tiempo real. Por lo tanto&comma; mejora en gran medida la eficiencia de gesti\u00f3n de las instalaciones.<\/p>\n<\/p><\/div>\n<\/p><\/div>\n<div style='display: flex; flex-wrap: wrap; gap: 30px; margin-bottom: 30px;'>\n<div style='flex: 1 1 300px; min-width: 280px;'>\n<h3 style='font-size: 22px; border-bottom: 2px solid currentColor; padding-bottom: 5px; margin-top: 0; color: inherit; opacity: 0.8;'>Capacidad de enlace ascendente rentable de 10 Gbps<\/h3>\n<p style='font-size: 15px; color: inherit; margin-top: 15px; margin-bottom: 15px;'>10G Ethernet es un gran salto en la evoluci\u00f3n de Ethernet. Las dos ranuras 10G SFP + del GS-6320-24UP2T2XV admiten 10GBASE-SR \/ LR de doble velocidad o 1000BASE-SX \/ LX&comma; lo que significa que el administrador ahora puede elegir de manera flexible el transceptor SFP \/ SFP + adecuado de acuerdo con la distancia de transmisi\u00f3n o la velocidad de transmisi\u00f3n requerido para extender la red de manera eficiente. Admiten en gran medida la red SMB para lograr el m\u00e1ximo rendimiento de 10 Gbps de una manera rentable porque la interfaz de 10 GbE generalmente podr\u00eda estar disponible en el conmutador de capa 3&comma; pero el conmutador de capa 3 podr\u00eda ser demasiado costoso para las PYMES.<\/p>\n<\/p><\/div>\n<\/p><\/div>\n<div style='display: flex; flex-wrap: wrap; gap: 30px; margin-bottom: 30px;'>\n<div style='flex: 1 1 300px; min-width: 280px;'>\n<h3 style='font-size: 22px; border-bottom: 2px solid currentColor; padding-bottom: 5px; margin-top: 0; color: inherit; opacity: 0.8;'>Fuente de alimentaci\u00f3n de CA \/ CC redundante para garantizar un funcionamiento continuo<\/h3>\n<p style='font-size: 15px; color: inherit; margin-top: 15px; margin-bottom: 15px;'>El GS-6320-24UP2T2XV est\u00e1 especialmente equipado con una unidad de fuente de alimentaci\u00f3n de CA de 100 ~ 240V y una unidad de fuente de alimentaci\u00f3n de 36 ~ 60V CC para proporcionar una fuente de alimentaci\u00f3n redundante mejorada&comma; confiable y escalable. El sistema de energ\u00eda continua est\u00e1 espec\u00edficamente dise\u00f1ado para cumplir con las demandas de las instalaciones de alta tecnolog\u00eda que requieren la m\u00e1s alta integridad de energ\u00eda. Con la fuente de alimentaci\u00f3n de 36 ~ 60V CC&comma; el GS-6320-24UP2T2XV puede actuar como un dispositivo de nivel de telecomunicaciones que se puede ubicar en la sala electr\u00f3nica.<\/p>\n<p> <img style='width: 100%; height: auto; border: 1px solid rgba(150&comma;150&comma;150&comma;0.3); border-radius: 8px;' src='https:\/\/www.planet.com.tw\/storage\/products\/49268\/GS-6320-24UP2T2XV_Rear-Panel-Introducton.png' alt=''> <\/div>\n<\/p><\/div>\n<div style='display: flex; flex-wrap: wrap; gap: 30px; margin-bottom: 30px;'>\n<div style='flex: 1 1 300px; min-width: 280px;'>\n<h3 style='font-size: 22px; border-bottom: 2px solid currentColor; padding-bottom: 5px; margin-top: 0; color: inherit; opacity: 0.8;'>Dise\u00f1o de ventilador inteligente y respetuoso con el medio ambiente para un funcionamiento silencioso<\/h3>\n<p style='font-size: 15px; color: inherit; margin-top: 15px; margin-bottom: 15px;'>El GS-6320-24UP2T2XV presenta una carcasa de metal de 19 pulgadas&comma; un dise\u00f1o silencioso y un sistema de ventilaci\u00f3n efectivo. Admite la tecnolog\u00eda de ventilador inteligente que controla autom\u00e1ticamente la velocidad del ventilador incorporado para reducir el ruido y mantener la temperatura del interruptor PoE para una capacidad de salida de potencia \u00f3ptima. El GS-6320-24UP2T2XV puede operar de manera confiable&comma; estable y silenciosa en cualquier entorno sin afectar su rendimiento.<\/p>\n<\/p><\/div>\n<\/p><\/div>\n<div style='display: flex; flex-wrap: wrap; gap: 30px; margin-bottom: 30px;'>\n<div style='flex: 1 1 300px; min-width: 280px;'>\n<h3 style='font-size: 22px; border-bottom: 2px solid currentColor; padding-bottom: 5px; margin-top: 0; color: inherit; opacity: 0.8;'>Soluci\u00f3n para redes IPv6<\/h3>\n<p style='font-size: 15px; color: inherit; margin-top: 15px; margin-bottom: 15px;'>Al admitir la pila dual IPv6 \/ IPv4 y muchas funciones de administraci\u00f3n con interfaces de usuario f\u00e1ciles y amigables&comma; el GS-6320-24UP2T2XV es la mejor opci\u00f3n para los proveedores de servicios de vigilancia IP&comma; VoIP e inal\u00e1mbricos para implementar la red IPv6. Tambi\u00e9n ayuda a las PYMES a entrar en la era de IPv6 con la inversi\u00f3n m\u00e1s baja&comma; pero no es necesario reemplazar las instalaciones de la red&comma; mientras que los ISP construyen la red de borde FTTx IPv6.<\/p>\n<\/p><\/div>\n<div style='flex: 1 1 300px; min-width: 280px;'> <img style='width: 100%; height: auto; border: 1px solid rgba(150&comma;150&comma;150&comma;0.3); border-radius: 8px;' src='https:\/\/www.planet.com.tw\/storage\/products\/49268\/GS-6320-24UP2T2XV-5.png' alt=''> <\/div>\n<\/p><\/div>\n<div style='display: flex; flex-wrap: wrap; gap: 30px; margin-bottom: 30px;'>\n<div style='flex: 1 1 300px; min-width: 280px;'>\n<h3 style='font-size: 22px; border-bottom: 2px solid currentColor; padding-bottom: 5px; margin-top: 0; color: inherit; opacity: 0.8;'>Enrutamiento IPv4 e IPv6 VLAN para una gesti\u00f3n segura y flexible<\/h3>\n<p style='font-size: 15px; color: inherit; margin-top: 15px; margin-bottom: 15px;'>Para ayudar a los clientes a mantenerse al tanto de sus negocios&comma; el GS-6320-24UP2T2XV no solo proporciona un rendimiento de transmisi\u00f3n ultra alto y excelentes tecnolog\u00edas de Capa 2&comma; sino que tambi\u00e9n ofrece la funci\u00f3n de enrutamiento de VLAN IPv4 \/ IPv6 que permite cruzar diferentes VLAN y diferentes direcciones IP para el prop\u00f3sito de tener una administraci\u00f3n altamente segura&comma; flexible y una aplicaci\u00f3n de red m\u00e1s simple.<\/p>\n<\/p><\/div>\n<\/p><\/div>\n<div style='display: flex; flex-wrap: wrap; gap: 30px; margin-bottom: 30px;'>\n<div style='flex: 1 1 300px; min-width: 280px;'>\n<h3 style='font-size: 22px; border-bottom: 2px solid currentColor; padding-bottom: 5px; margin-top: 0; color: inherit; opacity: 0.8;'>Caracter\u00edsticas robustas de la capa 2<\/h3>\n<p style='font-size: 15px; color: inherit; margin-top: 15px; margin-bottom: 15px;'>El GS-6320-24UP2T2XV se puede programar para funciones avanzadas de administraci\u00f3n de conmutadores&comma; como agregaci\u00f3n de enlace de puerto din\u00e1mico&comma; VLAN Q-in-Q&comma; Protocolo de \u00e1rbol de expansi\u00f3n m\u00faltiple (MSTP)&comma; QoS de capa 2\/4&comma; control de ancho de banda e inspecci\u00f3n IGMP \/ MLD. El GS-6320-24UP2T2XV permite la operaci\u00f3n de una troncal de alta velocidad que combina m\u00faltiples puertos. Consiste en un m\u00e1ximo de 14 grupos troncales con 4 puertos para cada grupo&comma; y tambi\u00e9n admite la conmutaci\u00f3n por error de conexi\u00f3n.<\/p>\n<\/p><\/div>\n<div style='flex: 1 1 300px; min-width: 280px;'> <img style='width: 100%; height: auto; border: 1px solid rgba(150&comma;150&comma;150&comma;0.3); border-radius: 8px;' src='https:\/\/www.planet.com.tw\/storage\/products\/49268\/GS-4210-24P4C-1_L.gif' alt=''> <\/div>\n<\/p><\/div>\n<div style='display: flex; flex-wrap: wrap; gap: 30px; margin-bottom: 30px;'>\n<div style='flex: 1 1 300px; min-width: 280px;'>\n<h3 style='font-size: 22px; border-bottom: 2px solid currentColor; padding-bottom: 5px; margin-top: 0; color: inherit; opacity: 0.8;'>Potente seguridad<\/h3>\n<p style='font-size: 15px; color: inherit; margin-top: 15px; margin-bottom: 15px;'>El GS-6320-24UP2T2XV ofrece una lista completa de control de acceso (ACL) de Capa 2 a Capa 4 para hacer cumplir la seguridad hasta el borde. Se puede usar para restringir el acceso a la red al negar paquetes basados en la direcci\u00f3n IP de origen y destino&comma; el n\u00famero de puerto TCP \/ UDP o las aplicaciones de red t\u00edpicas definidas. Su mecanismo de protecci\u00f3n tambi\u00e9n comprende la autenticaci\u00f3n de usuarios y dispositivos basada en puertos 802.1x y MAC. Con la funci\u00f3n VLAN privada&comma; se puede evitar la comunicaci\u00f3n entre los puertos de borde para garantizar la privacidad del usuario.<\/p>\n<\/p><\/div>\n<\/p><\/div>\n<div style='display: flex; flex-wrap: wrap; gap: 30px; margin-bottom: 30px;'>\n<div style='flex: 1 1 300px; min-width: 280px;'>\n<h3 style='font-size: 22px; border-bottom: 2px solid currentColor; padding-bottom: 5px; margin-top: 0; color: inherit; opacity: 0.8;'>Seguridad mejorada y control de tr\u00e1fico<\/h3>\n<p style='font-size: 15px; color: inherit; margin-top: 15px; margin-bottom: 15px;'>El GS-6320-24UP2T2XV tambi\u00e9n proporciona funciones de inspecci\u00f3n DHCP&comma; protecci\u00f3n de fuente IP e inspecci\u00f3n din\u00e1mica de ARP para evitar que la inspecci\u00f3n de IP ataque y descarte paquetes ARP con direcciones MAC no v\u00e1lidas. El administrador de red ahora puede construir redes corporativas altamente seguras con mucho menos tiempo y esfuerzo que antes.<\/p>\n<\/p><\/div>\n<div style='flex: 1 1 300px; min-width: 280px;'> <img style='width: 100%; height: auto; border: 1px solid rgba(150&comma;150&comma;150&comma;0.3); border-radius: 8px;' src='https:\/\/www.planet.com.tw\/storage\/products\/49268\/GS-6320-24UP2T2XV-6.png' alt=''> <\/div>\n<\/p><\/div>\n<div style='display: flex; flex-wrap: wrap; gap: 30px; margin-bottom: 30px;'>\n<div style='flex: 1 1 300px; min-width: 280px;'>\n<h3 style='font-size: 22px; border-bottom: 2px solid currentColor; padding-bottom: 5px; margin-top: 0; color: inherit; opacity: 0.8;'>Gesti\u00f3n segura f\u00e1cil de usar<\/h3>\n<p style='font-size: 15px; color: inherit; margin-top: 15px; margin-bottom: 15px;'>Para una administraci\u00f3n eficiente&comma; el GS-6320-24UP2T2XV est\u00e1 equipado con interfaces de administraci\u00f3n de consola&comma; web y SNMP. Con la interfaz de gesti\u00f3n basada en web incorporada&comma; el GS-6320-24UP2T2XV ofrece una facilidad de configuraci\u00f3n y gesti\u00f3n de plataforma independiente y f\u00e1cil de usar. El GS-6320-24UP2T2XV es compatible con SNMP y se puede administrar a trav\u00e9s de cualquier software de administraci\u00f3n basado en el protocolo est\u00e1ndar SNMP v1 o v2. Para reducir el tiempo de aprendizaje del producto&comma; el GS-6320-24UP2T2XV ofrece un comando similar a Cisco a trav\u00e9s de Telnet o el puerto de la consola y el cliente no necesita aprender un nuevo comando de estos conmutadores. Adem\u00e1s&comma; el GS-6320-24UP2T2XV ofrece una gesti\u00f3n remotamente segura al admitir la conexi\u00f3n SSH&comma; SSL y SNMP v3 donde el contenido del paquete se puede cifrar en cada sesi\u00f3n.<\/p>\n<\/p><\/div>\n<\/p><\/div>\n<\/p><\/div>\n","protected":false},"excerpt":{"rendered":"<p>Switch Administrable L3, 24 puertos Gigabit PoE 802.3bt, 2 puertos 10G SFP+, Pantalla Tactil, Fuente Redundante, (600W)<\/p>\n","protected":false},"featured_media":111925,"comment_status":"open","ping_status":"closed","template":"","meta":[],"product_brand":[],"product_cat":[1986],"product_tag":[664,2033,1987],"class_list":{"0":"post-111926","1":"product","2":"type-product","3":"status-publish","4":"has-post-thumbnail","6":"product_cat-switches-poe","7":"product_tag-networking","8":"product_tag-planet","9":"product_tag-switches-poe","11":"first","12":"instock","13":"sale","14":"shipping-taxable","15":"purchasable","16":"product-type-simple"},"_links":{"self":[{"href":"https:\/\/soydeaqui.ddns.net\/pachuca\/index.php\/wp-json\/wp\/v2\/product\/111926","targetHints":{"allow":["GET"]}}],"collection":[{"href":"https:\/\/soydeaqui.ddns.net\/pachuca\/index.php\/wp-json\/wp\/v2\/product"}],"about":[{"href":"https:\/\/soydeaqui.ddns.net\/pachuca\/index.php\/wp-json\/wp\/v2\/types\/product"}],"replies":[{"embeddable":true,"href":"https:\/\/soydeaqui.ddns.net\/pachuca\/index.php\/wp-json\/wp\/v2\/comments?post=111926"}],"wp:featuredmedia":[{"embeddable":true,"href":"https:\/\/soydeaqui.ddns.net\/pachuca\/index.php\/wp-json\/wp\/v2\/media\/111925"}],"wp:attachment":[{"href":"https:\/\/soydeaqui.ddns.net\/pachuca\/index.php\/wp-json\/wp\/v2\/media?parent=111926"}],"wp:term":[{"taxonomy":"product_brand","embeddable":true,"href":"https:\/\/soydeaqui.ddns.net\/pachuca\/index.php\/wp-json\/wp\/v2\/product_brand?post=111926"},{"taxonomy":"product_cat","embeddable":true,"href":"https:\/\/soydeaqui.ddns.net\/pachuca\/index.php\/wp-json\/wp\/v2\/product_cat?post=111926"},{"taxonomy":"product_tag","embeddable":true,"href":"https:\/\/soydeaqui.ddns.net\/pachuca\/index.php\/wp-json\/wp\/v2\/product_tag?post=111926"}],"curies":[{"name":"wp","href":"https:\/\/api.w.org\/{rel}","templated":true}]}}