{"id":111762,"date":"2026-03-20T21:04:38","date_gmt":"2026-03-20T21:04:38","guid":{"rendered":"https:\/\/soydeaqui.ddns.net\/pachuca\/index.php\/producto\/kit-extensor-kvm-hdmi-y-usb-hasta-70-metros-resolucion-4k-60-hz-cat-6-6a-y-7-ipcolor-cero-latencia-hdr10-salida-loop-puerto-s-pdif-uso-24-7-transmite-el-video-y-controla-tu-dvr\/"},"modified":"2026-03-20T21:05:03","modified_gmt":"2026-03-20T21:05:03","slug":"kit-extensor-kvm-hdmi-y-usb-hasta-70-metros-resolucion-4k-60-hz-cat-6-6a-y-7-ipcolor-cero-latencia-hdr10-salida-loop-puerto-s-pdif-uso-24-7-transmite-el-video-y-controla-tu-dvr","status":"publish","type":"product","link":"https:\/\/soydeaqui.ddns.net\/pachuca\/index.php\/producto\/kit-extensor-kvm-hdmi-y-usb-hasta-70-metros-resolucion-4k-60-hz-cat-6-6a-y-7-ipcolor-cero-latencia-hdr10-salida-loop-puerto-s-pdif-uso-24-7-transmite-el-video-y-controla-tu-dvr\/","title":{"rendered":"Kit extensor KVM (HDMI y USB) hasta 70 metros | Resoluci\u00f3n 4K @ 60 Hz | Cat 6, 6a y 7 | IPCOLOR | CERO LATENCIA | HDR10 | Salida Loop | Puerto S\/PDIF | Uso 24\/7 | Transmite el Video y Controla tu DVR v\u00eda USB a distancia."},"content":{"rendered":"<div style='width: 100%; max-width: 1200px; margin: 0 auto; font-family: sans-serif; line-height: 1.6; color: inherit; background-color: transparent;'>\n<div style='width: 100%; text-align: center; margin-bottom: 30px;'>\n<h1 style='font-size: 32px; color: inherit; margin: 0;'>TT676KVM<\/h1>\n<h3 style='font-size: 18px; color: inherit; opacity: 0.7; margin: 10px 0;'>Kit extensor KVM ( Teclado&comma; video&comma; Mouse ) @70m<\/h3>\n<p style='color: inherit; margin: 10px auto 50px; max-width: 800px;'>Adopta la tecnolog\u00eda ipcolor&comma; la cual es una tecnolog\u00eda innovadora y l\u00edder mundial para transmisi\u00f3n digital de video de ultra alta definici\u00f3n&comma; se centra en la transmisi\u00f3n 4K @ 60Hz SIN COMPRIMIR Y CON CERO LATENCIA&comma; en comparaci\u00f3n con otros extensores 4K @ 60 Hz los productos ipcolor tienen una mayor calidad en video y mayor distancia. La se\u00f1al HDMI se puede extender hasta 70 metros a trav\u00e9s de un cable de red CAT6\/6A\/7. Permite el acceso a un sistema inform\u00e1tico desde una consola remota (PC&comma; NVR&comma; DVR) mediante conectores USB (teclado y rat\u00f3n USB). Es perfecto para fines de control y seguridad. Por lo tanto&comma; es ampliamente utilizado en centros de comando&comma; centros de control de datos&comma; bancos&comma; gobiernos&comma; empresas&comma; etc.&comma; es muy usado en sistemas de CCTV para controlar los NVRs y DVRs desde otro sitio y estos est\u00e1n en una ubicaci\u00f3n poco accesible.<\/p>\n<\/p><\/div>\n<div style='display: flex; flex-wrap: wrap; gap: 30px; margin-bottom: 30px;'>\n<div style='flex: 1 1 300px; min-width: 280px; border: 1px solid rgba(150&comma; 150&comma; 150&comma; 0.4); border-radius: 8px; overflow: hidden; display: flex; flex-direction: column;'>\n<div style='padding: 15px; border-bottom: 1px solid rgba(150&comma; 150&comma; 150&comma; 0.2); font-weight: bold; font-size: 18px; color: inherit;'>Caracter\u00edsticas principales:<\/div>\n<div style='padding: 15px; color: inherit;'>\n<ul style='padding-left: 20px; margin: 0; font-size: 14px; list-style-type: disc;'>\n<li style='margin-bottom: 5px;'>Admite control y gesti\u00f3n remotos de KVM (Teclado&comma; Video&comma; Mouse).<\/li>\n<li style='margin-bottom: 5px;'>Latencia cero con tecnolog\u00eda ipcolor de nueva generaci\u00f3n.<\/li>\n<li style='margin-bottom: 5px;'>Soporta resoluci\u00f3n 4K a 60Hz (3840&#215;2160@24\/25\/30\/50\/60Hz).<\/li>\n<li style='margin-bottom: 5px;'>Compatible con cables de red UTP Cat 5e \/ 6 \/ 6A.<\/li>\n<li style='margin-bottom: 5px;'>Extiende la se\u00f1al HDMI hasta 70m\/229 pies usando un solo cable de red.<\/li>\n<li style='margin-bottom: 5px;'>HDR10 para un rango din\u00e1mico y una gama de colores m\u00e1s amplios.<\/li>\n<li style='margin-bottom: 5px;'>El receptor puede extraer el audio digital del transmisor a trav\u00e9s del puerto S \/ PDIF.<\/li>\n<\/ul><\/div>\n<\/p><\/div>\n<div style='flex: 1 1 300px; min-width: 280px; border: 1px solid rgba(150&comma; 150&comma; 150&comma; 0.4); border-radius: 8px; overflow: hidden; display: flex; flex-direction: column;'>\n<div style='padding: 15px; border-bottom: 1px solid rgba(150&comma; 150&comma; 150&comma; 0.2); font-weight: bold; font-size: 18px; color: inherit;'>Caracter\u00edsticas F\u00edsicas y El\u00e9ctricas:<\/div>\n<div style='padding: 15px; color: inherit;'>\n<ul style='padding-left: 20px; margin: 0; font-size: 14px; list-style-type: disc;'>\n<li style='margin-bottom: 5px;'>Alimentaci\u00f3n 5 Vcc&comma; 2 A. (Fuentes de alimentaci\u00f3n incluidas).<\/li>\n<li style='margin-bottom: 5px;'>Potencia de consumo TX:4W RX:4W.<\/li>\n<li style='margin-bottom: 5px;'>Dimensiones TX;RX :150(L) x 107(W) x 28.4(H) mm.<\/li>\n<li style='margin-bottom: 5px;'>Peso TX : 260g ; RX : 260g.<\/li>\n<li style='margin-bottom: 5px;'>Temperatura de operaci\u00f3n -20~50\u00b0C.<\/li>\n<li style='margin-bottom: 5px;'>Temperatura de almacenamiento -30~70\u00b0C.<\/li>\n<li style='margin-bottom: 5px;'>Color Negro.<\/li>\n<li style='margin-bottom: 5px;'>Nota: Para la funci\u00f3n de KVM&comma; no olvide conectar el cable USB incluido en este Kit&comma; de su equipo fuente&comma; al transmisor.<\/li>\n<\/ul><\/div>\n<\/p><\/div>\n<div style='flex: 1 1 300px; min-width: 280px; border: 1px solid rgba(150&comma; 150&comma; 150&comma; 0.4); border-radius: 8px; overflow: hidden; display: flex; flex-direction: column;'>\n<div style='padding: 15px; border-bottom: 1px solid rgba(150&comma; 150&comma; 150&comma; 0.2); font-weight: bold; font-size: 18px; color: inherit;'>Caracter\u00edsticas Destacadas:<\/div>\n<div style='padding: 15px; color: inherit;'>\n<ul style='padding-left: 20px; margin: 0; font-size: 14px; list-style-type: disc;'>\n<li style='margin-bottom: 5px;'>Soporta formato de Audio LPCM \/ DTS-HD \/ DTS-Audio \/ Dolby TrueHD 7.1CH \/ Dolby Digital 5.1CH.<\/li>\n<li style='margin-bottom: 5px;'>Cumplimiento HDCP 2.2 \/ HDMI 2.0.<\/li>\n<li style='margin-bottom: 5px;'>Admite la funci\u00f3n de transferencia de infrarrojos bidireccional (20 &#8211; 60 KHz).<\/li>\n<li style='margin-bottom: 5px;'>El transmisor cuenta con salida Loop.<\/li>\n<li style='margin-bottom: 5px;'>Uso 24\/7&comma; bajo consumo de energ\u00eda.<\/li>\n<li style='margin-bottom: 5px;'>Dise\u00f1o de carcasa de aleaci\u00f3n de aluminio&comma; estable y duradero.<\/li>\n<li style='margin-bottom: 5px;'>Protecci\u00f3n contra rayos&comma; sobretensiones y ESD.<\/li>\n<li style='margin-bottom: 5px;'>1 A\u00f1o de Garant\u00eda por defectos de f\u00e1brica.<\/li>\n<\/ul><\/div>\n<\/p><\/div>\n<\/p><\/div>\n<div style='width: 100%; margin: 30px 0;'> <img style='width: 100%; height: auto; border: 1px solid rgba(150&comma;150&comma;150&comma;0.3); border-radius: 8px;' src='http:\/\/ftp3.syscom.mx\/usuarios\/ftp\/2025\/07\/10\/2807\/TT676KVM_poster.jpg_froala_686ff17c8d4f3' alt='Poster TT676KVM'> <\/div>\n<div style='width: 100%; margin: 30px 0;'>   <\/div>\n<div style='display: flex; flex-wrap: wrap; gap: 20px; margin-top: 40px;'>\n<div style='flex: 1 1 300px; min-width: 280px;'>\n<div style='width: 100%; margin-bottom: 30px;'>\n<h4 style='font-size: 20px; text-align: center; margin: 0 0 15px; color: inherit; opacity: 0.8;'>ipcolor epcom TITANIUM<\/h4>\n<div style='position: relative; padding-bottom: 56.25%; height: 0; overflow: hidden;'>   <\/div>\n<\/p><\/div>\n<\/p><\/div>\n<div style='flex: 1 1 300px; min-width: 280px;'>\n<div style='width: 100%; margin-bottom: 30px;'>\n<h4 style='font-size: 20px; text-align: center; margin: 0 0 15px; color: inherit; opacity: 0.8;'>ipcolor Testing<\/h4>\n<div style='position: relative; padding-bottom: 56.25%; height: 0; overflow: hidden;'>   <\/div>\n<\/p><\/div>\n<\/p><\/div>\n<div style='flex: 1 1 300px; min-width: 280px;'>\n<div style='width: 100%; margin-bottom: 30px;'>\n<h4 style='font-size: 20px; text-align: center; margin: 0 0 15px; color: inherit; opacity: 0.8;'>ipcolor UHD<\/h4>\n<div style='position: relative; padding-bottom: 56.25%; height: 0; overflow: hidden;'>   <\/div>\n<\/p><\/div>\n<\/p><\/div>\n<\/p><\/div>\n<hr style='border: 0; border-top: 1px solid rgba(150&comma; 150&comma; 150&comma; 0.3); margin: 30px 0;'> <\/div>\n","protected":false},"excerpt":{"rendered":"<p>Kit extensor KVM (HDMI y USB) hasta 70 metros | Resoluci\u00f3n 4K @ 60 Hz | Cat 6, 6a y 7 | IPCOLOR | CERO LATENCIA | HDR10 | Salida Loop | Puerto S\/PDIF | Uso 24\/7 | Transmite el Video y Controla tu DVR v\u00eda USB a distancia.<\/p>\n","protected":false},"featured_media":111761,"comment_status":"open","ping_status":"closed","template":"","meta":[],"product_brand":[],"product_cat":[2073,2074,2077,2075,2072,2076],"product_tag":[417,2079,2080,2083,507,2081,2078,2082],"class_list":{"0":"post-111762","1":"product","2":"type-product","3":"status-publish","4":"has-post-thumbnail","6":"product_cat-convertidores","7":"product_cat-divisores","8":"product_cat-dvi","9":"product_cat-hdmi","10":"product_cat-kits-extensores","11":"product_cat-vga","12":"product_tag-accesorios-generales","13":"product_tag-convertidores","14":"product_tag-divisores","15":"product_tag-dvi","16":"product_tag-epcom-titanium","17":"product_tag-hdmi","18":"product_tag-kits-extensores","19":"product_tag-vga","21":"first","22":"instock","23":"sale","24":"shipping-taxable","25":"purchasable","26":"product-type-simple"},"_links":{"self":[{"href":"https:\/\/soydeaqui.ddns.net\/pachuca\/index.php\/wp-json\/wp\/v2\/product\/111762","targetHints":{"allow":["GET"]}}],"collection":[{"href":"https:\/\/soydeaqui.ddns.net\/pachuca\/index.php\/wp-json\/wp\/v2\/product"}],"about":[{"href":"https:\/\/soydeaqui.ddns.net\/pachuca\/index.php\/wp-json\/wp\/v2\/types\/product"}],"replies":[{"embeddable":true,"href":"https:\/\/soydeaqui.ddns.net\/pachuca\/index.php\/wp-json\/wp\/v2\/comments?post=111762"}],"wp:featuredmedia":[{"embeddable":true,"href":"https:\/\/soydeaqui.ddns.net\/pachuca\/index.php\/wp-json\/wp\/v2\/media\/111761"}],"wp:attachment":[{"href":"https:\/\/soydeaqui.ddns.net\/pachuca\/index.php\/wp-json\/wp\/v2\/media?parent=111762"}],"wp:term":[{"taxonomy":"product_brand","embeddable":true,"href":"https:\/\/soydeaqui.ddns.net\/pachuca\/index.php\/wp-json\/wp\/v2\/product_brand?post=111762"},{"taxonomy":"product_cat","embeddable":true,"href":"https:\/\/soydeaqui.ddns.net\/pachuca\/index.php\/wp-json\/wp\/v2\/product_cat?post=111762"},{"taxonomy":"product_tag","embeddable":true,"href":"https:\/\/soydeaqui.ddns.net\/pachuca\/index.php\/wp-json\/wp\/v2\/product_tag?post=111762"}],"curies":[{"name":"wp","href":"https:\/\/api.w.org\/{rel}","templated":true}]}}