{"id":111335,"date":"2026-03-20T20:41:12","date_gmt":"2026-03-20T20:41:12","guid":{"rendered":"https:\/\/soydeaqui.ddns.net\/pachuca\/index.php\/producto\/microfono-con-cancelacion-de-ruido-de-alta-fidelidad-interior-12-vcc-entrada-rca\/"},"modified":"2026-03-20T20:41:28","modified_gmt":"2026-03-20T20:41:28","slug":"microfono-con-cancelacion-de-ruido-de-alta-fidelidad-interior-12-vcc-entrada-rca","status":"publish","type":"product","link":"https:\/\/soydeaqui.ddns.net\/pachuca\/index.php\/producto\/microfono-con-cancelacion-de-ruido-de-alta-fidelidad-interior-12-vcc-entrada-rca\/","title":{"rendered":"Micr\u00f3fono con Cancelaci\u00f3n de Ruido de Alta Fidelidad \/ Interior \/ 12 Vcc \/ Entrada RCA"},"content":{"rendered":"<div style='width: 100%; max-width: 1200px; margin: 0 auto; font-family: sans-serif; line-height: 1.6; color: inherit; background-color: transparent;'>\n<div style='width: 100%; margin-bottom: 30px;'>\n<h1 style='font-size: 28px; text-align: center; margin-top: 0; color: inherit;'><strong>EP-MIC<\/strong><\/h1>\n<h3 style='font-size: 20px; text-align: center; margin-top: 10px; margin-bottom: 20px; color: inherit;'>Micr\u00f3fono con cancelaci\u00f3n de ruido de alta fidelidad<\/h3>\n<p style='text-align: center; margin: 10px 70px; font-size: 15px; color: inherit;'>Micr\u00f3fono de alta definici\u00f3n con tecnolog\u00eda de cancelaci\u00f3n de ruido&comma; vea y escuche todo lo que sucede en su casa o negocio en tiempo real&comma; desde cualquier lugar y en todo momento. El EPMIC est\u00e1 dise\u00f1ado para capturar el audio de un \u00e1rea espec\u00edfica funciona muy bien en oficinas&comma; cajas registradoras&comma; almacenes&comma; consultorios y en cualquier lugar en donde sea importante capturar el audio. Su dise\u00f1o compacto permite instalarlo de forma discreta sobre cualquier superficie&comma; se puede acoplar f\u00e1cilmente a cualquier c\u00e1mara de CCTV&#8230;<\/p>\n<\/p><\/div>\n<div style='display: flex; flex-wrap: wrap; gap: 30px; margin-bottom: 30px;'>\n<div style='flex: 1 1 300px; min-width: 280px;'>\n<div style='background-color: rgba(150&comma; 150&comma; 150&comma; 0.1); border: 1px solid rgba(150&comma; 150&comma; 150&comma; 0.3); border-radius: 8px; overflow: hidden;'>\n<div style='background-color: rgba(150&comma; 150&comma; 150&comma; 0.1); padding: 15px; border-bottom: 1px solid rgba(150&comma; 150&comma; 150&comma; 0.2);'> <img style='width: 100%; height: auto; border: none; border-radius: 0;' src='http:\/\/ftp3.syscom.mx\/usuarios\/hallende\/Familia%20Centro\/Audio\/EPMIC\/EPMIC-1.png' alt=''> <\/div>\n<div style='padding: 15px;'>\n<h3 style='font-size: 20px; border-bottom: 2px solid currentColor; padding-bottom: 5px; margin-top: 0; color: inherit; opacity: 0.8;'>Caracter\u00edsticas Principales<\/h3>\n<ul style='padding-left: 20px; font-size: 15px; color: inherit;'>\n<li style='margin-bottom: 5px;'>Micr\u00f3fono de alta sensibilidad<\/li>\n<li style='margin-bottom: 5px;'>Micr\u00f3fono omnidireccional<\/li>\n<li style='margin-bottom: 5px;'>Sensibilidad ajustable<\/li>\n<li style='margin-bottom: 5px;'>Rango de protecci\u00f3n de: 10 ~ 50 metros cuadrados<\/li>\n<li style='margin-bottom: 5px;'>Distancia de transmisi\u00f3n: 100 metros<\/li>\n<li style='margin-bottom: 5px;'>Cable de audio pre amplificado&comma; cable extra de alimentaci\u00f3n para la c\u00e1mara<\/li>\n<li style='margin-bottom: 5px;'>Dise\u00f1o tipo miniatura<\/li>\n<li style='margin-bottom: 5px;'>F\u00e1cil instalaci\u00f3n en cualquier parte<\/li>\n<\/ul>\n<p style='color: inherit; font-size: 14px; margin-top: 15px;'><strong><span style='color: #e74c3c;'>Nota:<\/span><\/strong> Para obtener la mejor calidad de sonido&comma; se recomienda el uso de cables de audio de alta calidad como el modelo PRO-AUDIO.<\/p>\n<\/p><\/div>\n<\/p><\/div>\n<\/p><\/div>\n<div style='flex: 1 1 300px; min-width: 280px;'>\n<div style='background-color: rgba(150&comma; 150&comma; 150&comma; 0.1); border: 1px solid rgba(150&comma; 150&comma; 150&comma; 0.3); border-radius: 8px; overflow: hidden;'>\n<div style='background-color: rgba(150&comma; 150&comma; 150&comma; 0.1); padding: 15px; border-bottom: 1px solid rgba(150&comma; 150&comma; 150&comma; 0.2);'> <img style='width: 100%; height: auto; border: none; border-radius: 0;' src='http:\/\/ftp3.syscom.mx\/usuarios\/hallende\/Familia%20Centro\/Audio\/EPMIC\/EPMIC-2.png' alt=''> <\/div>\n<div style='padding: 15px;'>\n<h3 style='font-size: 20px; border-bottom: 2px solid currentColor; padding-bottom: 5px; margin-top: 0; color: inherit; opacity: 0.8;'>Caracter\u00edsticas F\u00edsicas y El\u00e9ctricas<\/h3>\n<ul style='padding-left: 20px; font-size: 15px; color: inherit;'>\n<li style='margin-bottom: 5px;'>Voltaje de operaci\u00f3n: 9-14 Vcc<\/li>\n<li style='margin-bottom: 5px;'>Rango de frecuencia: 60-55000Hz<\/li>\n<li style='margin-bottom: 5px;'>Frecuencia de se\u00f1al-ruido: 60dB<\/li>\n<li style='margin-bottom: 5px;'>Impedancia de salida: 600<\/li>\n<li style='margin-bottom: 5px;'>Consumo de corriente: 5 mA ~ 60mA<\/li>\n<li style='margin-bottom: 5px;'>Dimensiones: 10 mm<\/li>\n<li style='margin-bottom: 5px;'>Peso: 20 gr<\/li>\n<\/ul><\/div>\n<\/p><\/div>\n<\/p><\/div>\n<div style='flex: 1 1 300px; min-width: 280px;'>\n<div style='background-color: rgba(150&comma; 150&comma; 150&comma; 0.1); border: 1px solid rgba(150&comma; 150&comma; 150&comma; 0.3); border-radius: 8px; overflow: hidden;'>\n<div style='background-color: rgba(150&comma; 150&comma; 150&comma; 0.1); padding: 15px; border-bottom: 1px solid rgba(150&comma; 150&comma; 150&comma; 0.2);'> <img style='width: 100%; height: auto; border: none; border-radius: 0;' src='http:\/\/ftp3.syscom.mx\/usuarios\/hallende\/Familia%20Centro\/Audio\/EPMIC\/EPMIC-3.png' alt=''> <\/div>\n<div style='padding: 15px;'>\n<h3 style='font-size: 20px; border-bottom: 2px solid currentColor; padding-bottom: 5px; margin-top: 0; color: inherit; opacity: 0.8;'>Caracter\u00edsticas Destacadas<\/h3>\n<ul style='padding-left: 20px; font-size: 15px; color: inherit;'>\n<li style='margin-bottom: 5px;'>Circuito DSP y procesador din\u00e1mico de reducci\u00f3n de ruido<\/li>\n<li style='margin-bottom: 5px;'>Reducci\u00f3n de eco incorporado<\/li>\n<li style='margin-bottom: 5px;'>AGC incorporado para ajuste de sonido<\/li>\n<li style='margin-bottom: 5px;'>Protecci\u00f3n de sobretensi\u00f3n incorporada<\/li>\n<li style='margin-bottom: 5px;'>Dise\u00f1o tipo miniatura<\/li>\n<li style='margin-bottom: 5px;'>Modo de conexi\u00f3n: conectores DC hembra para entrada de alimentaci\u00f3n&comma; DC macho para salida de alimentaci\u00f3n&comma; Blanco para entrada de audio<\/li>\n<li style='margin-bottom: 5px;'>1 a\u00f1o de garant\u00eda<\/li>\n<\/ul><\/div>\n<\/p><\/div>\n<\/p><\/div>\n<\/p><\/div>\n<div style='margin: 30px 0;'>\n<div style='position: relative; padding-bottom: 56.25%; height: 0; overflow: hidden;'>   <\/div>\n<\/p><\/div>\n<div style='margin: 30px 0;'> <img style='width: 100%; height: auto; border: 1px solid rgba(150&comma;150&comma;150&comma;0.3); border-radius: 8px;' src='https:\/\/ftp3.syscom.mx\/usuarios\/xguereque\/Imagenes\/epcom_titanium\/opciones_conexion.jpg' alt=''> <\/div>\n<\/p><\/div>\n","protected":false},"excerpt":{"rendered":"<p>Micr\u00f3fono con Cancelaci\u00f3n de Ruido de Alta Fidelidad \/ Interior \/ 12 Vcc \/ Entrada RCA<\/p>\n","protected":false},"featured_media":111334,"comment_status":"open","ping_status":"closed","template":"","meta":[],"product_brand":[],"product_cat":[2301],"product_tag":[417,454,2302],"class_list":{"0":"post-111335","1":"product","2":"type-product","3":"status-publish","4":"has-post-thumbnail","6":"product_cat-microfonos","7":"product_tag-accesorios-generales","8":"product_tag-epcom-powerline","9":"product_tag-microfonos","11":"first","12":"instock","13":"sale","14":"shipping-taxable","15":"purchasable","16":"product-type-simple"},"_links":{"self":[{"href":"https:\/\/soydeaqui.ddns.net\/pachuca\/index.php\/wp-json\/wp\/v2\/product\/111335","targetHints":{"allow":["GET"]}}],"collection":[{"href":"https:\/\/soydeaqui.ddns.net\/pachuca\/index.php\/wp-json\/wp\/v2\/product"}],"about":[{"href":"https:\/\/soydeaqui.ddns.net\/pachuca\/index.php\/wp-json\/wp\/v2\/types\/product"}],"replies":[{"embeddable":true,"href":"https:\/\/soydeaqui.ddns.net\/pachuca\/index.php\/wp-json\/wp\/v2\/comments?post=111335"}],"wp:featuredmedia":[{"embeddable":true,"href":"https:\/\/soydeaqui.ddns.net\/pachuca\/index.php\/wp-json\/wp\/v2\/media\/111334"}],"wp:attachment":[{"href":"https:\/\/soydeaqui.ddns.net\/pachuca\/index.php\/wp-json\/wp\/v2\/media?parent=111335"}],"wp:term":[{"taxonomy":"product_brand","embeddable":true,"href":"https:\/\/soydeaqui.ddns.net\/pachuca\/index.php\/wp-json\/wp\/v2\/product_brand?post=111335"},{"taxonomy":"product_cat","embeddable":true,"href":"https:\/\/soydeaqui.ddns.net\/pachuca\/index.php\/wp-json\/wp\/v2\/product_cat?post=111335"},{"taxonomy":"product_tag","embeddable":true,"href":"https:\/\/soydeaqui.ddns.net\/pachuca\/index.php\/wp-json\/wp\/v2\/product_tag?post=111335"}],"curies":[{"name":"wp","href":"https:\/\/api.w.org\/{rel}","templated":true}]}}