{"id":111146,"date":"2026-03-20T20:30:29","date_gmt":"2026-03-20T20:30:29","guid":{"rendered":"https:\/\/soydeaqui.ddns.net\/pachuca\/index.php\/producto\/protector-de-linea-de-video-de-16-canales-1u-conexion-bnc-coaxial-entra-sale-sujecion-2-8-v\/"},"modified":"2026-03-20T20:30:31","modified_gmt":"2026-03-20T20:30:31","slug":"protector-de-linea-de-video-de-16-canales-1u-conexion-bnc-coaxial-entra-sale-sujecion-2-8-v","status":"publish","type":"product","link":"https:\/\/soydeaqui.ddns.net\/pachuca\/index.php\/producto\/protector-de-linea-de-video-de-16-canales-1u-conexion-bnc-coaxial-entra-sale-sujecion-2-8-v\/","title":{"rendered":"Protector de l\u00ednea de video de 16 canales, 1U, conexi\u00f3n BNC coaxial entra\/sale, sujeci\u00f3n 2.8 V"},"content":{"rendered":"<div style='width: 100%; max-width: 1200px; margin: 0 auto; font-family: sans-serif; line-height: 1.6; color: inherit; background-color: transparent;'> <!-- Secci\u00f3n de caracter\u00edsticas principales --> <\/p>\n<div style='display: flex; flex-wrap: wrap; gap: 30px; margin-bottom: 30px;'>\n<div style='flex: 1 1 300px; min-width: 280px;'>\n<h3 style='font-size: 22px; border-bottom: 2px solid currentColor; padding-bottom: 5px; margin-top: 0; color: inherit; opacity: 0.8;'>Caracter\u00edsticas Principales<\/h3>\n<ul style='padding-left: 20px; font-size: 15px; color: inherit;'>\n<li style='margin-bottom: 5px;'>Protector de 16 canales de video en BNC para grabadoras digitales<\/li>\n<li style='margin-bottom: 5px;'>Loop de salida por cada entrada de video<\/li>\n<li style='margin-bottom: 5px;'>M\u00e1xima protecci\u00f3n de su tarjeta de captura de video en grabadora digital<\/li>\n<li style='margin-bottom: 5px;'>Montaje en rack de 1U<\/li>\n<li style='margin-bottom: 5px;'>Tecnolog\u00eda &#8216;SAD&#8217; para \u00f3ptima protecci\u00f3n de circuitos<\/li>\n<li style='margin-bottom: 5px;'>M\u00f3dulos de protecci\u00f3n de sobretensi\u00f3n reemplazables<\/li>\n<li style='margin-bottom: 5px;'>Ultra-baja sujeci\u00f3n de 2.8VCC<\/li>\n<li style='margin-bottom: 5px;'>\u00danico punto de tierra para mejor protecci\u00f3n y velocidad de instalaci\u00f3n<\/li>\n<li style='margin-bottom: 5px;'>Garant\u00eda Limitada de 10 A\u00f1os<\/li>\n<\/ul><\/div>\n<p> <!-- Especificaciones t\u00e9cnicas --> <\/p>\n<div style='flex: 1 1 300px; min-width: 280px;'>\n<h3 style='font-size: 22px; border-bottom: 2px solid currentColor; padding-bottom: 5px; margin-top: 0; color: inherit; opacity: 0.8;'>Especificaciones T\u00e9cnicas<\/h3>\n<ul style='padding-left: 20px; font-size: 15px; color: inherit;'>\n<li style='margin-bottom: 5px;'><strong>M\u00e9todo de Conexi\u00f3n:<\/strong> BNC Hembra 16 In\/16 Out<\/li>\n<li style='margin-bottom: 5px;'><strong>Tipo de Protecci\u00f3n:<\/strong> Video An\u00e1logo<\/li>\n<li style='margin-bottom: 5px;'><strong>Voltaje del Servicio:<\/strong> -1V \u2013 1V<\/li>\n<li style='margin-bottom: 5px;'><strong>Voltaje de Sujeci\u00f3n:<\/strong> 2.8VCC<\/li>\n<li style='margin-bottom: 5px;'><strong>Pico de Corriente Transitoria:<\/strong> 291 Amps\/Canal (10\/1000 \u00b5sec impulso)<\/li>\n<li style='margin-bottom: 5px;'><strong>Gama de Paso de Banda Coaxial:<\/strong> 0Hz \u2013 10MHz<\/li>\n<li style='margin-bottom: 5px;'><strong>P\u00e9rdida de Retorno:<\/strong> 24dB RL @ 10MHz<\/li>\n<li style='margin-bottom: 5px;'><strong>P\u00e9rdida de Inserci\u00f3n:<\/strong> &lt;0.3dB\/Canal<\/li>\n<li style='margin-bottom: 5px;'><strong>Impedancia:<\/strong> 75 Ohmios<\/li>\n<li style='margin-bottom: 5px;'><strong>Modos de Protecci\u00f3n:<\/strong> Center Pin \u2013 Shield&comma; Shield\u2013Gnd.&comma; Center Pin-Gnd.<\/li>\n<li style='margin-bottom: 5px;'><strong>Dimensiones:<\/strong> 1.65\u201d H x 19\u201d W x 2.15\u201d D (41mm x 483mm x 55mm)<\/li>\n<li style='margin-bottom: 5px;'><strong>Peso:<\/strong> 2.6lbs. (1.18kg)<\/li>\n<li style='margin-bottom: 5px;'><strong>Carcasa:<\/strong> Galvanneal (metal laminado)<\/li>\n<\/ul><\/div>\n<\/p><\/div>\n<p> <!-- Secci\u00f3n de aplicaciones --> <\/p>\n<div style='margin-bottom: 30px;'>\n<h3 style='font-size: 22px; border-bottom: 2px solid currentColor; padding-bottom: 5px; margin-top: 0; color: inherit; opacity: 0.8;'>Aplicaciones<\/h3>\n<ul style='padding-left: 20px; font-size: 15px; color: inherit;'>\n<li style='margin-bottom: 5px;'>Protecci\u00f3n de se\u00f1ales de video de CCTV en sistemas de seguridad<\/li>\n<li style='margin-bottom: 5px;'>Protecci\u00f3n de DVR y equipo de &#8216;head-end&#8217;<\/li>\n<li style='margin-bottom: 5px;'>Prevenci\u00f3n de da\u00f1os por tensi\u00f3n oleadas de se\u00f1ales de video<\/li>\n<li style='margin-bottom: 5px;'>Protecci\u00f3n para c\u00e1maras montadas en m\u00e1stiles o exteriores<\/li>\n<li style='margin-bottom: 5px;'>Reducci\u00f3n del fallo y tiempo de inactividad del DVR<\/li>\n<\/ul><\/div>\n<p> <!-- Secci\u00f3n de beneficios --> <\/p>\n<div style='margin-bottom: 30px;'>\n<h3 style='font-size: 22px; border-bottom: 2px solid currentColor; padding-bottom: 5px; margin-top: 0; color: inherit; opacity: 0.8;'>Beneficios<\/h3>\n<ul style='padding-left: 20px; font-size: 15px; color: inherit;'>\n<li style='margin-bottom: 5px;'>Protecci\u00f3n para 16 corridas de c\u00e1mara en una unidad de rack de 1U<\/li>\n<li style='margin-bottom: 5px;'>Voltaje de sujeci\u00f3n ajustado para protecci\u00f3n superior<\/li>\n<li style='margin-bottom: 5px;'>Permite funcionamiento continuo de equipos cr\u00edticos de CCTV<\/li>\n<li style='margin-bottom: 5px;'>Dise\u00f1o compacto para f\u00e1cil instalaci\u00f3n en rack<\/li>\n<li style='margin-bottom: 5px;'>Protecci\u00f3n por debajo del umbral de da\u00f1os del DVR<\/li>\n<\/ul><\/div>\n<p> <!-- Separador --> <\/p>\n<hr style='border: 0; border-top: 1px solid rgba(150&comma; 150&comma; 150&comma; 0.3); margin: 30px 0;'> <\/div>\n","protected":false},"excerpt":{"rendered":"<p>Protector de l\u00ednea de video de 16 canales, 1U, conexi\u00f3n BNC coaxial entra\/sale, sujeci\u00f3n 2.8 V<\/p>\n","protected":false},"featured_media":111145,"comment_status":"open","ping_status":"closed","template":"","meta":[],"product_brand":[],"product_cat":[2369],"product_tag":[545,534,898],"class_list":{"0":"post-111146","1":"product","2":"type-product","3":"status-publish","4":"has-post-thumbnail","6":"product_cat-coaxial-proteccion-contra-descargas-videovigilancia","7":"product_tag-coaxial","8":"product_tag-ditek","9":"product_tag-proteccion-contra-descargas","11":"first","12":"outofstock","13":"sale","14":"shipping-taxable","15":"purchasable","16":"product-type-simple"},"_links":{"self":[{"href":"https:\/\/soydeaqui.ddns.net\/pachuca\/index.php\/wp-json\/wp\/v2\/product\/111146","targetHints":{"allow":["GET"]}}],"collection":[{"href":"https:\/\/soydeaqui.ddns.net\/pachuca\/index.php\/wp-json\/wp\/v2\/product"}],"about":[{"href":"https:\/\/soydeaqui.ddns.net\/pachuca\/index.php\/wp-json\/wp\/v2\/types\/product"}],"replies":[{"embeddable":true,"href":"https:\/\/soydeaqui.ddns.net\/pachuca\/index.php\/wp-json\/wp\/v2\/comments?post=111146"}],"wp:featuredmedia":[{"embeddable":true,"href":"https:\/\/soydeaqui.ddns.net\/pachuca\/index.php\/wp-json\/wp\/v2\/media\/111145"}],"wp:attachment":[{"href":"https:\/\/soydeaqui.ddns.net\/pachuca\/index.php\/wp-json\/wp\/v2\/media?parent=111146"}],"wp:term":[{"taxonomy":"product_brand","embeddable":true,"href":"https:\/\/soydeaqui.ddns.net\/pachuca\/index.php\/wp-json\/wp\/v2\/product_brand?post=111146"},{"taxonomy":"product_cat","embeddable":true,"href":"https:\/\/soydeaqui.ddns.net\/pachuca\/index.php\/wp-json\/wp\/v2\/product_cat?post=111146"},{"taxonomy":"product_tag","embeddable":true,"href":"https:\/\/soydeaqui.ddns.net\/pachuca\/index.php\/wp-json\/wp\/v2\/product_tag?post=111146"}],"curies":[{"name":"wp","href":"https:\/\/api.w.org\/{rel}","templated":true}]}}