{"id":111144,"date":"2026-03-20T20:30:24","date_gmt":"2026-03-20T20:30:24","guid":{"rendered":"https:\/\/soydeaqui.ddns.net\/pachuca\/index.php\/producto\/protector-para-camara-ip-de-puerto-rj45-y-24-vca-2\/"},"modified":"2026-03-20T20:30:26","modified_gmt":"2026-03-20T20:30:26","slug":"protector-para-camara-ip-de-puerto-rj45-y-24-vca-2","status":"publish","type":"product","link":"https:\/\/soydeaqui.ddns.net\/pachuca\/index.php\/producto\/protector-para-camara-ip-de-puerto-rj45-y-24-vca-2\/","title":{"rendered":"Protector para C\u00e1mara IP de puerto RJ45 y 24 Vca"},"content":{"rendered":"<div style='width: 100%; max-width: 1200px; margin: 0 auto; font-family: sans-serif; line-height: 1.6; color: inherit; background-color: transparent;'> <!-- Secci\u00f3n de descripci\u00f3n general --> <\/p>\n<div style='margin-bottom: 30px;'>\n<h3 style='font-size: 22px; border-bottom: 2px solid currentColor; padding-bottom: 5px; margin-top: 0; color: inherit; opacity: 0.8;'>Descripci\u00f3n General<\/h3>\n<p style='font-size: 15px; color: inherit; margin-bottom: 15px;'>Protecci\u00f3n para c\u00e1maras IP\/PoE con protecci\u00f3n de alimentaci\u00f3n&comma; datos y v\u00eddeo en un solo dispositivo. Dise\u00f1ado para aplicaciones de vigilancia con transmisi\u00f3n de datos Gigabit Ethernet y alimentaci\u00f3n 12V\/24V.<\/p>\n<p style='font-size: 15px; color: inherit; margin-bottom: 15px;'>Protege contra sobretensiones en cuatro pares de datos y dos pares de alimentaci\u00f3n. Se reinicia autom\u00e1ticamente despu\u00e9s de eventos de sobretensi\u00f3n.<\/p>\n<\/p><\/div>\n<p> <!-- Secci\u00f3n de caracter\u00edsticas principales --> <\/p>\n<div style='display: flex; flex-wrap: wrap; gap: 30px; margin-bottom: 30px;'>\n<div style='flex: 1 1 300px; min-width: 280px;'>\n<h3 style='font-size: 22px; border-bottom: 2px solid currentColor; padding-bottom: 5px; margin-top: 0; color: inherit; opacity: 0.8;'>Caracter\u00edsticas T\u00e9cnicas<\/h3>\n<ul style='padding-left: 20px; font-size: 15px; color: inherit;'>\n<li style='margin-bottom: 5px;'>Conexi\u00f3n RJ45 protege los cuatro pares de datos y v\u00eddeo<\/li>\n<li style='margin-bottom: 5px;'>Dos pares de protecci\u00f3n de la alimentaci\u00f3n<\/li>\n<li style='margin-bottom: 5px;'>Tornillo externo para conexi\u00f3n a tierra directa<\/li>\n<li style='margin-bottom: 5px;'>Se conforma a est\u00e1ndares EIA\/TIA568A y EIA\/TIA568B<\/li>\n<li style='margin-bottom: 5px;'>Transmisi\u00f3n de datos a velocidad Gigabit Ethernet<\/li>\n<li style='margin-bottom: 5px;'>Protecci\u00f3n para alimentaci\u00f3n de 12V o 24V<\/li>\n<\/ul><\/div>\n<div style='flex: 1 1 300px; min-width: 280px;'>\n<h3 style='font-size: 22px; border-bottom: 2px solid currentColor; padding-bottom: 5px; margin-top: 0; color: inherit; opacity: 0.8;'>Especificaciones<\/h3>\n<ul style='padding-left: 20px; font-size: 15px; color: inherit;'>\n<li style='margin-bottom: 5px;'><strong>Tensi\u00f3n de servicio:<\/strong> 48V \/ 12V \/ 24V<\/li>\n<li style='margin-bottom: 5px;'><strong>Tensi\u00f3n operativa:<\/strong> 64V \/ 38V<\/li>\n<li style='margin-bottom: 5px;'><strong>Corriente m\u00e1xima:<\/strong> 1.5A Video\/Datos&comma; 5A Alimentaci\u00f3n<\/li>\n<li style='margin-bottom: 5px;'><strong>Temperatura operativa:<\/strong> -40\u00b0C a 70\u00b0C<\/li>\n<li style='margin-bottom: 5px;'><strong>Humedad m\u00e1xima:<\/strong> 95% sin condensaci\u00f3n<\/li>\n<li style='margin-bottom: 5px;'><strong>Dimensiones:<\/strong> 4.2&#8242; x 3.25&#8242; x 1.75&#8242; (107 x 83 x 44mm)<\/li>\n<li style='margin-bottom: 5px;'><strong>Peso:<\/strong> 5oz (141g)<\/li>\n<\/ul><\/div>\n<\/p><\/div>\n<p> <!-- Secci\u00f3n de protecci\u00f3n y rendimiento --> <\/p>\n<div style='display: flex; flex-wrap: wrap; gap: 20px; margin-bottom: 30px;'>\n<div style='flex: 1 1 250px; border: 1px solid rgba(150&comma; 150&comma; 150&comma; 0.4); border-radius: 8px; overflow: hidden; display: flex; flex-direction: column;'>\n<div style='padding: 15px; border-bottom: 1px solid rgba(150&comma; 150&comma; 150&comma; 0.2); font-weight: bold; font-size: 18px; color: inherit;'>Protecci\u00f3n<\/div>\n<div style='padding: 15px; color: inherit;'>\n<ul style='padding-left: 20px; margin: 0; font-size: 14px; list-style-type: disc;'>\n<li style='margin-bottom: 5px;'><strong>Modo de protecci\u00f3n:<\/strong> Line-Ground (All)<\/li>\n<li style='margin-bottom: 5px;'><strong>Protecci\u00f3n de tensi\u00f3n:<\/strong> 72V \/ 47V<\/li>\n<li style='margin-bottom: 5px;'><strong>Pico de corriente:<\/strong> 30A\/par (10\/1000\u00b5s)&comma; 2&comma;000A\/par (8\/20\u00b5s)<\/li>\n<\/ul><\/div>\n<\/p><\/div>\n<div style='flex: 1 1 250px; border: 1px solid rgba(150&comma; 150&comma; 150&comma; 0.4); border-radius: 8px; overflow: hidden; display: flex; flex-direction: column;'>\n<div style='padding: 15px; border-bottom: 1px solid rgba(150&comma; 150&comma; 150&comma; 0.2); font-weight: bold; font-size: 18px; color: inherit;'>Conexiones<\/div>\n<div style='padding: 15px; color: inherit;'>\n<ul style='padding-left: 20px; margin: 0; font-size: 14px; list-style-type: disc;'>\n<li style='margin-bottom: 5px;'><strong>Video\/Datos:<\/strong> RJ45 In\/Out&comma; 8 pines<\/li>\n<li style='margin-bottom: 5px;'><strong>Alimentaci\u00f3n:<\/strong> #22-#14AWG terminal de tornillos<\/li>\n<\/ul><\/div>\n<\/p><\/div>\n<div style='flex: 1 1 250px; border: 1px solid rgba(150&comma; 150&comma; 150&comma; 0.4); border-radius: 8px; overflow: hidden; display: flex; flex-direction: column;'>\n<div style='padding: 15px; border-bottom: 1px solid rgba(150&comma; 150&comma; 150&comma; 0.2); font-weight: bold; font-size: 18px; color: inherit;'>Caracter\u00edsticas F\u00edsicas<\/div>\n<div style='padding: 15px; color: inherit;'>\n<ul style='padding-left: 20px; margin: 0; font-size: 14px; list-style-type: disc;'>\n<li style='margin-bottom: 5px;'><strong>Carcasa:<\/strong> ABS (termopl\u00e1stico)<\/li>\n<li style='margin-bottom: 5px;'><strong>Garant\u00eda:<\/strong> Limitada de 10 a\u00f1os<\/li>\n<\/ul><\/div>\n<\/p><\/div>\n<\/p><\/div>\n<p> <!-- Separador --> <\/p>\n<hr style='border: 0; border-top: 1px solid rgba(150&comma; 150&comma; 150&comma; 0.3); margin: 30px 0;'> <!-- Secci\u00f3n de aplicaciones --> <\/p>\n<div style='margin-bottom: 30px;'>\n<h3 style='font-size: 22px; border-bottom: 2px solid currentColor; padding-bottom: 5px; margin-top: 0; color: inherit; opacity: 0.8;'>Aplicaciones<\/h3>\n<ul style='padding-left: 20px; font-size: 15px; color: inherit;'>\n<li style='margin-bottom: 5px;'>Protecci\u00f3n para c\u00e1maras IP\/PoE en sistemas de vigilancia<\/li>\n<li style='margin-bottom: 5px;'>Protecci\u00f3n de conexi\u00f3n de alimentaci\u00f3n y datos en un solo dispositivo<\/li>\n<li style='margin-bottom: 5px;'>Ideal para uso en exteriores por rango amplio de temperatura<\/li>\n<li style='margin-bottom: 5px;'>Instalaci\u00f3n en puntos de c\u00e1mara o en fuente de alimentaci\u00f3n hacia NVR<\/li>\n<\/ul><\/div>\n<p> <!-- Secci\u00f3n de compatibilidad --> <\/p>\n<div style='margin-bottom: 30px;'>\n<h3 style='font-size: 22px; border-bottom: 2px solid currentColor; padding-bottom: 5px; margin-top: 0; color: inherit; opacity: 0.8;'>Compatibilidad<\/h3>\n<ul style='padding-left: 20px; font-size: 15px; color: inherit;'>\n<li style='margin-bottom: 5px;'>Conexi\u00f3n directa a c\u00e1maras con est\u00e1ndar PoE<\/li>\n<li style='margin-bottom: 5px;'>Compatible con NVRs y equipos de red<\/li>\n<li style='margin-bottom: 5px;'>Soporta est\u00e1ndares EIA\/TIA568A y EIA\/TIA568B<\/li>\n<\/ul><\/div>\n<\/p><\/div>\n","protected":false},"excerpt":{"rendered":"<p>Protector para C\u00e1mara IP de puerto RJ45 y 24 Vca<\/p>\n","protected":false},"featured_media":77380,"comment_status":"open","ping_status":"closed","template":"","meta":[],"product_brand":[],"product_cat":[953],"product_tag":[534,898,954],"class_list":{"0":"post-111144","1":"product","2":"type-product","3":"status-publish","4":"has-post-thumbnail","6":"product_cat-redes","7":"product_tag-ditek","8":"product_tag-proteccion-contra-descargas","9":"product_tag-redes","11":"first","12":"outofstock","13":"sale","14":"shipping-taxable","15":"purchasable","16":"product-type-simple"},"_links":{"self":[{"href":"https:\/\/soydeaqui.ddns.net\/pachuca\/index.php\/wp-json\/wp\/v2\/product\/111144","targetHints":{"allow":["GET"]}}],"collection":[{"href":"https:\/\/soydeaqui.ddns.net\/pachuca\/index.php\/wp-json\/wp\/v2\/product"}],"about":[{"href":"https:\/\/soydeaqui.ddns.net\/pachuca\/index.php\/wp-json\/wp\/v2\/types\/product"}],"replies":[{"embeddable":true,"href":"https:\/\/soydeaqui.ddns.net\/pachuca\/index.php\/wp-json\/wp\/v2\/comments?post=111144"}],"wp:featuredmedia":[{"embeddable":true,"href":"https:\/\/soydeaqui.ddns.net\/pachuca\/index.php\/wp-json\/wp\/v2\/media\/77380"}],"wp:attachment":[{"href":"https:\/\/soydeaqui.ddns.net\/pachuca\/index.php\/wp-json\/wp\/v2\/media?parent=111144"}],"wp:term":[{"taxonomy":"product_brand","embeddable":true,"href":"https:\/\/soydeaqui.ddns.net\/pachuca\/index.php\/wp-json\/wp\/v2\/product_brand?post=111144"},{"taxonomy":"product_cat","embeddable":true,"href":"https:\/\/soydeaqui.ddns.net\/pachuca\/index.php\/wp-json\/wp\/v2\/product_cat?post=111144"},{"taxonomy":"product_tag","embeddable":true,"href":"https:\/\/soydeaqui.ddns.net\/pachuca\/index.php\/wp-json\/wp\/v2\/product_tag?post=111144"}],"curies":[{"name":"wp","href":"https:\/\/api.w.org\/{rel}","templated":true}]}}