{"id":111135,"date":"2026-03-20T20:29:55","date_gmt":"2026-03-20T20:29:55","guid":{"rendered":"https:\/\/soydeaqui.ddns.net\/pachuca\/index.php\/producto\/protector-para-alimentacion-datos-y-video-para-camara-ptz-de-12-vcc-24-vca-conector-bnc-y-terminal\/"},"modified":"2026-03-20T20:29:57","modified_gmt":"2026-03-20T20:29:57","slug":"protector-para-alimentacion-datos-y-video-para-camara-ptz-de-12-vcc-24-vca-conector-bnc-y-terminal","status":"publish","type":"product","link":"https:\/\/soydeaqui.ddns.net\/pachuca\/index.php\/producto\/protector-para-alimentacion-datos-y-video-para-camara-ptz-de-12-vcc-24-vca-conector-bnc-y-terminal\/","title":{"rendered":"Protector para alimentaci\u00f3n, datos y video para c\u00e1mara PTZ de 12 Vcc-24 Vca, conector BNC y terminal"},"content":{"rendered":"<div style='width: 100%; max-width: 1200px; margin: 0 auto; font-family: sans-serif; line-height: 1.6; color: inherit; background-color: transparent;'>\n<div style='display: flex; flex-wrap: wrap; gap: 30px; margin-bottom: 30px;'>\n<div style='flex: 1 1 300px; min-width: 280px;'>\n<h3 style='font-size: 22px; border-bottom: 2px solid currentColor; padding-bottom: 5px; margin-top: 0; color: inherit; opacity: 0.8;'>Caracter\u00edsticas Principales<\/h3>\n<ul style='padding-left: 20px; font-size: 15px; color: inherit;'>\n<li style='margin-bottom: 5px;'>Protecci\u00f3n para alimentaci\u00f3n&comma; video y datos en c\u00e1maras PTZ<\/li>\n<li style='margin-bottom: 5px;'>Protecci\u00f3n para 12 Vcc y 24 Vca<\/li>\n<li style='margin-bottom: 5px;'>Conector BNC y terminales de tornillo<\/li>\n<li style='margin-bottom: 5px;'>Tecnolog\u00eda SAD de multi-etapa<\/li>\n<li style='margin-bottom: 5px;'>\u00danico punto de tierra<\/li>\n<li style='margin-bottom: 5px;'>Garant\u00eda Limitada de 10 A\u00f1os<\/li>\n<\/ul><\/div>\n<div style='flex: 1 1 300px; min-width: 280px;'>\n<h3 style='font-size: 22px; border-bottom: 2px solid currentColor; padding-bottom: 5px; margin-top: 0; color: inherit; opacity: 0.8;'>Aplicaciones<\/h3>\n<ul style='padding-left: 20px; font-size: 15px; color: inherit;'>\n<li style='margin-bottom: 5px;'>Protecci\u00f3n de c\u00e1maras PTZ sensibles<\/li>\n<li style='margin-bottom: 5px;'>Protecci\u00f3n de circuitos de alimentaci\u00f3n&comma; video y datos<\/li>\n<li style='margin-bottom: 5px;'>Instalaciones con conectores BNC<\/li>\n<li style='margin-bottom: 5px;'>Sistemas de seguridad con c\u00e1maras PTZ<\/li>\n<\/ul><\/div>\n<\/p><\/div>\n<div style='display: flex; flex-wrap: wrap; gap: 20px; margin-bottom: 30px;'>\n<div style='flex: 1 1 250px; border: 1px solid rgba(150&comma; 150&comma; 150&comma; 0.4); border-radius: 8px; overflow: hidden; display: flex; flex-direction: column;'>\n<div style='padding: 15px; border-bottom: 1px solid rgba(150&comma; 150&comma; 150&comma; 0.2); font-weight: bold; font-size: 18px; color: inherit;'>Protecci\u00f3n El\u00e9ctrica<\/div>\n<div style='padding: 15px; color: inherit;'>\n<ul style='padding-left: 20px; margin: 0; font-size: 14px; list-style-type: disc;'>\n<li style='margin-bottom: 5px;'><strong>Alimentaci\u00f3n:<\/strong> 24 Vca \/ 12 Vcc<\/li>\n<li style='margin-bottom: 5px;'><strong>Corriente:<\/strong> 5 Amperios<\/li>\n<li style='margin-bottom: 5px;'><strong>Video:<\/strong> Hasta 10 MHz<\/li>\n<li style='margin-bottom: 5px;'><strong>Datos:<\/strong> RS-422<\/li>\n<li style='margin-bottom: 5px;'><strong>Voltaje de sujeci\u00f3n video:<\/strong> 2.8VDC<\/li>\n<li style='margin-bottom: 5px;'><strong>Voltaje de sujeci\u00f3n datos:<\/strong> 6.8VDC<\/li>\n<\/ul><\/div>\n<\/p><\/div>\n<div style='flex: 1 1 250px; border: 1px solid rgba(150&comma; 150&comma; 150&comma; 0.4); border-radius: 8px; overflow: hidden; display: flex; flex-direction: column;'>\n<div style='padding: 15px; border-bottom: 1px solid rgba(150&comma; 150&comma; 150&comma; 0.2); font-weight: bold; font-size: 18px; color: inherit;'>Caracter\u00edsticas F\u00edsicas<\/div>\n<div style='padding: 15px; color: inherit;'>\n<ul style='padding-left: 20px; margin: 0; font-size: 14px; list-style-type: disc;'>\n<li style='margin-bottom: 5px;'><strong>Dimensiones:<\/strong> 3.86&#8242; x 2.09&#8242; x 1.37&#8242; (98mm x 53mm x 35mm)<\/li>\n<li style='margin-bottom: 5px;'><strong>Peso:<\/strong> 2.56 onzas (73 gramos)<\/li>\n<li style='margin-bottom: 5px;'><strong>Temperatura de operaci\u00f3n:<\/strong> -40\u00b0C a 70\u00b0C<\/li>\n<li style='margin-bottom: 5px;'><strong>Carcasa:<\/strong> ABS (termopl\u00e1stico)<\/li>\n<\/ul><\/div>\n<\/p><\/div>\n<div style='flex: 1 1 250px; border: 1px solid rgba(150&comma; 150&comma; 150&comma; 0.4); border-radius: 8px; overflow: hidden; display: flex; flex-direction: column;'>\n<div style='padding: 15px; border-bottom: 1px solid rgba(150&comma; 150&comma; 150&comma; 0.2); font-weight: bold; font-size: 18px; color: inherit;'>Protecci\u00f3n contra Sobretensiones<\/div>\n<div style='padding: 15px; color: inherit;'>\n<ul style='padding-left: 20px; margin: 0; font-size: 14px; list-style-type: disc;'>\n<li style='margin-bottom: 5px;'><strong>Video:<\/strong> 10&comma;000A (10\/1000\u00b5s)<\/li>\n<li style='margin-bottom: 5px;'><strong>Alimentaci\u00f3n:<\/strong> 2&comma;000A (8\/20\u00b5s)<\/li>\n<li style='margin-bottom: 5px;'><strong>Datos:<\/strong> 114A (10\/1000\u00b5s)<\/li>\n<li style='margin-bottom: 5px;'><strong>Tiempo de respuesta:<\/strong> <1 picosegundo<\/li>\n<\/ul><\/div>\n<\/p><\/div>\n<\/p><\/div>\n<div style='display: flex; flex-wrap: wrap; gap: 30px; margin-bottom: 30px;'>\n<div style='flex: 1 1 300px; min-width: 280px;'>\n<h3 style='font-size: 22px; border-bottom: 2px solid currentColor; padding-bottom: 5px; margin-top: 0; color: inherit; opacity: 0.8;'>Compatibilidad<\/h3>\n<ul style='padding-left: 20px; font-size: 15px; color: inherit;'>\n<li style='margin-bottom: 5px;'>Conector BNC para video<\/li>\n<li style='margin-bottom: 5px;'>Terminales de tornillo #22-#14 AWG<\/li>\n<li style='margin-bottom: 5px;'>Impedancia de 75\u03a9<\/li>\n<\/ul><\/div>\n<\/p><\/div>\n<div style='display: flex; flex-wrap: wrap; gap: 30px; margin-bottom: 30px;'>\n<div style='flex: 1 1 300px; min-width: 280px;'>\n<h3 style='font-size: 22px; border-bottom: 2px solid currentColor; padding-bottom: 5px; margin-top: 0; color: inherit; opacity: 0.8;'>Selector de Producto<\/h3>\n<ul style='padding-left: 20px; font-size: 15px; color: inherit;'>\n<li style='margin-bottom: 5px;'>C\u00e1maras PTZ con Coax: DTK-DP4P<\/li>\n<li style='margin-bottom: 5px;'>C\u00e1maras PTZ con Balun: DTK-DP4PBP<\/li>\n<li style='margin-bottom: 5px;'>C\u00e1maras PTZ con Par Trenzado: DTK-DP4PTPV<\/li>\n<\/ul><\/div>\n<\/p><\/div>\n<div style='display: flex; flex-wrap: wrap; gap: 30px; margin-bottom: 30px;'>\n<div style='flex: 1 1 300px; min-width: 280px;'>\n<h3 style='font-size: 22px; border-bottom: 2px solid currentColor; padding-bottom: 5px; margin-top: 0; color: inherit; opacity: 0.8;'>Conexiones<\/h3>\n<ul style='padding-left: 20px; font-size: 15px; color: inherit;'>\n<li style='margin-bottom: 5px;'>BNC a terminales #22-#14 AWG<\/li>\n<li style='margin-bottom: 5px;'>Conexi\u00f3n de alimentaci\u00f3n\/datos por terminales de tornillo<\/li>\n<li style='margin-bottom: 5px;'>Video: BNC<\/li>\n<\/ul><\/div>\n<\/p><\/div>\n<div style='display: flex; flex-wrap: wrap; gap: 30px; margin-bottom: 30px;'>\n<div style='flex: 1 1 300px; min-width: 280px;'>\n<h3 style='font-size: 22px; border-bottom: 2px solid currentColor; padding-bottom: 5px; margin-top: 0; color: inherit; opacity: 0.8;'>Especificaciones de Rendimiento<\/h3>\n<ul style='padding-left: 20px; font-size: 15px; color: inherit;'>\n<li style='margin-bottom: 5px;'><strong>P\u00e9rdida de inserci\u00f3n:<\/strong> <2dB hasta 8MHz<\/li>\n<li style='margin-bottom: 5px;'><strong>P\u00e9rdida de retorno:<\/strong> >15dB hasta 8MHz<\/li>\n<li style='margin-bottom: 5px;'><strong>Rechazo en modo com\u00fan:<\/strong> >40dB @ 8MHz<\/li>\n<\/ul><\/div>\n<\/p><\/div>\n<div style='display: flex; flex-wrap: wrap; gap: 30px; margin-bottom: 30px;'>\n<div style='flex: 1 1 300px; min-width: 280px;'>\n<h3 style='font-size: 22px; border-bottom: 2px solid currentColor; padding-bottom: 5px; margin-top: 0; color: inherit; opacity: 0.8;'>Modos de Protecci\u00f3n<\/h3>\n<ul style='padding-left: 20px; font-size: 15px; color: inherit;'>\n<li style='margin-bottom: 5px;'>Video: Centro a escudo y escudo a tierra<\/li>\n<li style='margin-bottom: 5px;'>Alimentaci\u00f3n\/Datos: Todas las l\u00edneas a tierra<\/li>\n<\/ul><\/div>\n<\/p><\/div>\n<div style='display: flex; flex-wrap: wrap; gap: 30px; margin-bottom: 30px;'>\n<div style='flex: 1 1 300px; min-width: 280px;'>\n<h3 style='font-size: 22px; border-bottom: 2px solid currentColor; padding-bottom: 5px; margin-top: 0; color: inherit; opacity: 0.8;'>Instalaci\u00f3n<\/h3>\n<ul style='padding-left: 20px; font-size: 15px; color: inherit;'>\n<li style='margin-bottom: 5px;'>Dise\u00f1o compacto para f\u00e1cil instalaci\u00f3n<\/li>\n<li style='margin-bottom: 5px;'>Punto de tierra integrado<\/li>\n<li style='margin-bottom: 5px;'>Instalaci\u00f3n en ruta de alimentaci\u00f3n y se\u00f1al a la c\u00e1mara PTZ<\/li>\n<\/ul><\/div>\n<\/p><\/div>\n<div style='display: flex; flex-wrap: wrap; gap: 30px; margin-bottom: 30px;'>\n<div style='flex: 1 1 300px; min-width: 280px;'>\n<h3 style='font-size: 22px; border-bottom: 2px solid currentColor; padding-bottom: 5px; margin-top: 0; color: inherit; opacity: 0.8;'>Modelos Disponibles<\/h3>\n<ul style='padding-left: 20px; font-size: 15px; color: inherit;'>\n<li style='margin-bottom: 5px;'>DTK-DP4P &#8211; Para conexi\u00f3n con coaxial<\/li>\n<li style='margin-bottom: 5px;'>DTK-DP4PBP &#8211; Con conversi\u00f3n Balun pasivo<\/li>\n<li style='margin-bottom: 5px;'>DTK-DP4PTPV &#8211; Para par trenzado<\/li>\n<\/ul><\/div>\n<\/p><\/div>\n<div style='display: flex; flex-wrap: wrap; gap: 30px; margin-bottom: 30px;'>\n<div style='flex: 1 1 300px; min-width: 280px;'>\n<h3 style='font-size: 22px; border-bottom: 2px solid currentColor; padding-bottom: 5px; margin-top: 0; color: inherit; opacity: 0.8;'>Diagrama<\/h3>\n<div style='margin-top: 15px;'> <img style='width: 100%; height: auto; border: 1px solid rgba(150&comma;150&comma;150&comma;0.3); border-radius: 8px;' src='http:\/\/ftp3.syscom.mx\/usuarios\/ftp\/downloads\/protector_bnc.png' alt='Diagrama del protector DTK-DP4P'> <\/div>\n<\/p><\/div>\n<\/p><\/div>\n<\/p><\/div>\n","protected":false},"excerpt":{"rendered":"<p>Protector para alimentaci\u00f3n, datos y video para c\u00e1mara PTZ de 12 Vcc-24 Vca, conector BNC y terminal<\/p>\n","protected":false},"featured_media":111134,"comment_status":"open","ping_status":"closed","template":"","meta":[],"product_brand":[],"product_cat":[1334],"product_tag":[545,534,898],"class_list":{"0":"post-111135","1":"product","2":"type-product","3":"status-publish","4":"has-post-thumbnail","6":"product_cat-coaxial-proteccion-contra-descargas","7":"product_tag-coaxial","8":"product_tag-ditek","9":"product_tag-proteccion-contra-descargas","11":"first","12":"outofstock","13":"sale","14":"shipping-taxable","15":"purchasable","16":"product-type-simple"},"_links":{"self":[{"href":"https:\/\/soydeaqui.ddns.net\/pachuca\/index.php\/wp-json\/wp\/v2\/product\/111135","targetHints":{"allow":["GET"]}}],"collection":[{"href":"https:\/\/soydeaqui.ddns.net\/pachuca\/index.php\/wp-json\/wp\/v2\/product"}],"about":[{"href":"https:\/\/soydeaqui.ddns.net\/pachuca\/index.php\/wp-json\/wp\/v2\/types\/product"}],"replies":[{"embeddable":true,"href":"https:\/\/soydeaqui.ddns.net\/pachuca\/index.php\/wp-json\/wp\/v2\/comments?post=111135"}],"wp:featuredmedia":[{"embeddable":true,"href":"https:\/\/soydeaqui.ddns.net\/pachuca\/index.php\/wp-json\/wp\/v2\/media\/111134"}],"wp:attachment":[{"href":"https:\/\/soydeaqui.ddns.net\/pachuca\/index.php\/wp-json\/wp\/v2\/media?parent=111135"}],"wp:term":[{"taxonomy":"product_brand","embeddable":true,"href":"https:\/\/soydeaqui.ddns.net\/pachuca\/index.php\/wp-json\/wp\/v2\/product_brand?post=111135"},{"taxonomy":"product_cat","embeddable":true,"href":"https:\/\/soydeaqui.ddns.net\/pachuca\/index.php\/wp-json\/wp\/v2\/product_cat?post=111135"},{"taxonomy":"product_tag","embeddable":true,"href":"https:\/\/soydeaqui.ddns.net\/pachuca\/index.php\/wp-json\/wp\/v2\/product_tag?post=111135"}],"curies":[{"name":"wp","href":"https:\/\/api.w.org\/{rel}","templated":true}]}}